[INFO] cloning repository https://github.com/bgmarx/rltk
[INFO] running `Command { std: "git" "-c" "credential.helper=" "-c" "credential.helper=/workspace/cargo-home/bin/git-credential-null" "clone" "--bare" "https://github.com/bgmarx/rltk" "/workspace/cache/git-repos/https%3A%2F%2Fgithub.com%2Fbgmarx%2Frltk", kill_on_drop: false }`
[INFO] [stderr] Cloning into bare repository '/workspace/cache/git-repos/https%3A%2F%2Fgithub.com%2Fbgmarx%2Frltk'...
[INFO] running `Command { std: "git" "rev-parse" "HEAD", kill_on_drop: false }`
[INFO] [stdout] 8651bae4bca7f56316d3bb694f610367cdefba8f
[INFO] checking bgmarx/rltk against beta-2020-07-24 for pr-75494-beta
[INFO] running `Command { std: "git" "clone" "/workspace/cache/git-repos/https%3A%2F%2Fgithub.com%2Fbgmarx%2Frltk" "/workspace/builds/worker-9/source", kill_on_drop: false }`
[INFO] [stderr] Cloning into '/workspace/builds/worker-9/source'...
[INFO] [stderr] done.
[INFO] validating manifest of git repo https://github.com/bgmarx/rltk on toolchain beta-2020-07-24
[INFO] running `Command { std: "/workspace/cargo-home/bin/cargo" "+beta-2020-07-24" "read-manifest" "--manifest-path" "Cargo.toml", kill_on_drop: false }`
[INFO] started tweaking git repo https://github.com/bgmarx/rltk
[INFO] finished tweaking git repo https://github.com/bgmarx/rltk
[INFO] tweaked toml for git repo https://github.com/bgmarx/rltk written to /workspace/builds/worker-9/source/Cargo.toml
[INFO] crate git repo https://github.com/bgmarx/rltk already has a lockfile, it will not be regenerated
[INFO] running `Command { std: "/workspace/cargo-home/bin/cargo" "+beta-2020-07-24" "fetch" "--locked" "--manifest-path" "Cargo.toml", kill_on_drop: false }`
[INFO] [stderr]     Blocking waiting for file lock on package cache
[INFO] [stderr]     Blocking waiting for file lock on package cache
[INFO] running `Command { std: "docker" "create" "-v" "/var/lib/crater-agent-workspace/builds/worker-9/target:/opt/rustwide/target:rw,Z" "-v" "/var/lib/crater-agent-workspace/builds/worker-9/source:/opt/rustwide/workdir:ro,Z" "-v" "/var/lib/crater-agent-workspace/cargo-home:/opt/rustwide/cargo-home:ro,Z" "-v" "/var/lib/crater-agent-workspace/rustup-home:/opt/rustwide/rustup-home:ro,Z" "-e" "SOURCE_DIR=/opt/rustwide/workdir" "-e" "CARGO_TARGET_DIR=/opt/rustwide/target" "-e" "CARGO_HOME=/opt/rustwide/cargo-home" "-e" "RUSTUP_HOME=/opt/rustwide/rustup-home" "-w" "/opt/rustwide/workdir" "-m" "1610612736" "--user" "0:0" "--network" "none" "rustops/crates-build-env@sha256:a636fd89d022f18117e1dc8fb37a0a009933cdbbe082814857f0e2024962d47c" "/opt/rustwide/cargo-home/bin/cargo" "+beta-2020-07-24" "metadata" "--no-deps" "--format-version=1", kill_on_drop: false }`
[INFO] [stdout] 998e6ee8bda5c67a07b0c4140eb00c914a047a817d219ecf6d9bf610df837da6
[INFO] [stderr] WARNING: Your kernel does not support swap limit capabilities or the cgroup is not mounted. Memory limited without swap.
[INFO] running `Command { std: "docker" "start" "-a" "998e6ee8bda5c67a07b0c4140eb00c914a047a817d219ecf6d9bf610df837da6", kill_on_drop: false }`
[INFO] running `Command { std: "docker" "inspect" "998e6ee8bda5c67a07b0c4140eb00c914a047a817d219ecf6d9bf610df837da6", kill_on_drop: false }`
[INFO] running `Command { std: "docker" "rm" "-f" "998e6ee8bda5c67a07b0c4140eb00c914a047a817d219ecf6d9bf610df837da6", kill_on_drop: false }`
[INFO] [stdout] 998e6ee8bda5c67a07b0c4140eb00c914a047a817d219ecf6d9bf610df837da6
[INFO] running `Command { std: "docker" "create" "-v" "/var/lib/crater-agent-workspace/builds/worker-9/target:/opt/rustwide/target:rw,Z" "-v" "/var/lib/crater-agent-workspace/builds/worker-9/source:/opt/rustwide/workdir:ro,Z" "-v" "/var/lib/crater-agent-workspace/cargo-home:/opt/rustwide/cargo-home:ro,Z" "-v" "/var/lib/crater-agent-workspace/rustup-home:/opt/rustwide/rustup-home:ro,Z" "-e" "SOURCE_DIR=/opt/rustwide/workdir" "-e" "CARGO_TARGET_DIR=/opt/rustwide/target" "-e" "CARGO_INCREMENTAL=0" "-e" "RUST_BACKTRACE=full" "-e" "RUSTFLAGS=--cap-lints=forbid" "-e" "CARGO_HOME=/opt/rustwide/cargo-home" "-e" "RUSTUP_HOME=/opt/rustwide/rustup-home" "-w" "/opt/rustwide/workdir" "-m" "1610612736" "--user" "0:0" "--network" "none" "rustops/crates-build-env@sha256:a636fd89d022f18117e1dc8fb37a0a009933cdbbe082814857f0e2024962d47c" "/opt/rustwide/cargo-home/bin/cargo" "+beta-2020-07-24" "check" "--frozen" "--all" "--all-targets" "--message-format=json", kill_on_drop: false }`
[INFO] [stdout] 84fb54814a6d022bc1e14c7f3a0725a12eeb1ea761ce6231d5188e661263d469
[INFO] [stderr] WARNING: Your kernel does not support swap limit capabilities or the cgroup is not mounted. Memory limited without swap.
[INFO] running `Command { std: "docker" "start" "-a" "84fb54814a6d022bc1e14c7f3a0725a12eeb1ea761ce6231d5188e661263d469", kill_on_drop: false }`
[INFO] [stderr]    Compiling libc v0.2.66
[INFO] [stderr]    Compiling log v0.4.8
[INFO] [stderr]    Compiling autocfg v1.0.0
[INFO] [stderr]    Compiling autocfg v0.1.7
[INFO] [stderr]    Compiling cc v1.0.50
[INFO] [stderr]    Compiling proc-macro2 v1.0.8
[INFO] [stderr]    Compiling unicode-xid v0.2.0
[INFO] [stderr]     Checking slab v0.4.2
[INFO] [stderr]    Compiling syn v1.0.14
[INFO] [stderr]     Checking lazycell v1.2.1
[INFO] [stderr]     Checking adler32 v1.0.4
[INFO] [stderr]     Checking same-file v1.0.6
[INFO] [stderr]    Compiling crc32fast v1.2.0
[INFO] [stderr]     Checking either v1.5.3
[INFO] [stderr]     Checking percent-encoding v2.1.0
[INFO] [stderr]     Checking lock_api v0.3.3
[INFO] [stderr]     Checking crossbeam-utils v0.6.6
[INFO] [stderr]     Checking thread_local v1.0.1
[INFO] [stderr]    Compiling x11-dl v2.18.4
[INFO] [stderr]    Compiling rustc_version v0.2.3
[INFO] [stderr]     Checking bitflags v1.2.1
[INFO] [stderr]     Checking walkdir v2.3.1
[INFO] [stderr]     Checking inflate v0.4.5
[INFO] [stderr]     Checking miniz_oxide v0.3.5
[INFO] [stderr]     Checking stb_truetype v0.3.1
[INFO] [stderr]     Checking deflate v0.7.20
[INFO] [stderr]     Checking jpeg-decoder v0.1.18
[INFO] [stderr]    Compiling quote v0.6.13
[INFO] [stderr]     Checking smallvec v0.6.13
[INFO] [stderr]     Checking regex v1.3.3
[INFO] [stderr]     Checking crossbeam-queue v0.1.2
[INFO] [stderr]    Compiling wayland-scanner v0.23.6
[INFO] [stderr]    Compiling syn v0.15.44
[INFO] [stderr]    Compiling crossbeam-utils v0.7.0
[INFO] [stderr]    Compiling crossbeam-epoch v0.8.0
[INFO] [stderr]    Compiling hashbrown v0.6.3
[INFO] [stderr]    Compiling memoffset v0.5.3
[INFO] [stderr]    Compiling parking_lot_core v0.6.2
[INFO] [stderr]    Compiling parking_lot v0.9.0
[INFO] [stderr]    Compiling gl_generator v0.13.1
[INFO] [stderr]    Compiling gl_generator v0.11.0
[INFO] [stderr]    Compiling num-traits v0.2.11
[INFO] [stderr]    Compiling num-integer v0.1.42
[INFO] [stderr]    Compiling num-rational v0.2.3
[INFO] [stderr]    Compiling num-iter v0.1.40
[INFO] [stderr]     Checking png v0.15.3
[INFO] [stderr]    Compiling getrandom v0.1.14
[INFO] [stderr]     Checking iovec v0.1.4
[INFO] [stderr]     Checking net2 v0.2.33
[INFO] [stderr]     Checking nix v0.14.1
[INFO] [stderr]     Checking num_cpus v1.12.0
[INFO] [stderr]     Checking parking_lot_core v0.7.0
[INFO] [stderr]     Checking memmap v0.7.0
[INFO] [stderr]     Checking shared_library v0.1.9
[INFO] [stderr]     Checking raw-window-handle v0.3.3
[INFO] [stderr]     Checking flate2 v1.0.13
[INFO] [stderr]     Checking rand_core v0.5.1
[INFO] [stderr]     Checking crossbeam-queue v0.2.1
[INFO] [stderr]    Compiling quote v1.0.2
[INFO] [stderr]     Checking parking_lot v0.10.0
[INFO] [stderr]     Checking mio v0.6.21
[INFO] [stderr]     Checking osmesa-sys v0.1.2
[INFO] [stderr]     Checking rand_chacha v0.2.1
[INFO] [stderr]     Checking rand_xorshift v0.2.0
[INFO] [stderr]    Compiling libloading v0.5.2
[INFO] [stderr]     Checking crossbeam-deque v0.7.2
[INFO] [stderr]     Checking rand v0.7.3
[INFO] [stderr]     Checking rayon-core v1.7.0
[INFO] [stderr]    Compiling glutin_glx_sys v0.1.5
[INFO] [stderr]     Checking dlib v0.4.1
[INFO] [stderr]    Compiling glutin_egl_sys v0.1.4
[INFO] [stderr]    Compiling glow v0.3.0-alpha4
[INFO] [stderr]     Checking rayon v1.3.0
[INFO] [stderr]     Checking wayland-sys v0.23.6
[INFO] [stderr]     Checking mio-extras v2.0.6
[INFO] [stderr]     Checking approx v0.3.2
[INFO] [stderr]     Checking ordered-float v1.0.2
[INFO] [stderr]     Checking line_drawing v0.7.0
[INFO] [stderr]    Compiling wayland-client v0.23.6
[INFO] [stderr]    Compiling wayland-protocols v0.23.6
[INFO] [stderr]     Checking rusttype v0.8.2
[INFO] [stderr]     Checking rusttype v0.7.9
[INFO] [stderr]     Checking andrew v0.2.1
[INFO] [stderr]     Checking image v0.22.4
[INFO] [stderr]    Compiling derivative v1.0.3
[INFO] [stderr]    Compiling specs-derive v0.4.0
[INFO] [stderr]     Checking wayland-commons v0.23.6
[INFO] [stderr]     Checking calloop v0.4.4
[INFO] [stderr]     Checking hibitset v0.6.2
[INFO] [stderr]    Compiling proc-macro-hack v0.5.11
[INFO] [stderr]    Compiling const-random-macro v0.1.8
[INFO] [stderr]     Checking const-random v0.1.8
[INFO] [stderr]     Checking ahash v0.2.18
[INFO] [stderr]     Checking shred v0.9.4
[INFO] [stderr]     Checking smithay-client-toolkit v0.6.4
[INFO] [stderr]     Checking specs v0.15.1
[INFO] [stderr]     Checking winit v0.20.0
[INFO] [stderr]     Checking glutin v0.22.0
[INFO] [stderr]     Checking rltk v0.5.17
[INFO] [stderr]     Checking rltk v0.1.0 (/opt/rustwide/workdir)
[INFO] [stdout] error[E0432]: unresolved import `super::xy_idx`
[INFO] [stdout]  --> src/player.rs:3:41
[INFO] [stdout]   |
[INFO] [stdout] 3 | use super::{Position, Player, TileType, xy_idx, State};
[INFO] [stdout]   |                                         ^^^^^^ no `xy_idx` in the root
[INFO] [stdout] 
[INFO] [stdout] 
[INFO] [stdout] error[E0425]: cannot find function `draw_map` in this scope
[INFO] [stdout]   --> src/main.rs:34:9
[INFO] [stdout]    |
[INFO] [stdout] 34 |         draw_map(&map, ctx);
[INFO] [stdout]    |         ^^^^^^^^ not found in this scope
[INFO] [stdout] 
[INFO] [stdout] 
[INFO] [stdout] error[E0425]: cannot find function `new_map_rooms_and_corridors` in this scope
[INFO] [stdout]   --> src/main.rs:54:24
[INFO] [stdout]    |
[INFO] [stdout] 54 |     let (rooms, map) = new_map_rooms_and_corridors();
[INFO] [stdout]    |                        ^^^^^^^^^^^^^^^^^^^^^^^^^^^ not found in this scope
[INFO] [stdout] 
[INFO] [stdout] 
[INFO] [stdout] warning: unused imports: `Console`, `RGB`, `RandomNumberGenerator`, `Rltk`
[INFO] [stdout]  --> src/map.rs:2:13
[INFO] [stdout]   |
[INFO] [stdout] 2 | use rltk::{ RGB, Rltk, Console, RandomNumberGenerator };
[INFO] [stdout]   |             ^^^  ^^^^  ^^^^^^^  ^^^^^^^^^^^^^^^^^^^^^
[INFO] [stdout]   |
[INFO] [stdout]   = note: `#[warn(unused_imports)]` on by default
[INFO] [stdout] 
[INFO] [stdout] 
[INFO] [stdout] error[E0432]: unresolved import `super::xy_idx`
[INFO] [stdout]  --> src/player.rs:3:41
[INFO] [stdout]   |
[INFO] [stdout] 3 | use super::{Position, Player, TileType, xy_idx, State};
[INFO] [stdout]   |                                         ^^^^^^ no `xy_idx` in the root
[INFO] [stdout] 
[INFO] [stdout] 
[INFO] [stdout] error[E0425]: cannot find function `draw_map` in this scope
[INFO] [stdout]   --> src/main.rs:34:9
[INFO] [stdout]    |
[INFO] [stdout] 34 |         draw_map(&map, ctx);
[INFO] [stdout]    |         ^^^^^^^^ not found in this scope
[INFO] [stdout] 
[INFO] [stdout] 
[INFO] [stdout] error[E0425]: cannot find function `new_map_rooms_and_corridors` in this scope
[INFO] [stdout]   --> src/main.rs:54:24
[INFO] [stdout]    |
[INFO] [stdout] 54 |     let (rooms, map) = new_map_rooms_and_corridors();
[INFO] [stdout]    |                        ^^^^^^^^^^^^^^^^^^^^^^^^^^^ not found in this scope
[INFO] [stdout] 
[INFO] [stdout] 
[INFO] [stdout] warning: unused imports: `Console`, `RGB`, `RandomNumberGenerator`, `Rltk`
[INFO] [stdout]  --> src/map.rs:2:13
[INFO] [stdout]   |
[INFO] [stdout] 2 | use rltk::{ RGB, Rltk, Console, RandomNumberGenerator };
[INFO] [stdout]   |             ^^^  ^^^^  ^^^^^^^  ^^^^^^^^^^^^^^^^^^^^^
[INFO] [stdout]   |
[INFO] [stdout]   = note: `#[warn(unused_imports)]` on by default
[INFO] [stdout] 
[INFO] [stdout] 
[INFO] [stdout] error: aborting due to 3 previous errors; 1 warning emitted
[INFO] [stdout] 
[INFO] [stdout] 
[INFO] [stdout] Some errors have detailed explanations: E0425, E0432.
[INFO] [stdout] 
[INFO] [stdout] For more information about an error, try `rustc --explain E0425`.
[INFO] [stdout] 
[INFO] [stderr] error: could not compile `rltk`.
[INFO] [stderr] 
[INFO] [stderr] To learn more, run the command again with --verbose.
[INFO] [stderr] warning: build failed, waiting for other jobs to finish...
[INFO] [stdout] error: aborting due to 3 previous errors; 1 warning emitted
[INFO] [stdout] 
[INFO] [stdout] 
[INFO] [stdout] Some errors have detailed explanations: E0425, E0432.
[INFO] [stdout] 
[INFO] [stdout] For more information about an error, try `rustc --explain E0425`.
[INFO] [stdout] 
[INFO] [stderr] error: build failed
[INFO] running `Command { std: "docker" "inspect" "84fb54814a6d022bc1e14c7f3a0725a12eeb1ea761ce6231d5188e661263d469", kill_on_drop: false }`
[INFO] running `Command { std: "docker" "rm" "-f" "84fb54814a6d022bc1e14c7f3a0725a12eeb1ea761ce6231d5188e661263d469", kill_on_drop: false }`
[INFO] [stdout] 84fb54814a6d022bc1e14c7f3a0725a12eeb1ea761ce6231d5188e661263d469
