[INFO] cloning repository https://github.com/awslabs/fast-pseudoprimes
[INFO] running `Command { std: "git" "-c" "credential.helper=" "-c" "credential.helper=/workspace/cargo-home/bin/git-credential-null" "clone" "--bare" "https://github.com/awslabs/fast-pseudoprimes" "/workspace/cache/git-repos/https%3A%2F%2Fgithub.com%2Fawslabs%2Ffast-pseudoprimes", kill_on_drop: false }`
[INFO] [stderr] Cloning into bare repository '/workspace/cache/git-repos/https%3A%2F%2Fgithub.com%2Fawslabs%2Ffast-pseudoprimes'...
[INFO] running `Command { std: "git" "rev-parse" "HEAD", kill_on_drop: false }`
[INFO] [stdout] b8560223174e16f4866e330a4f083e2f35a15606
[INFO] checking awslabs/fast-pseudoprimes against beta-2020-07-24 for pr-75494-beta
[INFO] running `Command { std: "git" "clone" "/workspace/cache/git-repos/https%3A%2F%2Fgithub.com%2Fawslabs%2Ffast-pseudoprimes" "/workspace/builds/worker-9/source", kill_on_drop: false }`
[INFO] [stderr] Cloning into '/workspace/builds/worker-9/source'...
[INFO] [stderr] done.
[INFO] validating manifest of git repo https://github.com/awslabs/fast-pseudoprimes on toolchain beta-2020-07-24
[INFO] running `Command { std: "/workspace/cargo-home/bin/cargo" "+beta-2020-07-24" "read-manifest" "--manifest-path" "Cargo.toml", kill_on_drop: false }`
[INFO] started tweaking git repo https://github.com/awslabs/fast-pseudoprimes
[INFO] finished tweaking git repo https://github.com/awslabs/fast-pseudoprimes
[INFO] tweaked toml for git repo https://github.com/awslabs/fast-pseudoprimes written to /workspace/builds/worker-9/source/Cargo.toml
[INFO] crate git repo https://github.com/awslabs/fast-pseudoprimes already has a lockfile, it will not be regenerated
[INFO] running `Command { std: "/workspace/cargo-home/bin/cargo" "+beta-2020-07-24" "fetch" "--locked" "--manifest-path" "Cargo.toml", kill_on_drop: false }`
[INFO] [stderr]     Blocking waiting for file lock on package cache
[INFO] running `Command { std: "docker" "create" "-v" "/var/lib/crater-agent-workspace/builds/worker-9/target:/opt/rustwide/target:rw,Z" "-v" "/var/lib/crater-agent-workspace/builds/worker-9/source:/opt/rustwide/workdir:ro,Z" "-v" "/var/lib/crater-agent-workspace/cargo-home:/opt/rustwide/cargo-home:ro,Z" "-v" "/var/lib/crater-agent-workspace/rustup-home:/opt/rustwide/rustup-home:ro,Z" "-e" "SOURCE_DIR=/opt/rustwide/workdir" "-e" "CARGO_TARGET_DIR=/opt/rustwide/target" "-e" "CARGO_HOME=/opt/rustwide/cargo-home" "-e" "RUSTUP_HOME=/opt/rustwide/rustup-home" "-w" "/opt/rustwide/workdir" "-m" "1610612736" "--user" "0:0" "--network" "none" "rustops/crates-build-env@sha256:a636fd89d022f18117e1dc8fb37a0a009933cdbbe082814857f0e2024962d47c" "/opt/rustwide/cargo-home/bin/cargo" "+beta-2020-07-24" "metadata" "--no-deps" "--format-version=1", kill_on_drop: false }`
[INFO] [stdout] 11cc52a4f5ecb3b56048d169c092fccd03a8008e5fb3c49e3c202e722af96323
[INFO] [stderr] WARNING: Your kernel does not support swap limit capabilities or the cgroup is not mounted. Memory limited without swap.
[INFO] running `Command { std: "docker" "start" "-a" "11cc52a4f5ecb3b56048d169c092fccd03a8008e5fb3c49e3c202e722af96323", kill_on_drop: false }`
[INFO] running `Command { std: "docker" "inspect" "11cc52a4f5ecb3b56048d169c092fccd03a8008e5fb3c49e3c202e722af96323", kill_on_drop: false }`
[INFO] running `Command { std: "docker" "rm" "-f" "11cc52a4f5ecb3b56048d169c092fccd03a8008e5fb3c49e3c202e722af96323", kill_on_drop: false }`
[INFO] [stdout] 11cc52a4f5ecb3b56048d169c092fccd03a8008e5fb3c49e3c202e722af96323
[INFO] running `Command { std: "docker" "create" "-v" "/var/lib/crater-agent-workspace/builds/worker-9/target:/opt/rustwide/target:rw,Z" "-v" "/var/lib/crater-agent-workspace/builds/worker-9/source:/opt/rustwide/workdir:ro,Z" "-v" "/var/lib/crater-agent-workspace/cargo-home:/opt/rustwide/cargo-home:ro,Z" "-v" "/var/lib/crater-agent-workspace/rustup-home:/opt/rustwide/rustup-home:ro,Z" "-e" "SOURCE_DIR=/opt/rustwide/workdir" "-e" "CARGO_TARGET_DIR=/opt/rustwide/target" "-e" "CARGO_INCREMENTAL=0" "-e" "RUST_BACKTRACE=full" "-e" "RUSTFLAGS=--cap-lints=forbid" "-e" "CARGO_HOME=/opt/rustwide/cargo-home" "-e" "RUSTUP_HOME=/opt/rustwide/rustup-home" "-w" "/opt/rustwide/workdir" "-m" "1610612736" "--user" "0:0" "--network" "none" "rustops/crates-build-env@sha256:a636fd89d022f18117e1dc8fb37a0a009933cdbbe082814857f0e2024962d47c" "/opt/rustwide/cargo-home/bin/cargo" "+beta-2020-07-24" "check" "--frozen" "--all" "--all-targets" "--message-format=json", kill_on_drop: false }`
[INFO] [stdout] 5b4283b5f588c63042d5cd1e7c3ade37ebab8ea5cca1eaa4149193fff8e9dedb
[INFO] [stderr] WARNING: Your kernel does not support swap limit capabilities or the cgroup is not mounted. Memory limited without swap.
[INFO] running `Command { std: "docker" "start" "-a" "5b4283b5f588c63042d5cd1e7c3ade37ebab8ea5cca1eaa4149193fff8e9dedb", kill_on_drop: false }`
[INFO] [stderr]     Checking libc v0.2.43
[INFO] [stderr]    Compiling gmp-mpfr-sys v1.1.9
[INFO] [stderr]    Compiling num-traits v0.2.6
[INFO] [stderr]     Checking rand_core v0.3.0
[INFO] [stderr]    Compiling rug v1.2.2
[INFO] [stderr]     Checking lazy_static v1.2.0
[INFO] [stderr]     Checking itertools v0.7.8
[INFO] [stderr]     Checking rand_core v0.2.2
[INFO] [stderr]     Checking num_cpus v1.8.0
[INFO] [stderr]     Checking rand v0.5.5
[INFO] [stderr]     Checking threadpool v1.7.1
[INFO] [stderr]     Checking num-integer v0.1.39
[INFO] [stderr]     Checking modinverse v0.1.0
[INFO] [stderr]     Checking pseudoprimes v0.1.0 (/opt/rustwide/workdir)
[INFO] [stdout] error[E0308]: mismatched types
[INFO] [stdout]   --> src/bloomfilter/mod.rs:90:13
[INFO] [stdout]    |
[INFO] [stdout] 90 |         let (node_id, mut f2) = filters.pop().unwrap();
[INFO] [stdout]    |             ^^^^^^^^^^^^^^^^^   ---------------------- this expression has type `bloomfilter::conc_bloom::BloomFilter<u64>`
[INFO] [stdout]    |             |
[INFO] [stdout]    |             expected struct `bloomfilter::conc_bloom::BloomFilter`, found tuple
[INFO] [stdout]    |
[INFO] [stdout]    = note: expected struct `bloomfilter::conc_bloom::BloomFilter<u64>`
[INFO] [stdout]                found tuple `(_, _)`
[INFO] [stdout] 
[INFO] [stdout] 
[INFO] [stdout] error[E0308]: mismatched types
[INFO] [stdout]   --> src/bloomfilter/mod.rs:90:13
[INFO] [stdout]    |
[INFO] [stdout] 90 |         let (node_id, mut f2) = filters.pop().unwrap();
[INFO] [stdout]    |             ^^^^^^^^^^^^^^^^^   ---------------------- this expression has type `bloomfilter::conc_bloom::BloomFilter<u64>`
[INFO] [stdout]    |             |
[INFO] [stdout]    |             expected struct `bloomfilter::conc_bloom::BloomFilter`, found tuple
[INFO] [stdout]    |
[INFO] [stdout]    = note: expected struct `bloomfilter::conc_bloom::BloomFilter<u64>`
[INFO] [stdout]                found tuple `(_, _)`
[INFO] [stdout] 
[INFO] [stdout] 
[INFO] [stdout] error[E0609]: no field `1` on type `bloomfilter::conc_bloom::BloomFilter<u64>`
[INFO] [stdout]   --> src/bloomfilter/mod.rs:91:20
[INFO] [stdout]    |
[INFO] [stdout] 91 |         filters[0].1.cross_or(&mut f2);
[INFO] [stdout]    |                    ^ unknown field
[INFO] [stdout] 
[INFO] [stdout] 
[INFO] [stdout] error[E0308]: mismatched types
[INFO] [stdout]   --> src/bloomfilter/mod.rs:97:9
[INFO] [stdout]    |
[INFO] [stdout] 97 |     for (node, filter) in filters.into_iter() {
[INFO] [stdout]    |         ^^^^^^^^^^^^^^    ------------------- this expression has type `bloomfilter::conc_bloom::BloomFilter<u64>`
[INFO] [stdout]    |         |
[INFO] [stdout]    |         expected struct `bloomfilter::conc_bloom::BloomFilter`, found tuple
[INFO] [stdout]    |
[INFO] [stdout]    = note: expected struct `bloomfilter::conc_bloom::BloomFilter<u64>`
[INFO] [stdout]                found tuple `(_, _)`
[INFO] [stdout] 
[INFO] [stdout] 
[INFO] [stdout] error[E0609]: no field `1` on type `bloomfilter::conc_bloom::BloomFilter<u64>`
[INFO] [stdout]   --> src/bloomfilter/mod.rs:91:20
[INFO] [stdout]    |
[INFO] [stdout] 91 |         filters[0].1.cross_or(&mut f2);
[INFO] [stdout]    |                    ^ unknown field
[INFO] [stdout] 
[INFO] [stdout] 
[INFO] [stdout] error[E0308]: mismatched types
[INFO] [stdout]   --> src/bloomfilter/mod.rs:97:9
[INFO] [stdout]    |
[INFO] [stdout] 97 |     for (node, filter) in filters.into_iter() {
[INFO] [stdout]    |         ^^^^^^^^^^^^^^    ------------------- this expression has type `bloomfilter::conc_bloom::BloomFilter<u64>`
[INFO] [stdout]    |         |
[INFO] [stdout]    |         expected struct `bloomfilter::conc_bloom::BloomFilter`, found tuple
[INFO] [stdout]    |
[INFO] [stdout]    = note: expected struct `bloomfilter::conc_bloom::BloomFilter<u64>`
[INFO] [stdout]                found tuple `(_, _)`
[INFO] [stdout] 
[INFO] [stdout] 
[INFO] [stdout] error: aborting due to 3 previous errors
[INFO] [stdout] 
[INFO] [stdout] 
[INFO] [stdout] Some errors have detailed explanations: E0308, E0609.
[INFO] [stdout] 
[INFO] [stdout] For more information about an error, try `rustc --explain E0308`.
[INFO] [stdout] 
[INFO] [stderr] error: could not compile `pseudoprimes`.
[INFO] [stderr] 
[INFO] [stderr] To learn more, run the command again with --verbose.
[INFO] [stderr] warning: build failed, waiting for other jobs to finish...
[INFO] [stdout] error: aborting due to 3 previous errors
[INFO] [stdout] 
[INFO] [stdout] 
[INFO] [stdout] Some errors have detailed explanations: E0308, E0609.
[INFO] [stdout] 
[INFO] [stdout] For more information about an error, try `rustc --explain E0308`.
[INFO] [stdout] 
[INFO] [stderr] error: build failed
[INFO] running `Command { std: "docker" "inspect" "5b4283b5f588c63042d5cd1e7c3ade37ebab8ea5cca1eaa4149193fff8e9dedb", kill_on_drop: false }`
[INFO] running `Command { std: "docker" "rm" "-f" "5b4283b5f588c63042d5cd1e7c3ade37ebab8ea5cca1eaa4149193fff8e9dedb", kill_on_drop: false }`
[INFO] [stdout] 5b4283b5f588c63042d5cd1e7c3ade37ebab8ea5cca1eaa4149193fff8e9dedb
