[INFO] cloning repository https://github.com/asa-z/cuneiforbits
[INFO] running `Command { std: "git" "-c" "credential.helper=" "-c" "credential.helper=/workspace/cargo-home/bin/git-credential-null" "clone" "--bare" "https://github.com/asa-z/cuneiforbits" "/workspace/cache/git-repos/https%3A%2F%2Fgithub.com%2Fasa-z%2Fcuneiforbits", kill_on_drop: false }`
[INFO] [stderr] Cloning into bare repository '/workspace/cache/git-repos/https%3A%2F%2Fgithub.com%2Fasa-z%2Fcuneiforbits'...
[INFO] running `Command { std: "git" "rev-parse" "HEAD", kill_on_drop: false }`
[INFO] [stdout] ca484d4fdbe8b85823ba1b05cdcfdcb0732a7344
[INFO] checking asa-z/cuneiforbits against beta-2020-07-24 for pr-75494-beta
[INFO] running `Command { std: "git" "clone" "/workspace/cache/git-repos/https%3A%2F%2Fgithub.com%2Fasa-z%2Fcuneiforbits" "/workspace/builds/worker-4/source", kill_on_drop: false }`
[INFO] [stderr] Cloning into '/workspace/builds/worker-4/source'...
[INFO] [stderr] done.
[INFO] validating manifest of git repo https://github.com/asa-z/cuneiforbits on toolchain beta-2020-07-24
[INFO] running `Command { std: "/workspace/cargo-home/bin/cargo" "+beta-2020-07-24" "read-manifest" "--manifest-path" "Cargo.toml", kill_on_drop: false }`
[INFO] started tweaking git repo https://github.com/asa-z/cuneiforbits
[INFO] finished tweaking git repo https://github.com/asa-z/cuneiforbits
[INFO] tweaked toml for git repo https://github.com/asa-z/cuneiforbits written to /workspace/builds/worker-4/source/Cargo.toml
[INFO] crate git repo https://github.com/asa-z/cuneiforbits already has a lockfile, it will not be regenerated
[INFO] running `Command { std: "/workspace/cargo-home/bin/cargo" "+beta-2020-07-24" "fetch" "--locked" "--manifest-path" "Cargo.toml", kill_on_drop: false }`
[INFO] [stderr]     Blocking waiting for file lock on package cache
[INFO] [stderr]     Blocking waiting for file lock on package cache
[INFO] running `Command { std: "docker" "create" "-v" "/var/lib/crater-agent-workspace/builds/worker-4/target:/opt/rustwide/target:rw,Z" "-v" "/var/lib/crater-agent-workspace/builds/worker-4/source:/opt/rustwide/workdir:ro,Z" "-v" "/var/lib/crater-agent-workspace/cargo-home:/opt/rustwide/cargo-home:ro,Z" "-v" "/var/lib/crater-agent-workspace/rustup-home:/opt/rustwide/rustup-home:ro,Z" "-e" "SOURCE_DIR=/opt/rustwide/workdir" "-e" "CARGO_TARGET_DIR=/opt/rustwide/target" "-e" "CARGO_HOME=/opt/rustwide/cargo-home" "-e" "RUSTUP_HOME=/opt/rustwide/rustup-home" "-w" "/opt/rustwide/workdir" "-m" "1610612736" "--user" "0:0" "--network" "none" "rustops/crates-build-env@sha256:a636fd89d022f18117e1dc8fb37a0a009933cdbbe082814857f0e2024962d47c" "/opt/rustwide/cargo-home/bin/cargo" "+beta-2020-07-24" "metadata" "--no-deps" "--format-version=1", kill_on_drop: false }`
[INFO] [stdout] 8aafc45609b35cef02020ecb0dd908315185ed09bc9a1acc58a736d5d5c7a25b
[INFO] [stderr] WARNING: Your kernel does not support swap limit capabilities or the cgroup is not mounted. Memory limited without swap.
[INFO] running `Command { std: "docker" "start" "-a" "8aafc45609b35cef02020ecb0dd908315185ed09bc9a1acc58a736d5d5c7a25b", kill_on_drop: false }`
[INFO] running `Command { std: "docker" "inspect" "8aafc45609b35cef02020ecb0dd908315185ed09bc9a1acc58a736d5d5c7a25b", kill_on_drop: false }`
[INFO] running `Command { std: "docker" "rm" "-f" "8aafc45609b35cef02020ecb0dd908315185ed09bc9a1acc58a736d5d5c7a25b", kill_on_drop: false }`
[INFO] [stdout] 8aafc45609b35cef02020ecb0dd908315185ed09bc9a1acc58a736d5d5c7a25b
[INFO] running `Command { std: "docker" "create" "-v" "/var/lib/crater-agent-workspace/builds/worker-4/target:/opt/rustwide/target:rw,Z" "-v" "/var/lib/crater-agent-workspace/builds/worker-4/source:/opt/rustwide/workdir:ro,Z" "-v" "/var/lib/crater-agent-workspace/cargo-home:/opt/rustwide/cargo-home:ro,Z" "-v" "/var/lib/crater-agent-workspace/rustup-home:/opt/rustwide/rustup-home:ro,Z" "-e" "SOURCE_DIR=/opt/rustwide/workdir" "-e" "CARGO_TARGET_DIR=/opt/rustwide/target" "-e" "CARGO_INCREMENTAL=0" "-e" "RUST_BACKTRACE=full" "-e" "RUSTFLAGS=--cap-lints=forbid" "-e" "CARGO_HOME=/opt/rustwide/cargo-home" "-e" "RUSTUP_HOME=/opt/rustwide/rustup-home" "-w" "/opt/rustwide/workdir" "-m" "1610612736" "--user" "0:0" "--network" "none" "rustops/crates-build-env@sha256:a636fd89d022f18117e1dc8fb37a0a009933cdbbe082814857f0e2024962d47c" "/opt/rustwide/cargo-home/bin/cargo" "+beta-2020-07-24" "check" "--frozen" "--all" "--all-targets" "--message-format=json", kill_on_drop: false }`
[INFO] [stdout] 89ed5f965af58e0b8f1370ce0595fd6bac2675a86525e80d6eb97ec18cbc9aa6
[INFO] [stderr] WARNING: Your kernel does not support swap limit capabilities or the cgroup is not mounted. Memory limited without swap.
[INFO] running `Command { std: "docker" "start" "-a" "89ed5f965af58e0b8f1370ce0595fd6bac2675a86525e80d6eb97ec18cbc9aa6", kill_on_drop: false }`
[INFO] [stderr]    Compiling autocfg v1.0.0
[INFO] [stderr]    Compiling byteorder v1.3.4
[INFO] [stderr]    Compiling libc v0.2.69
[INFO] [stderr]    Compiling getrandom v0.1.14
[INFO] [stderr]     Checking ppv-lite86 v0.2.6
[INFO] [stderr]     Checking numtoa v0.1.0
[INFO] [stderr]     Checking unicode-width v0.1.7
[INFO] [stderr]     Checking static_assertions v1.1.0
[INFO] [stderr]    Compiling num-traits v0.2.11
[INFO] [stderr]    Compiling stb_truetype v0.3.1
[INFO] [stderr]     Checking termion v1.5.5
[INFO] [stderr]     Checking rand_core v0.5.1
[INFO] [stderr]     Checking rand_chacha v0.2.2
[INFO] [stderr]    Compiling ordered-float v1.0.2
[INFO] [stderr]    Compiling approx v0.3.2
[INFO] [stderr]     Checking rand v0.7.3
[INFO] [stderr]    Compiling rusttype v0.8.3
[INFO] [stderr]    Compiling cuneiform_width v0.1.0 (https://github.com/asa-z/cuneiform_width#22b77dcf)
[INFO] [stderr]     Checking cuneiforbits v0.1.0 (/opt/rustwide/workdir)
[INFO] [stdout] error[E0433]: failed to resolve: use of undeclared type or module `color`
[INFO] [stdout]    --> src/ui.rs:256:32
[INFO] [stdout]     |
[INFO] [stdout] 256 |                 print!("{}{}", color::Fg(color::Reset), color::Bg(color::Reset));
[INFO] [stdout]     |                                ^^^^^ use of undeclared type or module `color`
[INFO] [stdout] 
[INFO] [stdout] 
[INFO] [stdout] error[E0433]: failed to resolve: use of undeclared type or module `color`
[INFO] [stdout]    --> src/ui.rs:256:42
[INFO] [stdout]     |
[INFO] [stdout] 256 |                 print!("{}{}", color::Fg(color::Reset), color::Bg(color::Reset));
[INFO] [stdout]     |                                          ^^^^^ use of undeclared type or module `color`
[INFO] [stdout] 
[INFO] [stdout] 
[INFO] [stdout] error[E0433]: failed to resolve: use of undeclared type or module `color`
[INFO] [stdout]    --> src/ui.rs:256:57
[INFO] [stdout]     |
[INFO] [stdout] 256 |                 print!("{}{}", color::Fg(color::Reset), color::Bg(color::Reset));
[INFO] [stdout]     |                                                         ^^^^^ use of undeclared type or module `color`
[INFO] [stdout] 
[INFO] [stdout] 
[INFO] [stdout] error[E0433]: failed to resolve: use of undeclared type or module `color`
[INFO] [stdout]    --> src/ui.rs:256:67
[INFO] [stdout]     |
[INFO] [stdout] 256 |                 print!("{}{}", color::Fg(color::Reset), color::Bg(color::Reset));
[INFO] [stdout]     |                                                                   ^^^^^ use of undeclared type or module `color`
[INFO] [stdout] 
[INFO] [stdout] 
[INFO] [stdout] error[E0433]: failed to resolve: use of undeclared type or module `color`
[INFO] [stdout]    --> src/ui.rs:256:32
[INFO] [stdout]     |
[INFO] [stdout] 256 |                 print!("{}{}", color::Fg(color::Reset), color::Bg(color::Reset));
[INFO] [stdout]     |                                ^^^^^ use of undeclared type or module `color`
[INFO] [stdout] 
[INFO] [stdout] 
[INFO] [stdout] error[E0433]: failed to resolve: use of undeclared type or module `color`
[INFO] [stdout]    --> src/ui.rs:256:42
[INFO] [stdout]     |
[INFO] [stdout] 256 |                 print!("{}{}", color::Fg(color::Reset), color::Bg(color::Reset));
[INFO] [stdout]     |                                          ^^^^^ use of undeclared type or module `color`
[INFO] [stdout] 
[INFO] [stdout] 
[INFO] [stdout] error[E0433]: failed to resolve: use of undeclared type or module `color`
[INFO] [stdout]    --> src/ui.rs:256:57
[INFO] [stdout]     |
[INFO] [stdout] 256 |                 print!("{}{}", color::Fg(color::Reset), color::Bg(color::Reset));
[INFO] [stdout]     |                                                         ^^^^^ use of undeclared type or module `color`
[INFO] [stdout] 
[INFO] [stdout] 
[INFO] [stdout] error[E0433]: failed to resolve: use of undeclared type or module `color`
[INFO] [stdout]    --> src/ui.rs:256:67
[INFO] [stdout]     |
[INFO] [stdout] 256 |                 print!("{}{}", color::Fg(color::Reset), color::Bg(color::Reset));
[INFO] [stdout]     |                                                                   ^^^^^ use of undeclared type or module `color`
[INFO] [stdout] 
[INFO] [stdout] 
[INFO] [stdout] error[E0063]: missing field `left_scroll` in initializer of `ui::type_box::TypeBox`
[INFO] [stdout]    --> src/ui.rs:271:13
[INFO] [stdout]     |
[INFO] [stdout] 271 |             TypeBox {
[INFO] [stdout]     |             ^^^^^^^ missing `left_scroll`
[INFO] [stdout] 
[INFO] [stdout] 
[INFO] [stdout] error[E0063]: missing field `left_scroll` in initializer of `ui::type_box::TypeBox`
[INFO] [stdout]    --> src/ui.rs:271:13
[INFO] [stdout]     |
[INFO] [stdout] 271 |             TypeBox {
[INFO] [stdout]     |             ^^^^^^^ missing `left_scroll`
[INFO] [stdout] 
[INFO] [stdout] 
[INFO] [stdout] error: aborting due to 5 previous errors
[INFO] [stdout] 
[INFO] [stdout] 
[INFO] [stdout] Some errors have detailed explanations: E0063, E0433.
[INFO] [stdout] 
[INFO] [stdout] For more information about an error, try `rustc --explain E0063`.
[INFO] [stdout] 
[INFO] [stderr] error: could not compile `cuneiforbits`.
[INFO] [stderr] 
[INFO] [stderr] To learn more, run the command again with --verbose.
[INFO] [stderr] warning: build failed, waiting for other jobs to finish...
[INFO] [stdout] error: aborting due to 5 previous errors
[INFO] [stdout] 
[INFO] [stdout] 
[INFO] [stdout] Some errors have detailed explanations: E0063, E0433.
[INFO] [stdout] 
[INFO] [stdout] For more information about an error, try `rustc --explain E0063`.
[INFO] [stdout] 
[INFO] [stderr] error: build failed
[INFO] running `Command { std: "docker" "inspect" "89ed5f965af58e0b8f1370ce0595fd6bac2675a86525e80d6eb97ec18cbc9aa6", kill_on_drop: false }`
[INFO] running `Command { std: "docker" "rm" "-f" "89ed5f965af58e0b8f1370ce0595fd6bac2675a86525e80d6eb97ec18cbc9aa6", kill_on_drop: false }`
[INFO] [stdout] 89ed5f965af58e0b8f1370ce0595fd6bac2675a86525e80d6eb97ec18cbc9aa6
