[INFO] cloning repository https://github.com/archer884/leaded
[INFO] running `Command { std: "git" "-c" "credential.helper=" "-c" "credential.helper=/workspace/cargo-home/bin/git-credential-null" "clone" "--bare" "https://github.com/archer884/leaded" "/workspace/cache/git-repos/https%3A%2F%2Fgithub.com%2Farcher884%2Fleaded", kill_on_drop: false }`
[INFO] [stderr] Cloning into bare repository '/workspace/cache/git-repos/https%3A%2F%2Fgithub.com%2Farcher884%2Fleaded'...
[INFO] running `Command { std: "git" "rev-parse" "HEAD", kill_on_drop: false }`
[INFO] [stdout] 145f218b10f121094b4ad4cbb19d6ee9eb562a49
[INFO] checking archer884/leaded against beta-2020-07-24 for pr-75494-beta
[INFO] running `Command { std: "git" "clone" "/workspace/cache/git-repos/https%3A%2F%2Fgithub.com%2Farcher884%2Fleaded" "/workspace/builds/worker-11/source", kill_on_drop: false }`
[INFO] [stderr] Cloning into '/workspace/builds/worker-11/source'...
[INFO] [stderr] done.
[INFO] validating manifest of git repo https://github.com/archer884/leaded on toolchain beta-2020-07-24
[INFO] running `Command { std: "/workspace/cargo-home/bin/cargo" "+beta-2020-07-24" "read-manifest" "--manifest-path" "Cargo.toml", kill_on_drop: false }`
[INFO] started tweaking git repo https://github.com/archer884/leaded
[INFO] finished tweaking git repo https://github.com/archer884/leaded
[INFO] tweaked toml for git repo https://github.com/archer884/leaded written to /workspace/builds/worker-11/source/Cargo.toml
[INFO] crate git repo https://github.com/archer884/leaded already has a lockfile, it will not be regenerated
[INFO] running `Command { std: "/workspace/cargo-home/bin/cargo" "+beta-2020-07-24" "fetch" "--locked" "--manifest-path" "Cargo.toml", kill_on_drop: false }`
[INFO] [stderr] error: the lock file /workspace/builds/worker-11/source/Cargo.lock needs to be updated but --locked was passed to prevent this
[INFO] [stderr] If you want to try to generate the lock file without accessing the network, use the --offline flag.
[INFO] the lockfile is outdated, regenerating it
[INFO] running `Command { std: "/workspace/cargo-home/bin/cargo" "+beta-2020-07-24" "generate-lockfile" "--manifest-path" "Cargo.toml" "-Zno-index-update", kill_on_drop: false }`
[INFO] running `Command { std: "/workspace/cargo-home/bin/cargo" "+beta-2020-07-24" "fetch" "--locked" "--manifest-path" "Cargo.toml", kill_on_drop: false }`
[INFO] running `Command { std: "docker" "create" "-v" "/var/lib/crater-agent-workspace/builds/worker-11/target:/opt/rustwide/target:rw,Z" "-v" "/var/lib/crater-agent-workspace/builds/worker-11/source:/opt/rustwide/workdir:ro,Z" "-v" "/var/lib/crater-agent-workspace/cargo-home:/opt/rustwide/cargo-home:ro,Z" "-v" "/var/lib/crater-agent-workspace/rustup-home:/opt/rustwide/rustup-home:ro,Z" "-e" "SOURCE_DIR=/opt/rustwide/workdir" "-e" "CARGO_TARGET_DIR=/opt/rustwide/target" "-e" "CARGO_HOME=/opt/rustwide/cargo-home" "-e" "RUSTUP_HOME=/opt/rustwide/rustup-home" "-w" "/opt/rustwide/workdir" "-m" "1610612736" "--user" "0:0" "--network" "none" "rustops/crates-build-env@sha256:a636fd89d022f18117e1dc8fb37a0a009933cdbbe082814857f0e2024962d47c" "/opt/rustwide/cargo-home/bin/cargo" "+beta-2020-07-24" "metadata" "--no-deps" "--format-version=1", kill_on_drop: false }`
[INFO] [stderr] WARNING: Your kernel does not support swap limit capabilities or the cgroup is not mounted. Memory limited without swap.
[INFO] [stdout] b03f7bf684685c5f7ac4c9f61e76794d878f738482b5a43f6e4fa845663e8d90
[INFO] running `Command { std: "docker" "start" "-a" "b03f7bf684685c5f7ac4c9f61e76794d878f738482b5a43f6e4fa845663e8d90", kill_on_drop: false }`
[INFO] running `Command { std: "docker" "inspect" "b03f7bf684685c5f7ac4c9f61e76794d878f738482b5a43f6e4fa845663e8d90", kill_on_drop: false }`
[INFO] running `Command { std: "docker" "rm" "-f" "b03f7bf684685c5f7ac4c9f61e76794d878f738482b5a43f6e4fa845663e8d90", kill_on_drop: false }`
[INFO] [stdout] b03f7bf684685c5f7ac4c9f61e76794d878f738482b5a43f6e4fa845663e8d90
[INFO] running `Command { std: "docker" "create" "-v" "/var/lib/crater-agent-workspace/builds/worker-11/target:/opt/rustwide/target:rw,Z" "-v" "/var/lib/crater-agent-workspace/builds/worker-11/source:/opt/rustwide/workdir:ro,Z" "-v" "/var/lib/crater-agent-workspace/cargo-home:/opt/rustwide/cargo-home:ro,Z" "-v" "/var/lib/crater-agent-workspace/rustup-home:/opt/rustwide/rustup-home:ro,Z" "-e" "SOURCE_DIR=/opt/rustwide/workdir" "-e" "CARGO_TARGET_DIR=/opt/rustwide/target" "-e" "CARGO_INCREMENTAL=0" "-e" "RUST_BACKTRACE=full" "-e" "RUSTFLAGS=--cap-lints=forbid" "-e" "CARGO_HOME=/opt/rustwide/cargo-home" "-e" "RUSTUP_HOME=/opt/rustwide/rustup-home" "-w" "/opt/rustwide/workdir" "-m" "1610612736" "--user" "0:0" "--network" "none" "rustops/crates-build-env@sha256:a636fd89d022f18117e1dc8fb37a0a009933cdbbe082814857f0e2024962d47c" "/opt/rustwide/cargo-home/bin/cargo" "+beta-2020-07-24" "check" "--frozen" "--all" "--all-targets" "--message-format=json", kill_on_drop: false }`
[INFO] [stderr] WARNING: Your kernel does not support swap limit capabilities or the cgroup is not mounted. Memory limited without swap.
[INFO] [stdout] b0b64bb4422c28f7d3762aabd378c7c2c13893a65e3861a60c8f2afbdefc4c9d
[INFO] running `Command { std: "docker" "start" "-a" "b0b64bb4422c28f7d3762aabd378c7c2c13893a65e3861a60c8f2afbdefc4c9d", kill_on_drop: false }`
[INFO] [stderr]    Compiling version_check v0.1.5
[INFO] [stderr]    Compiling rand_core v0.4.2
[INFO] [stderr]    Compiling autocfg v0.1.7
[INFO] [stderr]    Compiling siphasher v0.2.3
[INFO] [stderr]    Compiling log v0.4.11
[INFO] [stderr]     Checking cfg-if v0.1.10
[INFO] [stderr]     Checking tinyvec v0.3.4
[INFO] [stderr]     Checking traitobject v0.1.0
[INFO] [stderr]     Checking matches v0.1.8
[INFO] [stderr]    Compiling byteorder v1.3.4
[INFO] [stderr]    Compiling httparse v1.3.4
[INFO] [stderr]     Checking percent-encoding v1.0.1
[INFO] [stderr]     Checking safemem v0.3.3
[INFO] [stderr]     Checking modifier v0.1.0
[INFO] [stderr]     Checking route-recognizer v0.1.13
[INFO] [stderr]     Checking rustc-serialize v0.3.24
[INFO] [stderr]     Checking unicode-bidi v0.3.4
[INFO] [stderr]    Compiling libc v0.2.76
[INFO] [stderr]     Checking unsafe-any v0.4.2
[INFO] [stderr]     Checking time v0.1.43
[INFO] [stderr]    Compiling rand_core v0.3.1
[INFO] [stderr]    Compiling rand_jitter v0.1.4
[INFO] [stderr]     Checking typemap v0.3.3
[INFO] [stderr]    Compiling rand_isaac v0.1.1
[INFO] [stderr]    Compiling rand_xorshift v0.1.1
[INFO] [stderr]    Compiling rand_hc v0.1.0
[INFO] [stderr]     Checking unicode-normalization v0.1.13
[INFO] [stderr]    Compiling rand_chacha v0.1.1
[INFO] [stderr]    Compiling rand_pcg v0.1.2
[INFO] [stderr]    Compiling rand v0.6.5
[INFO] [stderr]     Checking plugin v0.2.6
[INFO] [stderr]    Compiling unicase v1.4.2
[INFO] [stderr]     Checking log v0.3.9
[INFO] [stderr]     Checking mime v0.2.6
[INFO] [stderr]     Checking base64 v0.9.3
[INFO] [stderr]    Compiling rand_os v0.1.3
[INFO] [stderr]     Checking phf_shared v0.7.24
[INFO] [stderr]     Checking phf v0.7.24
[INFO] [stderr]     Checking idna v0.1.5
[INFO] [stderr]     Checking url v1.7.2
[INFO] [stderr]    Compiling phf_generator v0.7.24
[INFO] [stderr]    Compiling phf_codegen v0.7.24
[INFO] [stderr]    Compiling mime_guess v1.8.8
[INFO] [stderr]     Checking hyper v0.10.16
[INFO] [stderr]     Checking iron v0.6.1
[INFO] [stderr]     Checking router v0.6.0
[INFO] [stderr]     Checking leaded v0.0.1 (/opt/rustwide/workdir)
[INFO] [stdout] error[E0554]: `#![feature]` may not be used on the beta release channel
[INFO] [stdout]  --> src/main.rs:1:1
[INFO] [stdout]   |
[INFO] [stdout] 1 | #![feature(core)]
[INFO] [stdout]   | ^^^^^^^^^^^^^^^^^
[INFO] [stdout] 
[INFO] [stdout] 
[INFO] [stdout] warning: use of deprecated item 'iron::Error::description': use the Display impl or to_string()
[INFO] [stdout]   --> src/main.rs:16:34
[INFO] [stdout]    |
[INFO] [stdout] 16 |         Err(e) => println!("{}", Error::description(&e)),
[INFO] [stdout]    |                                  ^^^^^^^^^^^^^^^^^^
[INFO] [stdout]    |
[INFO] [stdout]    = note: `#[warn(deprecated)]` on by default
[INFO] [stdout] 
[INFO] [stdout] 
[INFO] [stdout] error[E0554]: `#![feature]` may not be used on the beta release channel
[INFO] [stdout]  --> src/main.rs:1:1
[INFO] [stdout]   |
[INFO] [stdout] 1 | #![feature(core)]
[INFO] [stdout]   | ^^^^^^^^^^^^^^^^^
[INFO] [stdout] 
[INFO] [stdout] 
[INFO] [stdout] error[E0061]: this function takes 3 arguments but 2 arguments were supplied
[INFO] [stdout]   --> src/main.rs:26:12
[INFO] [stdout]    |
[INFO] [stdout] 26 |     router.get("/", handler);
[INFO] [stdout]    |            ^^^ ---  ------- supplied 2 arguments
[INFO] [stdout]    |            |
[INFO] [stdout]    |            expected 3 arguments
[INFO] [stdout] 
[INFO] [stdout] 
[INFO] [stdout] error: aborting due to 2 previous errors; 1 warning emitted
[INFO] [stdout] 
[INFO] [stdout] 
[INFO] [stdout] Some errors have detailed explanations: E0061, E0554.
[INFO] [stdout] 
[INFO] [stdout] For more information about an error, try `rustc --explain E0061`.
[INFO] [stdout] 
[INFO] [stdout] warning: use of deprecated item 'iron::Error::description': use the Display impl or to_string()
[INFO] [stdout]   --> src/main.rs:16:34
[INFO] [stdout]    |
[INFO] [stdout] 16 |         Err(e) => println!("{}", Error::description(&e)),
[INFO] [stdout]    |                                  ^^^^^^^^^^^^^^^^^^
[INFO] [stdout]    |
[INFO] [stdout]    = note: `#[warn(deprecated)]` on by default
[INFO] [stdout] 
[INFO] [stdout] 
[INFO] [stderr] error: could not compile `leaded`.
[INFO] [stdout] error[E0061]: this function takes 3 arguments but 2 arguments were supplied
[INFO] [stdout]   --> src/main.rs:26:12
[INFO] [stdout]    |
[INFO] [stdout] 26 |     router.get("/", handler);
[INFO] [stdout]    |            ^^^ ---  ------- supplied 2 arguments
[INFO] [stdout]    |            |
[INFO] [stdout]    |            expected 3 arguments
[INFO] [stdout] 
[INFO] [stdout] 
[INFO] [stderr] 
[INFO] [stdout] error: aborting due to 2 previous errors; 1 warning emitted
[INFO] [stdout] 
[INFO] [stdout] 
[INFO] [stderr] To learn more, run the command again with --verbose.
[INFO] [stdout] Some errors have detailed explanations: E0061, E0554.
[INFO] [stdout] 
[INFO] [stderr] warning: build failed, waiting for other jobs to finish...
[INFO] [stdout] For more information about an error, try `rustc --explain E0061`.
[INFO] [stdout] 
[INFO] [stderr] error: build failed
[INFO] running `Command { std: "docker" "inspect" "b0b64bb4422c28f7d3762aabd378c7c2c13893a65e3861a60c8f2afbdefc4c9d", kill_on_drop: false }`
[INFO] running `Command { std: "docker" "rm" "-f" "b0b64bb4422c28f7d3762aabd378c7c2c13893a65e3861a60c8f2afbdefc4c9d", kill_on_drop: false }`
[INFO] [stdout] b0b64bb4422c28f7d3762aabd378c7c2c13893a65e3861a60c8f2afbdefc4c9d
