[INFO] cloning repository https://github.com/aoprisan/static-rust
[INFO] running `Command { std: "git" "-c" "credential.helper=" "-c" "credential.helper=/workspace/cargo-home/bin/git-credential-null" "clone" "--bare" "https://github.com/aoprisan/static-rust" "/workspace/cache/git-repos/https%3A%2F%2Fgithub.com%2Faoprisan%2Fstatic-rust", kill_on_drop: false }`
[INFO] [stderr] Cloning into bare repository '/workspace/cache/git-repos/https%3A%2F%2Fgithub.com%2Faoprisan%2Fstatic-rust'...
[INFO] running `Command { std: "git" "rev-parse" "HEAD", kill_on_drop: false }`
[INFO] [stdout] 9a8b2794ddf4937d54af05e4cb02ab53e21e50fb
[INFO] checking aoprisan/static-rust against beta-2020-07-24 for pr-75494-beta
[INFO] running `Command { std: "git" "clone" "/workspace/cache/git-repos/https%3A%2F%2Fgithub.com%2Faoprisan%2Fstatic-rust" "/workspace/builds/worker-12/source", kill_on_drop: false }`
[INFO] [stderr] Cloning into '/workspace/builds/worker-12/source'...
[INFO] [stderr] done.
[INFO] validating manifest of git repo https://github.com/aoprisan/static-rust on toolchain beta-2020-07-24
[INFO] running `Command { std: "/workspace/cargo-home/bin/cargo" "+beta-2020-07-24" "read-manifest" "--manifest-path" "Cargo.toml", kill_on_drop: false }`
[INFO] started tweaking git repo https://github.com/aoprisan/static-rust
[INFO] finished tweaking git repo https://github.com/aoprisan/static-rust
[INFO] tweaked toml for git repo https://github.com/aoprisan/static-rust written to /workspace/builds/worker-12/source/Cargo.toml
[INFO] crate git repo https://github.com/aoprisan/static-rust already has a lockfile, it will not be regenerated
[INFO] running `Command { std: "/workspace/cargo-home/bin/cargo" "+beta-2020-07-24" "fetch" "--locked" "--manifest-path" "Cargo.toml", kill_on_drop: false }`
[INFO] [stderr] error: the lock file /workspace/builds/worker-12/source/Cargo.lock needs to be updated but --locked was passed to prevent this
[INFO] [stderr] If you want to try to generate the lock file without accessing the network, use the --offline flag.
[INFO] the lockfile is outdated, regenerating it
[INFO] running `Command { std: "/workspace/cargo-home/bin/cargo" "+beta-2020-07-24" "generate-lockfile" "--manifest-path" "Cargo.toml" "-Zno-index-update", kill_on_drop: false }`
[INFO] running `Command { std: "/workspace/cargo-home/bin/cargo" "+beta-2020-07-24" "fetch" "--locked" "--manifest-path" "Cargo.toml", kill_on_drop: false }`
[INFO] running `Command { std: "docker" "create" "-v" "/var/lib/crater-agent-workspace/builds/worker-12/target:/opt/rustwide/target:rw,Z" "-v" "/var/lib/crater-agent-workspace/builds/worker-12/source:/opt/rustwide/workdir:ro,Z" "-v" "/var/lib/crater-agent-workspace/cargo-home:/opt/rustwide/cargo-home:ro,Z" "-v" "/var/lib/crater-agent-workspace/rustup-home:/opt/rustwide/rustup-home:ro,Z" "-e" "SOURCE_DIR=/opt/rustwide/workdir" "-e" "CARGO_TARGET_DIR=/opt/rustwide/target" "-e" "CARGO_HOME=/opt/rustwide/cargo-home" "-e" "RUSTUP_HOME=/opt/rustwide/rustup-home" "-w" "/opt/rustwide/workdir" "-m" "1610612736" "--user" "0:0" "--network" "none" "rustops/crates-build-env@sha256:a636fd89d022f18117e1dc8fb37a0a009933cdbbe082814857f0e2024962d47c" "/opt/rustwide/cargo-home/bin/cargo" "+beta-2020-07-24" "metadata" "--no-deps" "--format-version=1", kill_on_drop: false }`
[INFO] [stdout] f8b0600b3abd77dcbda21e663d0a0f463588cebc52b1062e6b760d7a818f5d18
[INFO] [stderr] WARNING: Your kernel does not support swap limit capabilities or the cgroup is not mounted. Memory limited without swap.
[INFO] running `Command { std: "docker" "start" "-a" "f8b0600b3abd77dcbda21e663d0a0f463588cebc52b1062e6b760d7a818f5d18", kill_on_drop: false }`
[INFO] running `Command { std: "docker" "inspect" "f8b0600b3abd77dcbda21e663d0a0f463588cebc52b1062e6b760d7a818f5d18", kill_on_drop: false }`
[INFO] running `Command { std: "docker" "rm" "-f" "f8b0600b3abd77dcbda21e663d0a0f463588cebc52b1062e6b760d7a818f5d18", kill_on_drop: false }`
[INFO] [stdout] f8b0600b3abd77dcbda21e663d0a0f463588cebc52b1062e6b760d7a818f5d18
[INFO] running `Command { std: "docker" "create" "-v" "/var/lib/crater-agent-workspace/builds/worker-12/target:/opt/rustwide/target:rw,Z" "-v" "/var/lib/crater-agent-workspace/builds/worker-12/source:/opt/rustwide/workdir:ro,Z" "-v" "/var/lib/crater-agent-workspace/cargo-home:/opt/rustwide/cargo-home:ro,Z" "-v" "/var/lib/crater-agent-workspace/rustup-home:/opt/rustwide/rustup-home:ro,Z" "-e" "SOURCE_DIR=/opt/rustwide/workdir" "-e" "CARGO_TARGET_DIR=/opt/rustwide/target" "-e" "CARGO_INCREMENTAL=0" "-e" "RUST_BACKTRACE=full" "-e" "RUSTFLAGS=--cap-lints=forbid" "-e" "CARGO_HOME=/opt/rustwide/cargo-home" "-e" "RUSTUP_HOME=/opt/rustwide/rustup-home" "-w" "/opt/rustwide/workdir" "-m" "1610612736" "--user" "0:0" "--network" "none" "rustops/crates-build-env@sha256:a636fd89d022f18117e1dc8fb37a0a009933cdbbe082814857f0e2024962d47c" "/opt/rustwide/cargo-home/bin/cargo" "+beta-2020-07-24" "check" "--frozen" "--all" "--all-targets" "--message-format=json", kill_on_drop: false }`
[INFO] [stdout] b7908eec98c7b6ffffe23018c1da251f1615297072a15635523e175301c36bda
[INFO] [stderr] WARNING: Your kernel does not support swap limit capabilities or the cgroup is not mounted. Memory limited without swap.
[INFO] running `Command { std: "docker" "start" "-a" "b7908eec98c7b6ffffe23018c1da251f1615297072a15635523e175301c36bda", kill_on_drop: false }`
[INFO] [stderr]    Compiling log v0.4.11
[INFO] [stderr]    Compiling version_check v0.1.5
[INFO] [stderr]    Compiling rand_core v0.4.2
[INFO] [stderr]     Checking tinyvec v0.3.4
[INFO] [stderr]    Compiling siphasher v0.2.3
[INFO] [stderr]    Compiling autocfg v1.0.1
[INFO] [stderr]     Checking traitobject v0.1.0
[INFO] [stderr]     Checking percent-encoding v1.0.1
[INFO] [stderr]    Compiling syn v1.0.39
[INFO] [stderr]     Checking futures-core v0.3.5
[INFO] [stderr]     Checking fnv v1.0.7
[INFO] [stderr]    Compiling memchr v2.3.3
[INFO] [stderr]    Compiling pin-project-internal v0.4.23
[INFO] [stderr]     Checking bytes v0.5.6
[INFO] [stderr]     Checking typeable v0.1.2
[INFO] [stderr]    Compiling byteorder v1.3.4
[INFO] [stderr]     Checking pin-project-lite v0.1.7
[INFO] [stderr]     Checking rustc-serialize v0.3.24
[INFO] [stderr]     Checking futures-sink v0.3.5
[INFO] [stderr]     Checking modifier v0.1.0
[INFO] [stderr]     Checking pin-utils v0.1.0
[INFO] [stderr]     Checking futures-task v0.3.5
[INFO] [stderr]    Compiling nix v0.18.0
[INFO] [stderr]     Checking traitobject v0.0.1
[INFO] [stderr]     Checking try-lock v0.2.3
[INFO] [stderr]     Checking route-recognizer v0.1.13
[INFO] [stderr]     Checking lazy_static v0.1.16
[INFO] [stderr]     Checking unicode-bidi v0.2.6
[INFO] [stderr]    Compiling rand_pcg v0.1.2
[INFO] [stderr]    Compiling rand_chacha v0.1.1
[INFO] [stderr]    Compiling rand v0.6.5
[INFO] [stderr]     Checking tracing-core v0.1.15
[INFO] [stderr]     Checking unsafe-any v0.4.2
[INFO] [stderr]     Checking error v0.1.9
[INFO] [stderr]     Checking futures-channel v0.3.5
[INFO] [stderr]    Compiling rand_core v0.3.1
[INFO] [stderr]    Compiling rand_jitter v0.1.4
[INFO] [stderr]     Checking unicode-normalization v0.1.13
[INFO] [stderr]     Checking http v0.2.1
[INFO] [stderr]     Checking iovec v0.1.4
[INFO] [stderr]     Checking net2 v0.2.34
[INFO] [stderr]     Checking getrandom v0.1.14
[INFO] [stderr]     Checking num_cpus v0.2.13
[INFO] [stderr]     Checking socket2 v0.3.12
[INFO] [stderr]    Compiling rand_os v0.1.3
[INFO] [stderr]     Checking typemap v0.3.3
[INFO] [stderr]    Compiling rand_hc v0.1.0
[INFO] [stderr]    Compiling rand_isaac v0.1.1
[INFO] [stderr]    Compiling rand_xorshift v0.1.1
[INFO] [stderr]    Compiling unicase v1.4.2
[INFO] [stderr]    Compiling hashbrown v0.8.2
[INFO] [stderr]    Compiling indexmap v1.5.1
[INFO] [stderr]     Checking uuid v0.2.3
[INFO] [stderr]     Checking rand_core v0.5.1
[INFO] [stderr]     Checking plugin v0.2.6
[INFO] [stderr]     Checking log v0.3.9
[INFO] [stderr]     Checking tracing v0.1.19
[INFO] [stderr]     Checking want v0.3.0
[INFO] [stderr]     Checking mio v0.6.22
[INFO] [stderr]     Checking rand_chacha v0.2.2
[INFO] [stderr]     Checking mime v0.2.6
[INFO] [stderr]     Checking hpack v0.2.0
[INFO] [stderr]     Checking phf_shared v0.7.24
[INFO] [stderr]     Checking base64 v0.9.3
[INFO] [stderr]    Compiling phf v0.7.24
[INFO] [stderr]     Checking idna v0.1.5
[INFO] [stderr]     Checking solicit v0.4.4
[INFO] [stderr]     Checking rand v0.7.3
[INFO] [stderr]     Checking tokio v0.2.22
[INFO] [stderr]     Checking url v0.5.10
[INFO] [stderr]     Checking conduit-mime-types v0.7.3
[INFO] [stderr]     Checking url v1.7.2
[INFO] [stderr]    Compiling phf_generator v0.7.24
[INFO] [stderr]    Compiling phf_codegen v0.7.24
[INFO] [stderr]    Compiling mime_guess v1.8.8
[INFO] [stderr]     Checking http-body v0.3.1
[INFO] [stderr]     Checking hyper v0.10.16
[INFO] [stderr]     Checking cookie v0.2.5
[INFO] [stderr]     Checking hyper v0.8.1
[INFO] [stderr]     Checking iron v0.3.1
[INFO] [stderr]     Checking tokio-util v0.3.1
[INFO] [stderr]     Checking iron v0.6.1
[INFO] [stderr]     Checking router v0.6.0
[INFO] [stderr]     Checking pin-project v0.4.23
[INFO] [stderr]     Checking futures-util v0.3.5
[INFO] [stderr]     Checking h2 v0.2.6
[INFO] [stderr]     Checking hyper v0.13.7
[INFO] [stderr]     Checking andrei v0.1.0 (/opt/rustwide/workdir)
[INFO] [stdout] warning: unused import: `iron::status`
[INFO] [stdout]   --> src/main.rs:10:5
[INFO] [stdout]    |
[INFO] [stdout] 10 | use iron::status;
[INFO] [stdout]    |     ^^^^^^^^^^^^
[INFO] [stdout]    |
[INFO] [stdout]    = note: `#[warn(unused_imports)]` on by default
[INFO] [stdout] 
[INFO] [stdout] 
[INFO] [stdout] warning: unused import: `rustc_serialize::json`
[INFO] [stdout]   --> src/main.rs:12:5
[INFO] [stdout]    |
[INFO] [stdout] 12 | use rustc_serialize::json;
[INFO] [stdout]    |     ^^^^^^^^^^^^^^^^^^^^^
[INFO] [stdout] 
[INFO] [stdout] 
[INFO] [stdout] warning: unused import: `std::io::prelude::*`
[INFO] [stdout]   --> src/main.rs:13:5
[INFO] [stdout]    |
[INFO] [stdout] 13 | use std::io::prelude::*;
[INFO] [stdout]    |     ^^^^^^^^^^^^^^^^^^^
[INFO] [stdout] 
[INFO] [stdout] 
[INFO] [stdout] warning: unused import: `iron::status`
[INFO] [stdout]   --> src/main.rs:10:5
[INFO] [stdout]    |
[INFO] [stdout] 10 | use iron::status;
[INFO] [stdout]    |     ^^^^^^^^^^^^
[INFO] [stdout]    |
[INFO] [stdout]    = note: `#[warn(unused_imports)]` on by default
[INFO] [stdout] 
[INFO] [stdout] 
[INFO] [stdout] warning: unused import: `rustc_serialize::json`
[INFO] [stdout]   --> src/main.rs:12:5
[INFO] [stdout]    |
[INFO] [stdout] 12 | use rustc_serialize::json;
[INFO] [stdout]    |     ^^^^^^^^^^^^^^^^^^^^^
[INFO] [stdout] 
[INFO] [stdout] 
[INFO] [stdout] warning: unused import: `std::io::prelude::*`
[INFO] [stdout]   --> src/main.rs:13:5
[INFO] [stdout]    |
[INFO] [stdout] 13 | use std::io::prelude::*;
[INFO] [stdout]    |     ^^^^^^^^^^^^^^^^^^^
[INFO] [stdout] 
[INFO] [stdout] 
[INFO] [stdout] error[E0277]: expected a `std::ops::Fn<(&mut iron::Request<'_, '_>,)>` closure, found `router::Router`
[INFO] [stdout]   --> src/main.rs:17:15
[INFO] [stdout]    |
[INFO] [stdout] 17 |     Iron::new(router).http("localhost:3000").unwrap();
[INFO] [stdout]    |               ^^^^^^ expected an `Fn<(&mut iron::Request<'_, '_>,)>` closure, found `router::Router`
[INFO] [stdout]    |
[INFO] [stdout]    = help: the trait `for<'r, 's, 't0> std::ops::Fn<(&'r mut iron::Request<'s, 't0>,)>` is not implemented for `router::Router`
[INFO] [stdout]    = note: required because of the requirements on the impl of `iron::Handler` for `router::Router`
[INFO] [stdout]    = note: required by `iron::Iron::<H>::new`
[INFO] [stdout] 
[INFO] [stdout] 
[INFO] [stdout] error[E0599]: no method named `http` found for struct `iron::Iron<router::Router>` in the current scope
[INFO] [stdout]   --> src/main.rs:17:23
[INFO] [stdout]    |
[INFO] [stdout] 17 |     Iron::new(router).http("localhost:3000").unwrap();
[INFO] [stdout]    |                       ^^^^ method not found in `iron::Iron<router::Router>`
[INFO] [stdout]    | 
[INFO] [stdout]   ::: /opt/rustwide/cargo-home/registry/src/github.com-1ecc6299db9ec823/router-0.6.0/src/router.rs:26:1
[INFO] [stdout]    |
[INFO] [stdout] 26 | pub struct Router {
[INFO] [stdout]    | ----------------- doesn't satisfy `router::Router: iron::Handler`
[INFO] [stdout]    |
[INFO] [stdout]    = note: the method `http` exists but the following trait bounds were not satisfied:
[INFO] [stdout]            `router::Router: iron::Handler`
[INFO] [stdout] 
[INFO] [stdout] 
[INFO] [stdout] error: aborting due to 2 previous errors; 3 warnings emitted
[INFO] [stdout] 
[INFO] [stdout] 
[INFO] [stdout] Some errors have detailed explanations: E0277, E0599.
[INFO] [stdout] 
[INFO] [stdout] For more information about an error, try `rustc --explain E0277`.
[INFO] [stdout] 
[INFO] [stderr] error: could not compile `andrei`.
[INFO] [stderr] 
[INFO] [stderr] To learn more, run the command again with --verbose.
[INFO] [stderr] warning: build failed, waiting for other jobs to finish...
[INFO] [stdout] error[E0277]: expected a `std::ops::Fn<(&mut iron::Request<'_, '_>,)>` closure, found `router::Router`
[INFO] [stdout]   --> src/main.rs:17:15
[INFO] [stdout]    |
[INFO] [stdout] 17 |     Iron::new(router).http("localhost:3000").unwrap();
[INFO] [stdout]    |               ^^^^^^ expected an `Fn<(&mut iron::Request<'_, '_>,)>` closure, found `router::Router`
[INFO] [stdout]    |
[INFO] [stdout]    = help: the trait `for<'r, 's, 't0> std::ops::Fn<(&'r mut iron::Request<'s, 't0>,)>` is not implemented for `router::Router`
[INFO] [stdout]    = note: required because of the requirements on the impl of `iron::Handler` for `router::Router`
[INFO] [stdout]    = note: required by `iron::Iron::<H>::new`
[INFO] [stdout] 
[INFO] [stdout] 
[INFO] [stdout] error[E0599]: no method named `http` found for struct `iron::Iron<router::Router>` in the current scope
[INFO] [stdout]   --> src/main.rs:17:23
[INFO] [stdout]    |
[INFO] [stdout] 17 |     Iron::new(router).http("localhost:3000").unwrap();
[INFO] [stdout]    |                       ^^^^ method not found in `iron::Iron<router::Router>`
[INFO] [stdout]    | 
[INFO] [stdout]   ::: /opt/rustwide/cargo-home/registry/src/github.com-1ecc6299db9ec823/router-0.6.0/src/router.rs:26:1
[INFO] [stdout]    |
[INFO] [stdout] 26 | pub struct Router {
[INFO] [stdout]    | ----------------- doesn't satisfy `router::Router: iron::Handler`
[INFO] [stdout]    |
[INFO] [stdout]    = note: the method `http` exists but the following trait bounds were not satisfied:
[INFO] [stdout]            `router::Router: iron::Handler`
[INFO] [stdout] 
[INFO] [stdout] 
[INFO] [stdout] error: aborting due to 2 previous errors; 3 warnings emitted
[INFO] [stdout] 
[INFO] [stdout] 
[INFO] [stdout] Some errors have detailed explanations: E0277, E0599.
[INFO] [stdout] 
[INFO] [stdout] For more information about an error, try `rustc --explain E0277`.
[INFO] [stdout] 
[INFO] [stderr] error: build failed
[INFO] running `Command { std: "docker" "inspect" "b7908eec98c7b6ffffe23018c1da251f1615297072a15635523e175301c36bda", kill_on_drop: false }`
[INFO] running `Command { std: "docker" "rm" "-f" "b7908eec98c7b6ffffe23018c1da251f1615297072a15635523e175301c36bda", kill_on_drop: false }`
[INFO] [stdout] b7908eec98c7b6ffffe23018c1da251f1615297072a15635523e175301c36bda
