[INFO] cloning repository https://github.com/aleksuss/tx-generator
[INFO] running `Command { std: "git" "-c" "credential.helper=" "-c" "credential.helper=/workspace/cargo-home/bin/git-credential-null" "clone" "--bare" "https://github.com/aleksuss/tx-generator" "/workspace/cache/git-repos/https%3A%2F%2Fgithub.com%2Faleksuss%2Ftx-generator", kill_on_drop: false }`
[INFO] [stderr] Cloning into bare repository '/workspace/cache/git-repos/https%3A%2F%2Fgithub.com%2Faleksuss%2Ftx-generator'...
[INFO] running `Command { std: "git" "rev-parse" "HEAD", kill_on_drop: false }`
[INFO] [stdout] f2339a3d7f1c0deac9667b8650cf85ce2e95d3ec
[INFO] checking aleksuss/tx-generator against beta-2020-07-24 for pr-75494-beta
[INFO] running `Command { std: "git" "clone" "/workspace/cache/git-repos/https%3A%2F%2Fgithub.com%2Faleksuss%2Ftx-generator" "/workspace/builds/worker-3/source", kill_on_drop: false }`
[INFO] [stderr] Cloning into '/workspace/builds/worker-3/source'...
[INFO] [stderr] done.
[INFO] validating manifest of git repo https://github.com/aleksuss/tx-generator on toolchain beta-2020-07-24
[INFO] running `Command { std: "/workspace/cargo-home/bin/cargo" "+beta-2020-07-24" "read-manifest" "--manifest-path" "Cargo.toml", kill_on_drop: false }`
[INFO] started tweaking git repo https://github.com/aleksuss/tx-generator
[INFO] finished tweaking git repo https://github.com/aleksuss/tx-generator
[INFO] tweaked toml for git repo https://github.com/aleksuss/tx-generator written to /workspace/builds/worker-3/source/Cargo.toml
[INFO] crate git repo https://github.com/aleksuss/tx-generator already has a lockfile, it will not be regenerated
[INFO] running `Command { std: "/workspace/cargo-home/bin/cargo" "+beta-2020-07-24" "fetch" "--locked" "--manifest-path" "Cargo.toml", kill_on_drop: false }`
[INFO] [stderr]     Blocking waiting for file lock on package cache
[INFO] [stderr]     Blocking waiting for file lock on package cache
[INFO] running `Command { std: "docker" "create" "-v" "/var/lib/crater-agent-workspace/builds/worker-3/target:/opt/rustwide/target:rw,Z" "-v" "/var/lib/crater-agent-workspace/builds/worker-3/source:/opt/rustwide/workdir:ro,Z" "-v" "/var/lib/crater-agent-workspace/cargo-home:/opt/rustwide/cargo-home:ro,Z" "-v" "/var/lib/crater-agent-workspace/rustup-home:/opt/rustwide/rustup-home:ro,Z" "-e" "SOURCE_DIR=/opt/rustwide/workdir" "-e" "CARGO_TARGET_DIR=/opt/rustwide/target" "-e" "CARGO_HOME=/opt/rustwide/cargo-home" "-e" "RUSTUP_HOME=/opt/rustwide/rustup-home" "-w" "/opt/rustwide/workdir" "-m" "1610612736" "--user" "0:0" "--network" "none" "rustops/crates-build-env@sha256:a636fd89d022f18117e1dc8fb37a0a009933cdbbe082814857f0e2024962d47c" "/opt/rustwide/cargo-home/bin/cargo" "+beta-2020-07-24" "metadata" "--no-deps" "--format-version=1", kill_on_drop: false }`
[INFO] [stdout] bb9ec521955d10ca46d4fa81733003adfdf48f728e4b6095da803a6c326c617c
[INFO] [stderr] WARNING: Your kernel does not support swap limit capabilities or the cgroup is not mounted. Memory limited without swap.
[INFO] running `Command { std: "docker" "start" "-a" "bb9ec521955d10ca46d4fa81733003adfdf48f728e4b6095da803a6c326c617c", kill_on_drop: false }`
[INFO] running `Command { std: "docker" "inspect" "bb9ec521955d10ca46d4fa81733003adfdf48f728e4b6095da803a6c326c617c", kill_on_drop: false }`
[INFO] running `Command { std: "docker" "rm" "-f" "bb9ec521955d10ca46d4fa81733003adfdf48f728e4b6095da803a6c326c617c", kill_on_drop: false }`
[INFO] [stdout] bb9ec521955d10ca46d4fa81733003adfdf48f728e4b6095da803a6c326c617c
[INFO] running `Command { std: "docker" "create" "-v" "/var/lib/crater-agent-workspace/builds/worker-3/target:/opt/rustwide/target:rw,Z" "-v" "/var/lib/crater-agent-workspace/builds/worker-3/source:/opt/rustwide/workdir:ro,Z" "-v" "/var/lib/crater-agent-workspace/cargo-home:/opt/rustwide/cargo-home:ro,Z" "-v" "/var/lib/crater-agent-workspace/rustup-home:/opt/rustwide/rustup-home:ro,Z" "-e" "SOURCE_DIR=/opt/rustwide/workdir" "-e" "CARGO_TARGET_DIR=/opt/rustwide/target" "-e" "CARGO_INCREMENTAL=0" "-e" "RUST_BACKTRACE=full" "-e" "RUSTFLAGS=--cap-lints=forbid" "-e" "CARGO_HOME=/opt/rustwide/cargo-home" "-e" "RUSTUP_HOME=/opt/rustwide/rustup-home" "-w" "/opt/rustwide/workdir" "-m" "1610612736" "--user" "0:0" "--network" "none" "rustops/crates-build-env@sha256:a636fd89d022f18117e1dc8fb37a0a009933cdbbe082814857f0e2024962d47c" "/opt/rustwide/cargo-home/bin/cargo" "+beta-2020-07-24" "check" "--frozen" "--all" "--all-targets" "--message-format=json", kill_on_drop: false }`
[INFO] [stderr] WARNING: Your kernel does not support swap limit capabilities or the cgroup is not mounted. Memory limited without swap.
[INFO] [stdout] c0921ef99a6c9313243a9caf623ca8f047d868e9f413fa7ab3a95c8c77cb8a2f
[INFO] running `Command { std: "docker" "start" "-a" "c0921ef99a6c9313243a9caf623ca8f047d868e9f413fa7ab3a95c8c77cb8a2f", kill_on_drop: false }`
[INFO] [stderr]    Compiling proc-macro2 v1.0.10
[INFO] [stderr]    Compiling syn v1.0.18
[INFO] [stderr]    Compiling log v0.4.8
[INFO] [stderr]    Compiling serde v1.0.106
[INFO] [stderr]    Compiling protobuf v2.14.0
[INFO] [stderr]     Checking futures-core v0.3.4
[INFO] [stderr]    Compiling bitflags v1.2.1
[INFO] [stderr]    Compiling ppv-lite86 v0.2.6
[INFO] [stderr]     Checking futures-sink v0.3.4
[INFO] [stderr]     Checking futures-task v0.3.4
[INFO] [stderr]     Checking futures-io v0.3.4
[INFO] [stderr]    Compiling same-file v1.0.6
[INFO] [stderr]     Checking pin-project-lite v0.1.4
[INFO] [stderr]    Compiling crc32fast v1.2.0
[INFO] [stderr]    Compiling byteorder v1.3.4
[INFO] [stderr]    Compiling failure_derive v0.1.7
[INFO] [stderr]    Compiling semver-parser v0.7.0
[INFO] [stderr]    Compiling adler32 v1.0.4
[INFO] [stderr]     Checking copyless v0.1.4
[INFO] [stderr]    Compiling fnv v1.0.6
[INFO] [stderr]    Compiling podio v0.1.6
[INFO] [stderr]    Compiling ident_case v1.0.1
[INFO] [stderr]    Compiling strsim v0.9.3
[INFO] [stderr]    Compiling quick-error v1.2.3
[INFO] [stderr]    Compiling anyhow v1.0.28
[INFO] [stderr]    Compiling unicode-width v0.1.7
[INFO] [stderr]    Compiling termcolor v1.1.0
[INFO] [stderr]    Compiling bindgen v0.53.2
[INFO] [stderr]     Checking base64 v0.11.0
[INFO] [stderr]    Compiling rustc-hash v1.1.0
[INFO] [stderr]    Compiling lazycell v1.2.1
[INFO] [stderr]    Compiling arrayvec v0.4.12
[INFO] [stderr]     Checking base64 v0.12.0
[INFO] [stderr]     Checking sha1 v0.6.0
[INFO] [stderr]     Checking language-tags v0.2.2
[INFO] [stderr]     Checking nodrop v0.1.14
[INFO] [stderr]     Checking constant_time_eq v0.1.5
[INFO] [stderr]     Checking ansi_term v0.11.0
[INFO] [stderr]     Checking strsim v0.8.0
[INFO] [stderr]     Checking vec_map v0.8.1
[INFO] [stderr]     Checking remove_dir_all v0.5.2
[INFO] [stderr]     Checking leb128 v0.2.4
[INFO] [stderr]    Compiling openssl v0.10.29
[INFO] [stderr]    Compiling native-tls v0.2.4
[INFO] [stderr]     Checking arrayref v0.3.6
[INFO] [stderr]     Checking subtle v2.2.2
[INFO] [stderr]     Checking openssl-probe v0.1.2
[INFO] [stderr]     Checking zeroize v1.1.0
[INFO] [stderr]     Checking atomic-counter v1.0.1
[INFO] [stderr]    Compiling num-traits v0.2.11
[INFO] [stderr]    Compiling nom v5.1.1
[INFO] [stderr]     Checking bytestring v0.1.5
[INFO] [stderr]     Checking unicode-normalization v0.1.12
[INFO] [stderr]     Checking futures-channel v0.3.4
[INFO] [stderr]    Compiling walkdir v2.3.1
[INFO] [stderr]    Compiling miniz_oxide v0.3.6
[INFO] [stderr]    Compiling clang-sys v0.29.3
[INFO] [stderr]    Compiling humantime v1.3.0
[INFO] [stderr]    Compiling textwrap v0.11.0
[INFO] [stderr]    Compiling synom v0.11.3
[INFO] [stderr]    Compiling libc v0.2.69
[INFO] [stderr]     Checking net2 v0.2.33
[INFO] [stderr]     Checking parking_lot_core v0.7.2
[INFO] [stderr]     Checking hostname v0.3.1
[INFO] [stderr]     Checking rpassword v4.0.5
[INFO] [stderr]    Compiling syn v0.11.11
[INFO] [stderr]     Checking threadpool v1.8.0
[INFO] [stderr]    Compiling protoc v2.14.0
[INFO] [stderr]     Checking want v0.3.0
[INFO] [stderr]     Checking flate2 v1.0.14
[INFO] [stderr]     Checking clap v2.33.0
[INFO] [stderr]     Checking crossbeam-channel v0.4.2
[INFO] [stderr]     Checking resolv-conf v0.6.3
[INFO] [stderr]     Checking mio v0.6.21
[INFO] [stderr]     Checking rand_chacha v0.2.2
[INFO] [stderr]     Checking rand_xorshift v0.2.0
[INFO] [stderr]     Checking env_logger v0.7.1
[INFO] [stderr]     Checking parking_lot v0.10.2
[INFO] [stderr]     Checking fxhash v0.2.1
[INFO] [stderr]     Checking blake2-rfc v0.2.18
[INFO] [stderr]    Compiling jobserver v0.1.21
[INFO] [stderr]    Compiling getrandom v0.1.14
[INFO] [stderr]    Compiling filetime v0.2.9
[INFO] [stderr]    Compiling time v0.1.43
[INFO] [stderr]    Compiling xattr v0.2.2
[INFO] [stderr]    Compiling atty v0.2.14
[INFO] [stderr]    Compiling num_cpus v1.13.0
[INFO] [stderr]    Compiling which v3.1.1
[INFO] [stderr]    Compiling quote v1.0.3
[INFO] [stderr]     Checking idna v0.2.0
[INFO] [stderr]     Checking rand v0.7.3
[INFO] [stderr]     Checking crossbeam v0.7.3
[INFO] [stderr]    Compiling cc v1.0.52
[INFO] [stderr]    Compiling rand_core v0.5.1
[INFO] [stderr]    Compiling tar v0.4.26
[INFO] [stderr]     Checking mio-uds v0.6.7
[INFO] [stderr]     Checking num-integer v0.1.42
[INFO] [stderr]    Compiling num-traits v0.1.43
[INFO] [stderr]     Checking url v2.1.1
[INFO] [stderr]    Compiling enum-primitive-derive v0.1.2
[INFO] [stderr]     Checking tempfile v3.1.0
[INFO] [stderr]     Checking uuid v0.8.1
[INFO] [stderr]    Compiling cexpr v0.4.0
[INFO] [stderr]    Compiling bzip2-sys v0.1.8+1.0.8
[INFO] [stderr]    Compiling backtrace-sys v0.1.36
[INFO] [stderr]    Compiling libloading v0.5.2
[INFO] [stderr]    Compiling brotli-sys v0.3.2
[INFO] [stderr]    Compiling clear_on_drop v0.2.3
[INFO] [stderr]    Compiling openssl-sys v0.9.55
[INFO] [stderr]     Checking secret-tree v0.2.0
[INFO] [stderr]    Compiling bzip2 v0.3.3
[INFO] [stderr]    Compiling zip v0.5.5
[INFO] [stderr]     Checking backtrace v0.3.46
[INFO] [stderr]     Checking brotli2 v0.3.2
[INFO] [stderr]    Compiling exonum_libsodium-sys v0.0.23
[INFO] [stderr]    Compiling synstructure v0.12.3
[INFO] [stderr]    Compiling darling_core v0.10.2
[INFO] [stderr]    Compiling syn-mid v0.5.0
[INFO] [stderr]    Compiling serde_derive v1.0.106
[INFO] [stderr]    Compiling futures-macro v0.3.4
[INFO] [stderr]    Compiling tokio-macros v0.2.5
[INFO] [stderr]    Compiling pin-project-internal v0.4.9
[INFO] [stderr]    Compiling derive_more v0.99.5
[INFO] [stderr]    Compiling actix-macros v0.1.1
[INFO] [stderr]    Compiling enum-as-inner v0.3.2
[INFO] [stderr]    Compiling async-trait v0.1.30
[INFO] [stderr]    Compiling proc-macro-error-attr v1.0.2
[INFO] [stderr]    Compiling thiserror-impl v1.0.16
[INFO] [stderr]    Compiling actix-web-codegen v0.2.1
[INFO] [stderr]    Compiling ctor v0.1.14
[INFO] [stderr]    Compiling actix_derive v0.5.0
[INFO] [stderr]    Compiling proc-macro-error v1.0.2
[INFO] [stderr]     Checking tokio v0.2.19
[INFO] [stderr]    Compiling structopt-derive v0.4.7
[INFO] [stderr]     Checking failure v0.1.7
[INFO] [stderr]     Checking futures-util v0.3.4
[INFO] [stderr]     Checking thiserror v1.0.16
[INFO] [stderr]    Compiling darling_macro v0.10.2
[INFO] [stderr]     Checking pin-project v0.4.9
[INFO] [stderr]     Checking structopt v0.3.14
[INFO] [stderr]    Compiling darling v0.10.2
[INFO] [stderr]    Compiling librocksdb-sys v6.7.4
[INFO] [stderr]     Checking futures-executor v0.3.4
[INFO] [stderr]     Checking actix-service v1.0.5
[INFO] [stderr]     Checking futures v0.3.4
[INFO] [stderr]     Checking tokio-util v0.2.0
[INFO] [stderr]     Checking tokio-util v0.3.1
[INFO] [stderr]     Checking trust-dns-proto v0.18.0-alpha.2
[INFO] [stderr]     Checking futures-retry v0.5.0
[INFO] [stderr]     Checking tokio-tls v0.3.0
[INFO] [stderr]     Checking actix-codec v0.2.0
[INFO] [stderr]     Checking h2 v0.2.4
[INFO] [stderr]     Checking actix-threadpool v0.3.1
[INFO] [stderr]     Checking actix-rt v1.1.0
[INFO] [stderr]     Checking actix-utils v1.0.6
[INFO] [stderr]     Checking actix-server v1.0.2
[INFO] [stderr]     Checking actix-tls v1.0.0
[INFO] [stderr]     Checking trust-dns-resolver v0.18.0-alpha.2
[INFO] [stderr]     Checking hyper v0.13.5
[INFO] [stderr]     Checking actix-testing v1.0.0
[INFO] [stderr]     Checking actix-connect v1.0.2
[INFO] [stderr] error: could not compile `serde`.
[INFO] [stderr] 
[INFO] [stderr] Caused by:
[INFO] [stderr]   process didn't exit successfully: `rustc --crate-name serde /opt/rustwide/cargo-home/registry/src/github.com-1ecc6299db9ec823/serde-1.0.106/src/lib.rs --error-format=json --json=diagnostic-rendered-ansi,artifacts --crate-type lib --emit=dep-info,metadata,link -Cembed-bitcode=no -C debuginfo=2 --cfg 'feature="default"' --cfg 'feature="derive"' --cfg 'feature="serde_derive"' --cfg 'feature="std"' -C metadata=8405f8ee6fd58a56 -C extra-filename=-8405f8ee6fd58a56 --out-dir /opt/rustwide/target/debug/deps -L dependency=/opt/rustwide/target/debug/deps --extern serde_derive=/opt/rustwide/target/debug/deps/libserde_derive-ae3783451defbf81.so --cap-lints allow --cap-lints=forbid --cfg ops_bound --cfg core_reverse --cfg de_boxed_c_str --cfg de_boxed_path --cfg de_rc_dst --cfg core_duration --cfg integer128 --cfg range_inclusive --cfg num_nonzero --cfg core_try_from --cfg num_nonzero_signed --cfg std_atomic64 --cfg std_atomic` (signal: 9, SIGKILL: kill)
[INFO] [stderr] warning: build failed, waiting for other jobs to finish...
[INFO] [stderr] The following warnings were emitted during compilation:
[INFO] [stderr] 
[INFO] [stderr] warning: c++: fatal error: Killed signal terminated program cc1plus
[INFO] [stderr] warning: compilation terminated.
[INFO] [stderr] warning: c++: fatal error: Killed signal terminated program cc1plus
[INFO] [stderr] warning: compilation terminated.
[INFO] [stderr] warning: c++: fatal error: Killed signal terminated program cc1plus
[INFO] [stderr] warning: compilation terminated.
[INFO] [stderr] warning: c++: fatal error: Killed signal terminated program cc1plus
[INFO] [stderr] warning: compilation terminated.
[INFO] [stderr] warning: c++: fatal error: Killed signal terminated program cc1plus
[INFO] [stderr] warning: compilation terminated.
[INFO] [stderr] warning: c++: fatal error: Killed signal terminated program cc1plus
[INFO] [stderr] warning: compilation terminated.
[INFO] [stderr] warning: c++: fatal error: Killed signal terminated program cc1plus
[INFO] [stderr] warning: compilation terminated.
[INFO] [stderr] warning: c++: fatal error: Killed signal terminated program cc1plus
[INFO] [stderr] warning: compilation terminated.
[INFO] [stderr] warning: c++: fatal error: Killed signal terminated program cc1plus
[INFO] [stderr] warning: compilation terminated.
[INFO] [stderr] warning: c++: fatal error: Killed signal terminated program cc1plus
[INFO] [stderr] warning: compilation terminated.
[INFO] [stderr] warning: c++: fatal error: Killed signal terminated program cc1plus
[INFO] [stderr] warning: compilation terminated.
[INFO] [stderr] 
[INFO] [stderr] error: build failed
[INFO] running `Command { std: "docker" "inspect" "c0921ef99a6c9313243a9caf623ca8f047d868e9f413fa7ab3a95c8c77cb8a2f", kill_on_drop: false }`
[INFO] running `Command { std: "docker" "rm" "-f" "c0921ef99a6c9313243a9caf623ca8f047d868e9f413fa7ab3a95c8c77cb8a2f", kill_on_drop: false }`
[INFO] [stdout] c0921ef99a6c9313243a9caf623ca8f047d868e9f413fa7ab3a95c8c77cb8a2f
