[INFO] cloning repository https://github.com/agatan/rparse
[INFO] running `Command { std: "git" "-c" "credential.helper=" "-c" "credential.helper=/workspace/cargo-home/bin/git-credential-null" "clone" "--bare" "https://github.com/agatan/rparse" "/workspace/cache/git-repos/https%3A%2F%2Fgithub.com%2Fagatan%2Frparse", kill_on_drop: false }`
[INFO] [stderr] Cloning into bare repository '/workspace/cache/git-repos/https%3A%2F%2Fgithub.com%2Fagatan%2Frparse'...
[INFO] running `Command { std: "git" "rev-parse" "HEAD", kill_on_drop: false }`
[INFO] [stdout] b0abac886422a2fbc1276c8524e5e67f4a46272d
[INFO] checking agatan/rparse against beta-2020-07-24 for pr-75494-beta
[INFO] running `Command { std: "git" "clone" "/workspace/cache/git-repos/https%3A%2F%2Fgithub.com%2Fagatan%2Frparse" "/workspace/builds/worker-5/source", kill_on_drop: false }`
[INFO] [stderr] Cloning into '/workspace/builds/worker-5/source'...
[INFO] [stderr] done.
[INFO] validating manifest of git repo https://github.com/agatan/rparse on toolchain beta-2020-07-24
[INFO] running `Command { std: "/workspace/cargo-home/bin/cargo" "+beta-2020-07-24" "read-manifest" "--manifest-path" "Cargo.toml", kill_on_drop: false }`
[INFO] started tweaking git repo https://github.com/agatan/rparse
[INFO] finished tweaking git repo https://github.com/agatan/rparse
[INFO] tweaked toml for git repo https://github.com/agatan/rparse written to /workspace/builds/worker-5/source/Cargo.toml
[INFO] crate git repo https://github.com/agatan/rparse already has a lockfile, it will not be regenerated
[INFO] running `Command { std: "/workspace/cargo-home/bin/cargo" "+beta-2020-07-24" "fetch" "--locked" "--manifest-path" "Cargo.toml", kill_on_drop: false }`
[INFO] running `Command { std: "docker" "create" "-v" "/var/lib/crater-agent-workspace/builds/worker-5/target:/opt/rustwide/target:rw,Z" "-v" "/var/lib/crater-agent-workspace/builds/worker-5/source:/opt/rustwide/workdir:ro,Z" "-v" "/var/lib/crater-agent-workspace/cargo-home:/opt/rustwide/cargo-home:ro,Z" "-v" "/var/lib/crater-agent-workspace/rustup-home:/opt/rustwide/rustup-home:ro,Z" "-e" "SOURCE_DIR=/opt/rustwide/workdir" "-e" "CARGO_TARGET_DIR=/opt/rustwide/target" "-e" "CARGO_HOME=/opt/rustwide/cargo-home" "-e" "RUSTUP_HOME=/opt/rustwide/rustup-home" "-w" "/opt/rustwide/workdir" "-m" "1610612736" "--user" "0:0" "--network" "none" "rustops/crates-build-env@sha256:a636fd89d022f18117e1dc8fb37a0a009933cdbbe082814857f0e2024962d47c" "/opt/rustwide/cargo-home/bin/cargo" "+beta-2020-07-24" "metadata" "--no-deps" "--format-version=1", kill_on_drop: false }`
[INFO] [stdout] 3d9777b938af5ee4760227c83c1c0fb61bdf34da3c1c22321acccc36d08396f6
[INFO] [stderr] WARNING: Your kernel does not support swap limit capabilities or the cgroup is not mounted. Memory limited without swap.
[INFO] running `Command { std: "docker" "start" "-a" "3d9777b938af5ee4760227c83c1c0fb61bdf34da3c1c22321acccc36d08396f6", kill_on_drop: false }`
[INFO] running `Command { std: "docker" "inspect" "3d9777b938af5ee4760227c83c1c0fb61bdf34da3c1c22321acccc36d08396f6", kill_on_drop: false }`
[INFO] running `Command { std: "docker" "rm" "-f" "3d9777b938af5ee4760227c83c1c0fb61bdf34da3c1c22321acccc36d08396f6", kill_on_drop: false }`
[INFO] [stdout] 3d9777b938af5ee4760227c83c1c0fb61bdf34da3c1c22321acccc36d08396f6
[INFO] running `Command { std: "docker" "create" "-v" "/var/lib/crater-agent-workspace/builds/worker-5/target:/opt/rustwide/target:rw,Z" "-v" "/var/lib/crater-agent-workspace/builds/worker-5/source:/opt/rustwide/workdir:ro,Z" "-v" "/var/lib/crater-agent-workspace/cargo-home:/opt/rustwide/cargo-home:ro,Z" "-v" "/var/lib/crater-agent-workspace/rustup-home:/opt/rustwide/rustup-home:ro,Z" "-e" "SOURCE_DIR=/opt/rustwide/workdir" "-e" "CARGO_TARGET_DIR=/opt/rustwide/target" "-e" "CARGO_INCREMENTAL=0" "-e" "RUST_BACKTRACE=full" "-e" "RUSTFLAGS=--cap-lints=forbid" "-e" "CARGO_HOME=/opt/rustwide/cargo-home" "-e" "RUSTUP_HOME=/opt/rustwide/rustup-home" "-w" "/opt/rustwide/workdir" "-m" "1610612736" "--user" "0:0" "--network" "none" "rustops/crates-build-env@sha256:a636fd89d022f18117e1dc8fb37a0a009933cdbbe082814857f0e2024962d47c" "/opt/rustwide/cargo-home/bin/cargo" "+beta-2020-07-24" "check" "--frozen" "--all" "--all-targets" "--message-format=json", kill_on_drop: false }`
[INFO] [stdout] e602b43a25986e54baa2d4af6b3fca6a580d6141a236562778aba356da4a87aa
[INFO] [stderr] WARNING: Your kernel does not support swap limit capabilities or the cgroup is not mounted. Memory limited without swap.
[INFO] running `Command { std: "docker" "start" "-a" "e602b43a25986e54baa2d4af6b3fca6a580d6141a236562778aba356da4a87aa", kill_on_drop: false }`
[INFO] [stderr]     Checking rparse v0.1.0 (/opt/rustwide/workdir)
[INFO] [stdout] warning: use of deprecated item 'try': use the `?` operator instead
[INFO] [stdout]    --> src/combinator.rs:280:25
[INFO] [stdout]     |
[INFO] [stdout] 280 |         let (r1, ctx) = try!(self.p1.parse(src));
[INFO] [stdout]     |                         ^^^
[INFO] [stdout]     |
[INFO] [stdout]     = note: `#[warn(deprecated)]` on by default
[INFO] [stdout] 
[INFO] [stdout] 
[INFO] [stdout] error: patterns aren't allowed in functions without bodies
[INFO] [stdout]   --> src/prim/mod.rs:31:28
[INFO] [stdout]    |
[INFO] [stdout] 31 |     fn parse<I>(&mut self, mut src: Peekable<I>)
[INFO] [stdout]    |                            ^^^^^^^
[INFO] [stdout]    |
[INFO] [stdout]    = note: `#[deny(patterns_in_fns_without_body)]` on by default
[INFO] [stdout]    = warning: this was previously accepted by the compiler but is being phased out; it will become a hard error in a future release!
[INFO] [stdout]    = note: for more information, see issue #35203 <https://github.com/rust-lang/rust/issues/35203>
[INFO] [stdout] 
[INFO] [stdout] 
[INFO] [stdout] warning: use of deprecated item 'try': use the `?` operator instead
[INFO] [stdout]    --> src/combinator.rs:280:25
[INFO] [stdout]     |
[INFO] [stdout] 280 |         let (r1, ctx) = try!(self.p1.parse(src));
[INFO] [stdout]     |                         ^^^
[INFO] [stdout]     |
[INFO] [stdout]     = note: `#[warn(deprecated)]` on by default
[INFO] [stdout] 
[INFO] [stdout] 
[INFO] [stdout] error: patterns aren't allowed in functions without bodies
[INFO] [stdout]   --> src/prim/mod.rs:31:28
[INFO] [stdout]    |
[INFO] [stdout] 31 |     fn parse<I>(&mut self, mut src: Peekable<I>)
[INFO] [stdout]    |                            ^^^^^^^
[INFO] [stdout]    |
[INFO] [stdout]    = note: `#[deny(patterns_in_fns_without_body)]` on by default
[INFO] [stdout]    = warning: this was previously accepted by the compiler but is being phased out; it will become a hard error in a future release!
[INFO] [stdout]    = note: for more information, see issue #35203 <https://github.com/rust-lang/rust/issues/35203>
[INFO] [stdout] 
[INFO] [stdout] 
[INFO] [stdout] error[E0277]: the size for values of type `Self` cannot be known at compilation time
[INFO] [stdout]    --> src/combinator.rs:28:33
[INFO] [stdout]     |
[INFO] [stdout] 28  |     fn map<B, F>(self, f: F) -> Map<Self, F>
[INFO] [stdout]     |                                 ^^^^^^^^^^^^ doesn't have a size known at compile-time
[INFO] [stdout] ...
[INFO] [stdout] 141 | pub struct Map<P, F> {
[INFO] [stdout]     |                - required by this bound in `combinator::Map`
[INFO] [stdout]     |
[INFO] [stdout]     = help: the trait `std::marker::Sized` is not implemented for `Self`
[INFO] [stdout]     = note: to learn more, visit <https://doc.rust-lang.org/book/ch19-04-advanced-types.html#dynamically-sized-types-and-the-sized-trait>
[INFO] [stdout] help: you could relax the implicit `Sized` bound on `P` if it were used through indirection like `&P` or `Box<P>`
[INFO] [stdout]    --> src/combinator.rs:141:16
[INFO] [stdout]     |
[INFO] [stdout] 141 | pub struct Map<P, F> {
[INFO] [stdout]     |                ^ this could be changed to `P: ?Sized`...
[INFO] [stdout] 142 |     p: P,
[INFO] [stdout]     |        - ...if indirection was used here: `Box<P>`
[INFO] [stdout] help: consider further restricting `Self`
[INFO] [stdout]     |
[INFO] [stdout] 29  |         where F: FnMut(Self::Output) -> B, Self: std::marker::Sized;
[INFO] [stdout]     |                                          ^^^^^^^^^^^^^^^^^^^^^^^^^^
[INFO] [stdout] 
[INFO] [stdout] 
[INFO] [stdout] error[E0277]: the size for values of type `Self` cannot be known at compilation time
[INFO] [stdout]    --> src/combinator.rs:49:12
[INFO] [stdout]     |
[INFO] [stdout] 49  |         -> FollowedBy<Self, P>;
[INFO] [stdout]     |            ^^^^^^^^^^^^^^^^^^^ doesn't have a size known at compile-time
[INFO] [stdout] ...
[INFO] [stdout] 182 | pub struct FollowedBy<P1: Parser, P2: Parser<Input=P1::Input>> {
[INFO] [stdout]     |                       -- required by this bound in `combinator::FollowedBy`
[INFO] [stdout]     |
[INFO] [stdout]     = help: the trait `std::marker::Sized` is not implemented for `Self`
[INFO] [stdout]     = note: to learn more, visit <https://doc.rust-lang.org/book/ch19-04-advanced-types.html#dynamically-sized-types-and-the-sized-trait>
[INFO] [stdout] help: you could relax the implicit `Sized` bound on `P1` if it were used through indirection like `&P1` or `Box<P1>`
[INFO] [stdout]    --> src/combinator.rs:182:23
[INFO] [stdout]     |
[INFO] [stdout] 182 | pub struct FollowedBy<P1: Parser, P2: Parser<Input=P1::Input>> {
[INFO] [stdout]     |                       ^^ this could be changed to `P1: ?Sized`...
[INFO] [stdout] 183 |     p: P1,
[INFO] [stdout]     |        -- ...if indirection was used here: `Box<P1>`
[INFO] [stdout] help: consider further restricting `Self`
[INFO] [stdout]     |
[INFO] [stdout] 49  |         -> FollowedBy<Self, P> where Self: std::marker::Sized;
[INFO] [stdout]     |                                ^^^^^^^^^^^^^^^^^^^^^^^^^^^^^^
[INFO] [stdout] 
[INFO] [stdout] 
[INFO] [stdout] error[E0277]: the size for values of type `Self` cannot be known at compilation time
[INFO] [stdout]    --> src/combinator.rs:68:12
[INFO] [stdout]     |
[INFO] [stdout] 68  |         -> NotFollowedBy<Self, P>;
[INFO] [stdout]     |            ^^^^^^^^^^^^^^^^^^^^^^ doesn't have a size known at compile-time
[INFO] [stdout] ...
[INFO] [stdout] 223 | pub struct NotFollowedBy<P1: Parser, P2: Parser<Input=P1::Input>> {
[INFO] [stdout]     |                          -- required by this bound in `combinator::NotFollowedBy`
[INFO] [stdout]     |
[INFO] [stdout]     = help: the trait `std::marker::Sized` is not implemented for `Self`
[INFO] [stdout]     = note: to learn more, visit <https://doc.rust-lang.org/book/ch19-04-advanced-types.html#dynamically-sized-types-and-the-sized-trait>
[INFO] [stdout] help: you could relax the implicit `Sized` bound on `P1` if it were used through indirection like `&P1` or `Box<P1>`
[INFO] [stdout]    --> src/combinator.rs:223:26
[INFO] [stdout]     |
[INFO] [stdout] 223 | pub struct NotFollowedBy<P1: Parser, P2: Parser<Input=P1::Input>> {
[INFO] [stdout]     |                          ^^ this could be changed to `P1: ?Sized`...
[INFO] [stdout] 224 |     p: P1,
[INFO] [stdout]     |        -- ...if indirection was used here: `Box<P1>`
[INFO] [stdout] help: consider further restricting `Self`
[INFO] [stdout]     |
[INFO] [stdout] 68  |         -> NotFollowedBy<Self, P> where Self: std::marker::Sized;
[INFO] [stdout]     |                                   ^^^^^^^^^^^^^^^^^^^^^^^^^^^^^^
[INFO] [stdout] 
[INFO] [stdout] 
[INFO] [stdout] error[E0277]: the size for values of type `Self` cannot be known at compilation time
[INFO] [stdout]    --> src/combinator.rs:89:12
[INFO] [stdout]     |
[INFO] [stdout] 89  |         -> Seq<Self::Input, Self, P>;
[INFO] [stdout]     |            ^^^^^^^^^^^^^^^^^^^^^^^^^ doesn't have a size known at compile-time
[INFO] [stdout] ...
[INFO] [stdout] 265 | pub struct Seq<I: Clone, P1: Parser<Input=I>, P2: Parser<Input=I>> {
[INFO] [stdout]     |                          -- required by this bound in `combinator::Seq`
[INFO] [stdout]     |
[INFO] [stdout]     = help: the trait `std::marker::Sized` is not implemented for `Self`
[INFO] [stdout]     = note: to learn more, visit <https://doc.rust-lang.org/book/ch19-04-advanced-types.html#dynamically-sized-types-and-the-sized-trait>
[INFO] [stdout] help: you could relax the implicit `Sized` bound on `P1` if it were used through indirection like `&P1` or `Box<P1>`
[INFO] [stdout]    --> src/combinator.rs:265:26
[INFO] [stdout]     |
[INFO] [stdout] 265 | pub struct Seq<I: Clone, P1: Parser<Input=I>, P2: Parser<Input=I>> {
[INFO] [stdout]     |                          ^^ this could be changed to `P1: ?Sized`...
[INFO] [stdout] 266 |     p1: P1,
[INFO] [stdout]     |         -- ...if indirection was used here: `Box<P1>`
[INFO] [stdout] help: consider further restricting `Self`
[INFO] [stdout]     |
[INFO] [stdout] 89  |         -> Seq<Self::Input, Self, P> where Self: std::marker::Sized;
[INFO] [stdout]     |                                      ^^^^^^^^^^^^^^^^^^^^^^^^^^^^^^
[INFO] [stdout] 
[INFO] [stdout] 
[INFO] [stdout] error[E0277]: the size for values of type `Self` cannot be known at compilation time
[INFO] [stdout]    --> src/combinator.rs:109:12
[INFO] [stdout]     |
[INFO] [stdout] 109 |         -> Skip<Self, P>;
[INFO] [stdout]     |            ^^^^^^^^^^^^^ doesn't have a size known at compile-time
[INFO] [stdout] ...
[INFO] [stdout] 313 | pub struct Skip<P1: Parser, P2: Parser<Input=P1::Input>> {
[INFO] [stdout]     |                 -- required by this bound in `combinator::Skip`
[INFO] [stdout]     |
[INFO] [stdout]     = help: the trait `std::marker::Sized` is not implemented for `Self`
[INFO] [stdout]     = note: to learn more, visit <https://doc.rust-lang.org/book/ch19-04-advanced-types.html#dynamically-sized-types-and-the-sized-trait>
[INFO] [stdout] help: you could relax the implicit `Sized` bound on `P1` if it were used through indirection like `&P1` or `Box<P1>`
[INFO] [stdout]    --> src/combinator.rs:313:17
[INFO] [stdout]     |
[INFO] [stdout] 313 | pub struct Skip<P1: Parser, P2: Parser<Input=P1::Input>> {
[INFO] [stdout]     |                 ^^ this could be changed to `P1: ?Sized`...
[INFO] [stdout] 314 |     p: P1,
[INFO] [stdout]     |        -- ...if indirection was used here: `Box<P1>`
[INFO] [stdout] help: consider further restricting `Self`
[INFO] [stdout]     |
[INFO] [stdout] 109 |         -> Skip<Self, P> where Self: std::marker::Sized;
[INFO] [stdout]     |                          ^^^^^^^^^^^^^^^^^^^^^^^^^^^^^^
[INFO] [stdout] 
[INFO] [stdout] 
[INFO] [stdout] error: aborting due to 6 previous errors; 1 warning emitted
[INFO] [stdout] 
[INFO] [stdout] 
[INFO] [stdout] For more information about this error, try `rustc --explain E0277`.
[INFO] [stdout] 
[INFO] [stdout] error[E0277]: the size for values of type `Self` cannot be known at compilation time
[INFO] [stdout]    --> src/combinator.rs:28:33
[INFO] [stdout]     |
[INFO] [stdout] 28  |     fn map<B, F>(self, f: F) -> Map<Self, F>
[INFO] [stdout]     |                                 ^^^^^^^^^^^^ doesn't have a size known at compile-time
[INFO] [stdout] ...
[INFO] [stdout] 141 | pub struct Map<P, F> {
[INFO] [stdout]     |                - required by this bound in `combinator::Map`
[INFO] [stdout]     |
[INFO] [stdout]     = help: the trait `std::marker::Sized` is not implemented for `Self`
[INFO] [stdout]     = note: to learn more, visit <https://doc.rust-lang.org/book/ch19-04-advanced-types.html#dynamically-sized-types-and-the-sized-trait>
[INFO] [stdout] help: you could relax the implicit `Sized` bound on `P` if it were used through indirection like `&P` or `Box<P>`
[INFO] [stdout]    --> src/combinator.rs:141:16
[INFO] [stdout]     |
[INFO] [stdout] 141 | pub struct Map<P, F> {
[INFO] [stdout]     |                ^ this could be changed to `P: ?Sized`...
[INFO] [stdout] 142 |     p: P,
[INFO] [stdout]     |        - ...if indirection was used here: `Box<P>`
[INFO] [stdout] help: consider further restricting `Self`
[INFO] [stdout]     |
[INFO] [stdout] 29  |         where F: FnMut(Self::Output) -> B, Self: std::marker::Sized;
[INFO] [stdout]     |                                          ^^^^^^^^^^^^^^^^^^^^^^^^^^
[INFO] [stdout] 
[INFO] [stdout] 
[INFO] [stdout] error[E0277]: the size for values of type `Self` cannot be known at compilation time
[INFO] [stdout]    --> src/combinator.rs:49:12
[INFO] [stdout]     |
[INFO] [stdout] 49  |         -> FollowedBy<Self, P>;
[INFO] [stdout]     |            ^^^^^^^^^^^^^^^^^^^ doesn't have a size known at compile-time
[INFO] [stdout] ...
[INFO] [stdout] 182 | pub struct FollowedBy<P1: Parser, P2: Parser<Input=P1::Input>> {
[INFO] [stdout]     |                       -- required by this bound in `combinator::FollowedBy`
[INFO] [stdout]     |
[INFO] [stdout]     = help: the trait `std::marker::Sized` is not implemented for `Self`
[INFO] [stdout]     = note: to learn more, visit <https://doc.rust-lang.org/book/ch19-04-advanced-types.html#dynamically-sized-types-and-the-sized-trait>
[INFO] [stdout] help: you could relax the implicit `Sized` bound on `P1` if it were used through indirection like `&P1` or `Box<P1>`
[INFO] [stdout]    --> src/combinator.rs:182:23
[INFO] [stdout]     |
[INFO] [stdout] 182 | pub struct FollowedBy<P1: Parser, P2: Parser<Input=P1::Input>> {
[INFO] [stdout]     |                       ^^ this could be changed to `P1: ?Sized`...
[INFO] [stdout] 183 |     p: P1,
[INFO] [stdout]     |        -- ...if indirection was used here: `Box<P1>`
[INFO] [stdout] help: consider further restricting `Self`
[INFO] [stdout]     |
[INFO] [stdout] 49  |         -> FollowedBy<Self, P> where Self: std::marker::Sized;
[INFO] [stdout]     |                                ^^^^^^^^^^^^^^^^^^^^^^^^^^^^^^
[INFO] [stdout] 
[INFO] [stdout] 
[INFO] [stderr] error: could not compile `rparse`.
[INFO] [stderr] 
[INFO] [stderr] To learn more, run the command again with --verbose.
[INFO] [stderr] warning: build failed, waiting for other jobs to finish...
[INFO] [stdout] error[E0277]: the size for values of type `Self` cannot be known at compilation time
[INFO] [stdout]    --> src/combinator.rs:68:12
[INFO] [stdout]     |
[INFO] [stdout] 68  |         -> NotFollowedBy<Self, P>;
[INFO] [stdout]     |            ^^^^^^^^^^^^^^^^^^^^^^ doesn't have a size known at compile-time
[INFO] [stdout] ...
[INFO] [stdout] 223 | pub struct NotFollowedBy<P1: Parser, P2: Parser<Input=P1::Input>> {
[INFO] [stdout]     |                          -- required by this bound in `combinator::NotFollowedBy`
[INFO] [stdout]     |
[INFO] [stdout]     = help: the trait `std::marker::Sized` is not implemented for `Self`
[INFO] [stdout]     = note: to learn more, visit <https://doc.rust-lang.org/book/ch19-04-advanced-types.html#dynamically-sized-types-and-the-sized-trait>
[INFO] [stdout] help: you could relax the implicit `Sized` bound on `P1` if it were used through indirection like `&P1` or `Box<P1>`
[INFO] [stdout]    --> src/combinator.rs:223:26
[INFO] [stdout]     |
[INFO] [stdout] 223 | pub struct NotFollowedBy<P1: Parser, P2: Parser<Input=P1::Input>> {
[INFO] [stdout]     |                          ^^ this could be changed to `P1: ?Sized`...
[INFO] [stdout] 224 |     p: P1,
[INFO] [stdout]     |        -- ...if indirection was used here: `Box<P1>`
[INFO] [stdout] help: consider further restricting `Self`
[INFO] [stdout]     |
[INFO] [stdout] 68  |         -> NotFollowedBy<Self, P> where Self: std::marker::Sized;
[INFO] [stdout]     |                                   ^^^^^^^^^^^^^^^^^^^^^^^^^^^^^^
[INFO] [stdout] 
[INFO] [stdout] 
[INFO] [stdout] error[E0277]: the size for values of type `Self` cannot be known at compilation time
[INFO] [stdout]    --> src/combinator.rs:89:12
[INFO] [stdout]     |
[INFO] [stdout] 89  |         -> Seq<Self::Input, Self, P>;
[INFO] [stdout]     |            ^^^^^^^^^^^^^^^^^^^^^^^^^ doesn't have a size known at compile-time
[INFO] [stdout] ...
[INFO] [stdout] 265 | pub struct Seq<I: Clone, P1: Parser<Input=I>, P2: Parser<Input=I>> {
[INFO] [stdout]     |                          -- required by this bound in `combinator::Seq`
[INFO] [stdout]     |
[INFO] [stdout]     = help: the trait `std::marker::Sized` is not implemented for `Self`
[INFO] [stdout]     = note: to learn more, visit <https://doc.rust-lang.org/book/ch19-04-advanced-types.html#dynamically-sized-types-and-the-sized-trait>
[INFO] [stdout] help: you could relax the implicit `Sized` bound on `P1` if it were used through indirection like `&P1` or `Box<P1>`
[INFO] [stdout]    --> src/combinator.rs:265:26
[INFO] [stdout]     |
[INFO] [stdout] 265 | pub struct Seq<I: Clone, P1: Parser<Input=I>, P2: Parser<Input=I>> {
[INFO] [stdout]     |                          ^^ this could be changed to `P1: ?Sized`...
[INFO] [stdout] 266 |     p1: P1,
[INFO] [stdout]     |         -- ...if indirection was used here: `Box<P1>`
[INFO] [stdout] help: consider further restricting `Self`
[INFO] [stdout]     |
[INFO] [stdout] 89  |         -> Seq<Self::Input, Self, P> where Self: std::marker::Sized;
[INFO] [stdout]     |                                      ^^^^^^^^^^^^^^^^^^^^^^^^^^^^^^
[INFO] [stdout] 
[INFO] [stdout] 
[INFO] [stdout] error[E0277]: the size for values of type `Self` cannot be known at compilation time
[INFO] [stdout]    --> src/combinator.rs:109:12
[INFO] [stdout]     |
[INFO] [stdout] 109 |         -> Skip<Self, P>;
[INFO] [stdout]     |            ^^^^^^^^^^^^^ doesn't have a size known at compile-time
[INFO] [stdout] ...
[INFO] [stdout] 313 | pub struct Skip<P1: Parser, P2: Parser<Input=P1::Input>> {
[INFO] [stdout]     |                 -- required by this bound in `combinator::Skip`
[INFO] [stdout]     |
[INFO] [stdout]     = help: the trait `std::marker::Sized` is not implemented for `Self`
[INFO] [stdout]     = note: to learn more, visit <https://doc.rust-lang.org/book/ch19-04-advanced-types.html#dynamically-sized-types-and-the-sized-trait>
[INFO] [stdout] help: you could relax the implicit `Sized` bound on `P1` if it were used through indirection like `&P1` or `Box<P1>`
[INFO] [stdout]    --> src/combinator.rs:313:17
[INFO] [stdout]     |
[INFO] [stdout] 313 | pub struct Skip<P1: Parser, P2: Parser<Input=P1::Input>> {
[INFO] [stdout]     |                 ^^ this could be changed to `P1: ?Sized`...
[INFO] [stdout] 314 |     p: P1,
[INFO] [stdout]     |        -- ...if indirection was used here: `Box<P1>`
[INFO] [stdout] help: consider further restricting `Self`
[INFO] [stdout]     |
[INFO] [stdout] 109 |         -> Skip<Self, P> where Self: std::marker::Sized;
[INFO] [stdout]     |                          ^^^^^^^^^^^^^^^^^^^^^^^^^^^^^^
[INFO] [stdout] 
[INFO] [stdout] 
[INFO] [stdout] error: aborting due to 6 previous errors; 1 warning emitted
[INFO] [stdout] 
[INFO] [stdout] 
[INFO] [stdout] For more information about this error, try `rustc --explain E0277`.
[INFO] [stdout] 
[INFO] [stderr] error: build failed
[INFO] running `Command { std: "docker" "inspect" "e602b43a25986e54baa2d4af6b3fca6a580d6141a236562778aba356da4a87aa", kill_on_drop: false }`
[INFO] running `Command { std: "docker" "rm" "-f" "e602b43a25986e54baa2d4af6b3fca6a580d6141a236562778aba356da4a87aa", kill_on_drop: false }`
[INFO] [stdout] e602b43a25986e54baa2d4af6b3fca6a580d6141a236562778aba356da4a87aa
