[INFO] cloning repository https://github.com/acdenisSK/kitty-rs
[INFO] running `Command { std: "git" "-c" "credential.helper=" "-c" "credential.helper=/workspace/cargo-home/bin/git-credential-null" "clone" "--bare" "https://github.com/acdenisSK/kitty-rs" "/workspace/cache/git-repos/https%3A%2F%2Fgithub.com%2FacdenisSK%2Fkitty-rs", kill_on_drop: false }`
[INFO] [stderr] Cloning into bare repository '/workspace/cache/git-repos/https%3A%2F%2Fgithub.com%2FacdenisSK%2Fkitty-rs'...
[INFO] running `Command { std: "git" "rev-parse" "HEAD", kill_on_drop: false }`
[INFO] [stdout] 7d0e4c52ac4d3ea71c117b9bfcc4bc7536920269
[INFO] checking acdenisSK/kitty-rs against beta-2020-07-24 for pr-75494-beta
[INFO] running `Command { std: "git" "clone" "/workspace/cache/git-repos/https%3A%2F%2Fgithub.com%2FacdenisSK%2Fkitty-rs" "/workspace/builds/worker-2/source", kill_on_drop: false }`
[INFO] [stderr] Cloning into '/workspace/builds/worker-2/source'...
[INFO] [stderr] done.
[INFO] validating manifest of git repo https://github.com/acdenisSK/kitty-rs on toolchain beta-2020-07-24
[INFO] running `Command { std: "/workspace/cargo-home/bin/cargo" "+beta-2020-07-24" "read-manifest" "--manifest-path" "Cargo.toml", kill_on_drop: false }`
[INFO] started tweaking git repo https://github.com/acdenisSK/kitty-rs
[INFO] finished tweaking git repo https://github.com/acdenisSK/kitty-rs
[INFO] tweaked toml for git repo https://github.com/acdenisSK/kitty-rs written to /workspace/builds/worker-2/source/Cargo.toml
[INFO] crate git repo https://github.com/acdenisSK/kitty-rs already has a lockfile, it will not be regenerated
[INFO] running `Command { std: "/workspace/cargo-home/bin/cargo" "+beta-2020-07-24" "fetch" "--locked" "--manifest-path" "Cargo.toml", kill_on_drop: false }`
[INFO] running `Command { std: "docker" "create" "-v" "/var/lib/crater-agent-workspace/builds/worker-2/target:/opt/rustwide/target:rw,Z" "-v" "/var/lib/crater-agent-workspace/builds/worker-2/source:/opt/rustwide/workdir:ro,Z" "-v" "/var/lib/crater-agent-workspace/cargo-home:/opt/rustwide/cargo-home:ro,Z" "-v" "/var/lib/crater-agent-workspace/rustup-home:/opt/rustwide/rustup-home:ro,Z" "-e" "SOURCE_DIR=/opt/rustwide/workdir" "-e" "CARGO_TARGET_DIR=/opt/rustwide/target" "-e" "CARGO_HOME=/opt/rustwide/cargo-home" "-e" "RUSTUP_HOME=/opt/rustwide/rustup-home" "-w" "/opt/rustwide/workdir" "-m" "1610612736" "--user" "0:0" "--network" "none" "rustops/crates-build-env@sha256:a636fd89d022f18117e1dc8fb37a0a009933cdbbe082814857f0e2024962d47c" "/opt/rustwide/cargo-home/bin/cargo" "+beta-2020-07-24" "metadata" "--no-deps" "--format-version=1", kill_on_drop: false }`
[INFO] [stdout] 0becac0255f3871157bdcce7635d7df8f8e95ce97ccb70a5391f74077277e635
[INFO] [stderr] WARNING: Your kernel does not support swap limit capabilities or the cgroup is not mounted. Memory limited without swap.
[INFO] running `Command { std: "docker" "start" "-a" "0becac0255f3871157bdcce7635d7df8f8e95ce97ccb70a5391f74077277e635", kill_on_drop: false }`
[INFO] running `Command { std: "docker" "inspect" "0becac0255f3871157bdcce7635d7df8f8e95ce97ccb70a5391f74077277e635", kill_on_drop: false }`
[INFO] running `Command { std: "docker" "rm" "-f" "0becac0255f3871157bdcce7635d7df8f8e95ce97ccb70a5391f74077277e635", kill_on_drop: false }`
[INFO] [stdout] 0becac0255f3871157bdcce7635d7df8f8e95ce97ccb70a5391f74077277e635
[INFO] running `Command { std: "docker" "create" "-v" "/var/lib/crater-agent-workspace/builds/worker-2/target:/opt/rustwide/target:rw,Z" "-v" "/var/lib/crater-agent-workspace/builds/worker-2/source:/opt/rustwide/workdir:ro,Z" "-v" "/var/lib/crater-agent-workspace/cargo-home:/opt/rustwide/cargo-home:ro,Z" "-v" "/var/lib/crater-agent-workspace/rustup-home:/opt/rustwide/rustup-home:ro,Z" "-e" "SOURCE_DIR=/opt/rustwide/workdir" "-e" "CARGO_TARGET_DIR=/opt/rustwide/target" "-e" "CARGO_INCREMENTAL=0" "-e" "RUST_BACKTRACE=full" "-e" "RUSTFLAGS=--cap-lints=forbid" "-e" "CARGO_HOME=/opt/rustwide/cargo-home" "-e" "RUSTUP_HOME=/opt/rustwide/rustup-home" "-w" "/opt/rustwide/workdir" "-m" "1610612736" "--user" "0:0" "--network" "none" "rustops/crates-build-env@sha256:a636fd89d022f18117e1dc8fb37a0a009933cdbbe082814857f0e2024962d47c" "/opt/rustwide/cargo-home/bin/cargo" "+beta-2020-07-24" "check" "--frozen" "--all" "--all-targets" "--message-format=json", kill_on_drop: false }`
[INFO] [stderr] WARNING: Your kernel does not support swap limit capabilities or the cgroup is not mounted. Memory limited without swap.
[INFO] [stdout] 133aec596cbcfe4eed52ed49b3ac7a45150b12cec0be614a89886a278ffb9739
[INFO] running `Command { std: "docker" "start" "-a" "133aec596cbcfe4eed52ed49b3ac7a45150b12cec0be614a89886a278ffb9739", kill_on_drop: false }`
[INFO] [stderr]    Compiling proc-macro2 v1.0.19
[INFO] [stderr]    Compiling syn v1.0.38
[INFO] [stderr]    Compiling autocfg v1.0.0
[INFO] [stderr]    Compiling cc v1.0.58
[INFO] [stderr]     Checking slab v0.4.2
[INFO] [stderr]     Checking futures-core v0.3.5
[INFO] [stderr]    Compiling pin-project-internal v0.4.23
[INFO] [stderr]     Checking untrusted v0.7.1
[INFO] [stderr]     Checking bytes v0.5.6
[INFO] [stderr]     Checking futures-sink v0.3.5
[INFO] [stderr]     Checking itoa v0.4.6
[INFO] [stderr]    Compiling proc-macro-hack v0.5.18
[INFO] [stderr]    Compiling byteorder v1.3.4
[INFO] [stderr]     Checking pin-project-lite v0.1.7
[INFO] [stderr]    Compiling version_check v0.9.2
[INFO] [stderr]    Compiling typenum v1.12.0
[INFO] [stderr]    Compiling serde_derive v1.0.115
[INFO] [stderr]     Checking tinyvec v0.3.3
[INFO] [stderr]    Compiling serde v1.0.115
[INFO] [stderr]     Checking percent-encoding v2.1.0
[INFO] [stderr]     Checking try-lock v0.2.3
[INFO] [stderr]    Compiling crc32fast v1.2.0
[INFO] [stderr]     Checking adler v0.2.3
[INFO] [stderr]     Checking quick-error v1.2.3
[INFO] [stderr]    Compiling bitflags v1.2.1
[INFO] [stderr]     Checking dtoa v0.4.6
[INFO] [stderr]    Compiling serenity v0.9.0-rc.0
[INFO] [stderr]     Checking ipnet v2.3.0
[INFO] [stderr]     Checking uwl v0.6.0
[INFO] [stderr]     Checking typemap_rev v0.1.3
[INFO] [stderr]     Checking static_assertions v1.1.0
[INFO] [stderr]     Checking tracing-core v0.1.14
[INFO] [stderr]     Checking futures-channel v0.3.5
[INFO] [stderr]     Checking miniz_oxide v0.4.0
[INFO] [stderr]     Checking unicode-normalization v0.1.13
[INFO] [stderr]     Checking humantime v1.3.0
[INFO] [stderr]     Checking http v0.2.1
[INFO] [stderr]     Checking input_buffer v0.3.1
[INFO] [stderr]     Checking log v0.4.11
[INFO] [stderr]    Compiling unicase v2.6.0
[INFO] [stderr]    Compiling hashbrown v0.8.2
[INFO] [stderr]    Compiling indexmap v1.5.1
[INFO] [stderr]    Compiling num-traits v0.2.12
[INFO] [stderr]    Compiling num-integer v0.1.43
[INFO] [stderr]     Checking net2 v0.2.34
[INFO] [stderr]     Checking iovec v0.1.4
[INFO] [stderr]     Checking signal-hook-registry v1.2.1
[INFO] [stderr]     Checking getrandom v0.1.14
[INFO] [stderr]     Checking time v0.1.43
[INFO] [stderr]     Checking socket2 v0.3.12
[INFO] [stderr]     Checking atty v0.2.14
[INFO] [stderr]     Checking want v0.3.0
[INFO] [stderr]     Checking tracing v0.1.19
[INFO] [stderr]     Checking mio v0.6.22
[INFO] [stderr]     Checking rand_core v0.5.1
[INFO] [stderr]    Compiling quote v1.0.7
[INFO] [stderr]     Checking env_logger v0.7.1
[INFO] [stderr]     Checking flate2 v1.0.16
[INFO] [stderr]     Checking base64 v0.10.1
[INFO] [stderr]     Checking rand_chacha v0.2.2
[INFO] [stderr]     Checking idna v0.2.0
[INFO] [stderr]    Compiling mime_guess v2.0.3
[INFO] [stderr]     Checking pretty_env_logger v0.4.0
[INFO] [stderr]     Checking rand v0.7.3
[INFO] [stderr]    Compiling ring v0.16.15
[INFO] [stderr]     Checking mio-uds v0.6.8
[INFO] [stderr]     Checking url v2.1.1
[INFO] [stderr]     Checking generic-array v0.12.3
[INFO] [stderr]     Checking block-buffer v0.7.3
[INFO] [stderr]     Checking digest v0.8.1
[INFO] [stderr]     Checking sha-1 v0.8.2
[INFO] [stderr]     Checking http-body v0.3.1
[INFO] [stderr]     Checking tungstenite v0.10.1
[INFO] [stderr]     Checking webpki v0.21.3
[INFO] [stderr]     Checking sct v0.6.0
[INFO] [stderr]     Checking rustls v0.18.0
[INFO] [stderr]     Checking webpki-roots v0.17.0
[INFO] [stderr]     Checking rustls v0.16.0
[INFO] [stderr]     Checking webpki-roots v0.19.0
[INFO] [stderr]    Compiling futures-macro v0.3.5
[INFO] [stderr]    Compiling tokio-macros v0.2.5
[INFO] [stderr]    Compiling command_attr v0.3.0-rc.0
[INFO] [stderr]    Compiling async-trait v0.1.36
[INFO] [stderr]     Checking tokio v0.2.22
[INFO] [stderr]     Checking pin-project v0.4.23
[INFO] [stderr]     Checking futures-util v0.3.5
[INFO] [stderr]     Checking tokio-util v0.3.1
[INFO] [stderr]     Checking tokio-rustls v0.14.0
[INFO] [stderr]     Checking h2 v0.2.6
[INFO] [stderr]     Checking futures-executor v0.3.5
[INFO] [stderr]     Checking futures v0.3.5
[INFO] [stderr]     Checking async-tls v0.6.0
[INFO] [stderr]     Checking async-tungstenite v0.4.2
[INFO] [stderr]     Checking serde_json v1.0.57
[INFO] [stderr]     Checking serde_urlencoded v0.6.1
[INFO] [stderr]     Checking chrono v0.4.13
[INFO] [stderr]     Checking hyper v0.13.7
[INFO] [stderr]     Checking hyper-rustls v0.21.0
[INFO] [stderr]     Checking reqwest v0.10.7
[INFO] [stderr]     Checking kitty-rs v0.1.0 (/opt/rustwide/workdir)
[INFO] [stdout] error[E0554]: `#![feature]` may not be used on the beta release channel
[INFO] [stdout]  --> src/main.rs:1:1
[INFO] [stdout]   |
[INFO] [stdout] 1 | #![feature(stmt_expr_attributes)]
[INFO] [stdout]   | ^^^^^^^^^^^^^^^^^^^^^^^^^^^^^^^^^
[INFO] [stdout] 
[INFO] [stdout] 
[INFO] [stdout] error[E0554]: `#![feature]` may not be used on the beta release channel
[INFO] [stdout]  --> src/main.rs:2:1
[INFO] [stdout]   |
[INFO] [stdout] 2 | #![feature(proc_macro_hygiene)]
[INFO] [stdout]   | ^^^^^^^^^^^^^^^^^^^^^^^^^^^^^^^
[INFO] [stdout] 
[INFO] [stdout] 
[INFO] [stdout] error[E0554]: `#![feature]` may not be used on the beta release channel
[INFO] [stdout]  --> src/main.rs:3:1
[INFO] [stdout]   |
[INFO] [stdout] 3 | #![feature(async_closure)]
[INFO] [stdout]   | ^^^^^^^^^^^^^^^^^^^^^^^^^^
[INFO] [stdout] 
[INFO] [stdout] 
[INFO] [stdout] error[E0554]: `#![feature]` may not be used on the beta release channel
[INFO] [stdout]  --> src/main.rs:1:1
[INFO] [stdout]   |
[INFO] [stdout] 1 | #![feature(stmt_expr_attributes)]
[INFO] [stdout]   | ^^^^^^^^^^^^^^^^^^^^^^^^^^^^^^^^^
[INFO] [stdout] 
[INFO] [stdout] 
[INFO] [stdout] error[E0554]: `#![feature]` may not be used on the beta release channel
[INFO] [stdout]  --> src/main.rs:2:1
[INFO] [stdout]   |
[INFO] [stdout] 2 | #![feature(proc_macro_hygiene)]
[INFO] [stdout]   | ^^^^^^^^^^^^^^^^^^^^^^^^^^^^^^^
[INFO] [stdout] 
[INFO] [stdout] 
[INFO] [stdout] error[E0554]: `#![feature]` may not be used on the beta release channel
[INFO] [stdout]  --> src/main.rs:3:1
[INFO] [stdout]   |
[INFO] [stdout] 3 | #![feature(async_closure)]
[INFO] [stdout]   | ^^^^^^^^^^^^^^^^^^^^^^^^^^
[INFO] [stdout] 
[INFO] [stdout] 
[INFO] [stdout] error: aborting due to 3 previous errors
[INFO] [stdout] 
[INFO] [stdout] 
[INFO] [stdout] For more information about this error, try `rustc --explain E0554`.
[INFO] [stdout] 
[INFO] [stderr] error: could not compile `kitty-rs`.
[INFO] [stderr] 
[INFO] [stderr] To learn more, run the command again with --verbose.
[INFO] [stderr] warning: build failed, waiting for other jobs to finish...
[INFO] [stdout] error: aborting due to 3 previous errors
[INFO] [stdout] 
[INFO] [stdout] 
[INFO] [stdout] For more information about this error, try `rustc --explain E0554`.
[INFO] [stdout] 
[INFO] [stderr] error: build failed
[INFO] running `Command { std: "docker" "inspect" "133aec596cbcfe4eed52ed49b3ac7a45150b12cec0be614a89886a278ffb9739", kill_on_drop: false }`
[INFO] running `Command { std: "docker" "rm" "-f" "133aec596cbcfe4eed52ed49b3ac7a45150b12cec0be614a89886a278ffb9739", kill_on_drop: false }`
[INFO] [stdout] 133aec596cbcfe4eed52ed49b3ac7a45150b12cec0be614a89886a278ffb9739
