[INFO] cloning repository https://github.com/abrodersen/backupmanager
[INFO] running `Command { std: "git" "-c" "credential.helper=" "-c" "credential.helper=/workspace/cargo-home/bin/git-credential-null" "clone" "--bare" "https://github.com/abrodersen/backupmanager" "/workspace/cache/git-repos/https%3A%2F%2Fgithub.com%2Fabrodersen%2Fbackupmanager", kill_on_drop: false }`
[INFO] [stderr] Cloning into bare repository '/workspace/cache/git-repos/https%3A%2F%2Fgithub.com%2Fabrodersen%2Fbackupmanager'...
[INFO] running `Command { std: "git" "rev-parse" "HEAD", kill_on_drop: false }`
[INFO] [stdout] 41f737e77b42c3e4cdaf9b8945c946a3bb293605
[INFO] checking abrodersen/backupmanager against beta-2020-07-24 for pr-75494-beta
[INFO] running `Command { std: "git" "clone" "/workspace/cache/git-repos/https%3A%2F%2Fgithub.com%2Fabrodersen%2Fbackupmanager" "/workspace/builds/worker-0/source", kill_on_drop: false }`
[INFO] [stderr] Cloning into '/workspace/builds/worker-0/source'...
[INFO] [stderr] done.
[INFO] validating manifest of git repo https://github.com/abrodersen/backupmanager on toolchain beta-2020-07-24
[INFO] running `Command { std: "/workspace/cargo-home/bin/cargo" "+beta-2020-07-24" "read-manifest" "--manifest-path" "Cargo.toml", kill_on_drop: false }`
[INFO] started tweaking git repo https://github.com/abrodersen/backupmanager
[INFO] finished tweaking git repo https://github.com/abrodersen/backupmanager
[INFO] tweaked toml for git repo https://github.com/abrodersen/backupmanager written to /workspace/builds/worker-0/source/Cargo.toml
[INFO] crate git repo https://github.com/abrodersen/backupmanager already has a lockfile, it will not be regenerated
[INFO] running `Command { std: "/workspace/cargo-home/bin/cargo" "+beta-2020-07-24" "fetch" "--locked" "--manifest-path" "Cargo.toml", kill_on_drop: false }`
[INFO] running `Command { std: "docker" "create" "-v" "/var/lib/crater-agent-workspace/builds/worker-0/target:/opt/rustwide/target:rw,Z" "-v" "/var/lib/crater-agent-workspace/builds/worker-0/source:/opt/rustwide/workdir:ro,Z" "-v" "/var/lib/crater-agent-workspace/cargo-home:/opt/rustwide/cargo-home:ro,Z" "-v" "/var/lib/crater-agent-workspace/rustup-home:/opt/rustwide/rustup-home:ro,Z" "-e" "SOURCE_DIR=/opt/rustwide/workdir" "-e" "CARGO_TARGET_DIR=/opt/rustwide/target" "-e" "CARGO_HOME=/opt/rustwide/cargo-home" "-e" "RUSTUP_HOME=/opt/rustwide/rustup-home" "-w" "/opt/rustwide/workdir" "-m" "1610612736" "--user" "0:0" "--network" "none" "rustops/crates-build-env@sha256:a636fd89d022f18117e1dc8fb37a0a009933cdbbe082814857f0e2024962d47c" "/opt/rustwide/cargo-home/bin/cargo" "+beta-2020-07-24" "metadata" "--no-deps" "--format-version=1", kill_on_drop: false }`
[INFO] [stderr] WARNING: Your kernel does not support swap limit capabilities or the cgroup is not mounted. Memory limited without swap.
[INFO] [stdout] fa565b2cdb28ad0c77278bdcb0a405e51f442cd8401adb784d7be4c465ea4f31
[INFO] running `Command { std: "docker" "start" "-a" "fa565b2cdb28ad0c77278bdcb0a405e51f442cd8401adb784d7be4c465ea4f31", kill_on_drop: false }`
[INFO] running `Command { std: "docker" "inspect" "fa565b2cdb28ad0c77278bdcb0a405e51f442cd8401adb784d7be4c465ea4f31", kill_on_drop: false }`
[INFO] running `Command { std: "docker" "rm" "-f" "fa565b2cdb28ad0c77278bdcb0a405e51f442cd8401adb784d7be4c465ea4f31", kill_on_drop: false }`
[INFO] [stdout] fa565b2cdb28ad0c77278bdcb0a405e51f442cd8401adb784d7be4c465ea4f31
[INFO] running `Command { std: "docker" "create" "-v" "/var/lib/crater-agent-workspace/builds/worker-0/target:/opt/rustwide/target:rw,Z" "-v" "/var/lib/crater-agent-workspace/builds/worker-0/source:/opt/rustwide/workdir:ro,Z" "-v" "/var/lib/crater-agent-workspace/cargo-home:/opt/rustwide/cargo-home:ro,Z" "-v" "/var/lib/crater-agent-workspace/rustup-home:/opt/rustwide/rustup-home:ro,Z" "-e" "SOURCE_DIR=/opt/rustwide/workdir" "-e" "CARGO_TARGET_DIR=/opt/rustwide/target" "-e" "CARGO_INCREMENTAL=0" "-e" "RUST_BACKTRACE=full" "-e" "RUSTFLAGS=--cap-lints=forbid" "-e" "CARGO_HOME=/opt/rustwide/cargo-home" "-e" "RUSTUP_HOME=/opt/rustwide/rustup-home" "-w" "/opt/rustwide/workdir" "-m" "1610612736" "--user" "0:0" "--network" "none" "rustops/crates-build-env@sha256:a636fd89d022f18117e1dc8fb37a0a009933cdbbe082814857f0e2024962d47c" "/opt/rustwide/cargo-home/bin/cargo" "+beta-2020-07-24" "check" "--frozen" "--all" "--all-targets" "--message-format=json", kill_on_drop: false }`
[INFO] [stderr] WARNING: Your kernel does not support swap limit capabilities or the cgroup is not mounted. Memory limited without swap.
[INFO] [stdout] 09d4e69f159ca8ca988cbb9ea73da8f47d7d88fbdf99c6480ea9c542ebc44a0a
[INFO] running `Command { std: "docker" "start" "-a" "09d4e69f159ca8ca988cbb9ea73da8f47d7d88fbdf99c6480ea9c542ebc44a0a", kill_on_drop: false }`
[INFO] [stderr]    Compiling libc v0.2.62
[INFO] [stderr]    Compiling autocfg v0.1.5
[INFO] [stderr]    Compiling log v0.4.8
[INFO] [stderr]    Compiling cc v1.0.40
[INFO] [stderr]     Checking rand_core v0.4.2
[INFO] [stderr]    Compiling semver-parser v0.7.0
[INFO] [stderr]    Compiling proc-macro2 v1.0.1
[INFO] [stderr]    Compiling unicode-xid v0.2.0
[INFO] [stderr]    Compiling syn v1.0.2
[INFO] [stderr]    Compiling serde v1.0.99
[INFO] [stderr]    Compiling regex-syntax v0.6.11
[INFO] [stderr]     Checking slab v0.4.2
[INFO] [stderr]    Compiling syn v0.15.44
[INFO] [stderr]    Compiling glob v0.2.11
[INFO] [stderr]    Compiling pkg-config v0.3.15
[INFO] [stderr]    Compiling quick-error v1.2.2
[INFO] [stderr]    Compiling unicode-width v0.1.5
[INFO] [stderr]    Compiling siphasher v0.2.3
[INFO] [stderr]    Compiling termcolor v1.0.5
[INFO] [stderr]    Compiling arrayvec v0.4.11
[INFO] [stderr]    Compiling string_cache_shared v0.3.0
[INFO] [stderr]    Compiling peeking_take_while v0.1.2
[INFO] [stderr]    Compiling getrandom v0.1.9
[INFO] [stderr]    Compiling rustc-demangle v0.1.16
[INFO] [stderr]    Compiling fixedbitset v0.1.9
[INFO] [stderr]    Compiling bit-vec v0.5.1
[INFO] [stderr]    Compiling new_debug_unreachable v1.0.3
[INFO] [stderr]    Compiling strsim v0.9.2
[INFO] [stderr]    Compiling either v1.5.2
[INFO] [stderr]    Compiling ordermap v0.3.5
[INFO] [stderr]    Compiling precomputed-hash v0.1.1
[INFO] [stderr]    Compiling diff v0.1.11
[INFO] [stderr]    Compiling bindgen v0.47.3
[INFO] [stderr]     Checking arc-swap v0.4.2
[INFO] [stderr]    Compiling lalrpop-util v0.17.1
[INFO] [stderr]    Compiling httparse v1.3.4
[INFO] [stderr]     Checking matches v0.1.8
[INFO] [stderr]    Compiling openssl v0.10.24
[INFO] [stderr]     Checking try-lock v0.2.2
[INFO] [stderr]     Checking foreign-types-shared v0.1.1
[INFO] [stderr]    Compiling bindgen v0.42.3
[INFO] [stderr]    Compiling native-tls v0.2.3
[INFO] [stderr]    Compiling crc32fast v1.2.0
[INFO] [stderr]     Checking safemem v0.3.2
[INFO] [stderr]     Checking openssl-probe v0.1.2
[INFO] [stderr]     Checking fake-simd v0.1.2
[INFO] [stderr]     Checking constant_time_eq v0.1.3
[INFO] [stderr]     Checking percent-encoding v1.0.1
[INFO] [stderr]     Checking shlex v0.1.1
[INFO] [stderr]     Checking byte-tools v0.3.1
[INFO] [stderr]    Compiling memsec v0.5.6
[INFO] [stderr]    Compiling nix v0.15.0
[INFO] [stderr]     Checking hex v0.3.2
[INFO] [stderr]     Checking vec_map v0.8.1
[INFO] [stderr]     Checking ansi_term v0.11.0
[INFO] [stderr]     Checking remove_dir_all v0.5.2
[INFO] [stderr]     Checking opaque-debug v0.2.3
[INFO] [stderr]     Checking nom v2.1.0
[INFO] [stderr]     Checking crossbeam-utils v0.6.6
[INFO] [stderr]    Compiling proc-macro2 v0.3.5
[INFO] [stderr]    Compiling thread_local v0.3.6
[INFO] [stderr]     Checking rand_core v0.3.1
[INFO] [stderr]     Checking rand_jitter v0.1.4
[INFO] [stderr]    Compiling nom v4.2.3
[INFO] [stderr]    Compiling humantime v1.2.0
[INFO] [stderr]    Compiling semver v0.9.0
[INFO] [stderr]    Compiling textwrap v0.11.0
[INFO] [stderr]    Compiling block-padding v0.1.4
[INFO] [stderr]    Compiling phf_shared v0.7.24
[INFO] [stderr]    Compiling rand_chacha v0.1.1
[INFO] [stderr]    Compiling rand_pcg v0.1.2
[INFO] [stderr]    Compiling rand v0.6.5
[INFO] [stderr]    Compiling num-traits v0.2.8
[INFO] [stderr]    Compiling num-integer v0.1.41
[INFO] [stderr]    Compiling bincode v1.1.4
[INFO] [stderr]    Compiling bit-set v0.5.1
[INFO] [stderr]    Compiling itertools v0.8.0
[INFO] [stderr]     Checking unicode-bidi v0.3.4
[INFO] [stderr]    Compiling clang-sys v0.26.4
[INFO] [stderr]     Checking foreign-types v0.3.2
[INFO] [stderr]     Checking c2-chacha v0.2.2
[INFO] [stderr]    Compiling petgraph v0.4.13
[INFO] [stderr]    Compiling typenum v1.10.0
[INFO] [stderr]    Compiling bitflags v1.1.0
[INFO] [stderr]    Compiling byteorder v1.3.2
[INFO] [stderr]     Checking rand_xorshift v0.1.1
[INFO] [stderr]     Checking rand_hc v0.1.0
[INFO] [stderr]     Checking rand_isaac v0.1.1
[INFO] [stderr]     Checking tokio-executor v0.1.8
[INFO] [stderr]     Checking crossbeam-queue v0.1.2
[INFO] [stderr]     Checking crossbeam-channel v0.3.9
[INFO] [stderr]    Compiling rustc_version v0.2.3
[INFO] [stderr]    Compiling quote v0.5.2
[INFO] [stderr]    Compiling aho-corasick v0.7.6
[INFO] [stderr]     Checking generic-array v0.9.0
[INFO] [stderr]     Checking generic-array v0.12.3
[INFO] [stderr]    Compiling backtrace-sys v0.1.31
[INFO] [stderr]    Compiling libloading v0.5.2
[INFO] [stderr]    Compiling openssl-sys v0.9.49
[INFO] [stderr]    Compiling miniz-sys v0.1.12
[INFO] [stderr]    Compiling bzip2-sys v0.1.7
[INFO] [stderr]     Checking xml-rs v0.7.0
[INFO] [stderr]     Checking base64 v0.9.3
[INFO] [stderr]     Checking idna v0.1.5
[INFO] [stderr]    Compiling hashbrown v0.1.8
[INFO] [stderr]     Checking want v0.2.0
[INFO] [stderr]    Compiling ena v0.13.0
[INFO] [stderr]     Checking tokio-current-thread v0.1.6
[INFO] [stderr]     Checking tokio-timer v0.2.11
[INFO] [stderr]    Compiling quote v1.0.1
[INFO] [stderr]     Checking digest v0.7.6
[INFO] [stderr]     Checking crypto-mac v0.5.2
[INFO] [stderr]    Compiling parking_lot_core v0.4.0
[INFO] [stderr]    Compiling memoffset v0.5.1
[INFO] [stderr]    Compiling hyper v0.12.33
[INFO] [stderr]    Compiling rusoto_core v0.40.0
[INFO] [stderr]     Checking digest v0.8.1
[INFO] [stderr]     Checking block-buffer v0.7.3
[INFO] [stderr]     Checking regex v1.2.1
[INFO] [stderr]     Checking url v1.7.2
[INFO] [stderr]     Checking sha2 v0.7.1
[INFO] [stderr]     Checking hmac v0.5.0
[INFO] [stderr]    Compiling atty v0.2.13
[INFO] [stderr]    Compiling rand_os v0.1.3
[INFO] [stderr]    Compiling dirs v1.0.5
[INFO] [stderr]    Compiling which v1.0.5
[INFO] [stderr]     Checking iovec v0.1.2
[INFO] [stderr]     Checking num_cpus v1.10.1
[INFO] [stderr]     Checking net2 v0.2.33
[INFO] [stderr]     Checking time v0.1.42
[INFO] [stderr]     Checking signal-hook-registry v1.1.1
[INFO] [stderr]     Checking errno v0.2.4
[INFO] [stderr]     Checking xattr v0.2.2
[INFO] [stderr]     Checking rand v0.5.6
[INFO] [stderr]     Checking filetime v0.2.7
[INFO] [stderr]     Checking gethostname v0.2.0
[INFO] [stderr]     Checking sha2 v0.8.0
[INFO] [stderr]    Compiling cexpr v0.3.5
[INFO] [stderr]    Compiling clap v2.33.0
[INFO] [stderr]    Compiling term v0.5.2
[INFO] [stderr]     Checking bytes v0.4.12
[INFO] [stderr]     Checking futures-cpupool v0.1.8
[INFO] [stderr]     Checking rand_core v0.5.0
[INFO] [stderr]     Checking signal-hook v0.1.10
[INFO] [stderr]     Checking loopdev v0.2.1
[INFO] [stderr]     Checking mio v0.6.19
[INFO] [stderr]     Checking tar v0.4.26
[INFO] [stderr]    Compiling backtrace v0.3.34
[INFO] [stderr]     Checking flate2 v1.0.11
[INFO] [stderr]     Checking env_logger v0.6.2
[INFO] [stderr]     Checking bzip2 v0.3.3
[INFO] [stderr]    Compiling ascii-canvas v2.0.0
[INFO] [stderr]    Compiling env_logger v0.5.13
[INFO] [stderr]     Checking tokio-io v0.1.12
[INFO] [stderr]     Checking http v0.1.18
[INFO] [stderr]     Checking tokio-buf v0.1.1
[INFO] [stderr]     Checking string v0.2.1
[INFO] [stderr]     Checking rand_chacha v0.2.1
[INFO] [stderr]     Checking sys-mount v1.2.1
[INFO] [stderr]     Checking exponential-backoff v0.2.2
[INFO] [stderr]     Checking crossbeam-epoch v0.7.2
[INFO] [stderr]    Compiling phf_generator v0.7.24
[INFO] [stderr]     Checking mio-uds v0.6.7
[INFO] [stderr]     Checking error-chain v0.10.0
[INFO] [stderr]     Checking quickcheck v0.8.5
[INFO] [stderr]     Checking buffered-reader v0.9.0
[INFO] [stderr]    Compiling synstructure v0.10.2
[INFO] [stderr]     Checking tokio-codec v0.1.1
[INFO] [stderr]     Checking rand v0.7.0
[INFO] [stderr]    Compiling string_cache_codegen v0.4.2
[INFO] [stderr]     Checking crossbeam-deque v0.7.1
[INFO] [stderr]     Checking parking_lot v0.7.1
[INFO] [stderr]     Checking tokio-threadpool v0.1.15
[INFO] [stderr]     Checking crossbeam v0.7.2
[INFO] [stderr]     Checking tokio-reactor v0.1.9
[INFO] [stderr]     Checking tokio-fs v0.1.6
[INFO] [stderr]     Checking tempfile v3.1.0
[INFO] [stderr]     Checking tokio-tcp v0.1.3
[INFO] [stderr]     Checking tokio-uds v0.2.5
[INFO] [stderr]     Checking tokio-udp v0.1.3
[INFO] [stderr]     Checking tokio-signal v0.2.7
[INFO] [stderr]     Checking http-body v0.1.0
[INFO] [stderr]     Checking h2 v0.1.26
[INFO] [stderr]     Checking tokio-process v0.2.4
[INFO] [stderr]    Compiling string_cache v0.7.3
[INFO] [stderr]     Checking tokio v0.1.22
[INFO] [stderr]    Compiling failure_derive v0.1.5
[INFO] [stderr]    Compiling structopt-derive v0.2.18
[INFO] [stderr]    Compiling serde_derive v1.0.99
[INFO] [stderr]    Compiling failure v0.1.5
[INFO] [stderr]    Compiling which v2.0.1
[INFO] [stderr]     Checking structopt v0.2.18
[INFO] [stderr]     Checking hyper-tls v0.3.2
[INFO] [stderr]    Compiling lvm2-sys v0.1.0 (https://github.com/abrodersen/lvm2-rs#ccc37c90)
[INFO] [stderr] error: failed to run custom build command for `lvm2-sys v0.1.0 (https://github.com/abrodersen/lvm2-rs#ccc37c90)`
[INFO] [stderr] 
[INFO] [stderr] Caused by:
[INFO] [stderr]   process didn't exit successfully: `/opt/rustwide/target/debug/build/lvm2-sys-4600a13cd4e9ed94/build-script-build` (exit code: 101)
[INFO] [stderr]   --- stdout
[INFO] [stderr]   cargo:rustc-link-lib=lvm2app
[INFO] [stderr] 
[INFO] [stderr]   --- stderr
[INFO] [stderr]   wrapper.h:1:10: fatal error: 'lvm2app.h' file not found
[INFO] [stderr]   wrapper.h:1:10: fatal error: 'lvm2app.h' file not found, err: true
[INFO] [stderr]   thread 'main' panicked at 'Unable to generate bindings: ()', /opt/rustwide/cargo-home/git/checkouts/lvm2-rs-3a0d5bd4fd984c6a/ccc37c9/lvm2-sys/build.rs:19:10
[INFO] [stderr]   stack backtrace:
[INFO] [stderr]      0:     0x556b16926215 - backtrace::backtrace::libunwind::trace::h5e2646fa3eddf2ea
[INFO] [stderr]                                  at /cargo/registry/src/github.com-1ecc6299db9ec823/backtrace-0.3.46/src/backtrace/libunwind.rs:86
[INFO] [stderr]      1:     0x556b16926215 - backtrace::backtrace::trace_unsynchronized::hb95dd7f77ce47877
[INFO] [stderr]                                  at /cargo/registry/src/github.com-1ecc6299db9ec823/backtrace-0.3.46/src/backtrace/mod.rs:66
[INFO] [stderr]      2:     0x556b16926215 - std::sys_common::backtrace::_print_fmt::h5e71b67af43fd70d
[INFO] [stderr]                                  at src/libstd/sys_common/backtrace.rs:78
[INFO] [stderr]      3:     0x556b16926215 - <std::sys_common::backtrace::_print::DisplayBacktrace as core::fmt::Display>::fmt::hdb4a83d2b61107e5
[INFO] [stderr]                                  at src/libstd/sys_common/backtrace.rs:59
[INFO] [stderr]      4:     0x556b1694fedc - core::fmt::write::ha20e7262fa3e8a7a
[INFO] [stderr]                                  at src/libcore/fmt/mod.rs:1076
[INFO] [stderr]      5:     0x556b169229c2 - std::io::Write::write_fmt::h1aebfe8a5a79e36d
[INFO] [stderr]                                  at src/libstd/io/mod.rs:1537
[INFO] [stderr]      6:     0x556b16928940 - std::sys_common::backtrace::_print::h9c07314cc66ba539
[INFO] [stderr]                                  at src/libstd/sys_common/backtrace.rs:62
[INFO] [stderr]      7:     0x556b16928940 - std::sys_common::backtrace::print::hd1fd65f49a2d8544
[INFO] [stderr]                                  at src/libstd/sys_common/backtrace.rs:49
[INFO] [stderr]      8:     0x556b16928940 - std::panicking::default_hook::{{closure}}::h222da46485ab36fc
[INFO] [stderr]                                  at src/libstd/panicking.rs:198
[INFO] [stderr]      9:     0x556b1692868c - std::panicking::default_hook::hc5868949d129ed00
[INFO] [stderr]                                  at src/libstd/panicking.rs:217
[INFO] [stderr]     10:     0x556b16928f83 - std::panicking::rust_panic_with_hook::h26a6ab8b0993c0c8
[INFO] [stderr]                                  at src/libstd/panicking.rs:526
[INFO] [stderr]     11:     0x556b16928b7b - rust_begin_unwind
[INFO] [stderr]                                  at src/libstd/panicking.rs:437
[INFO] [stderr]     12:     0x556b1694e591 - core::panicking::panic_fmt::h17139c2000299725
[INFO] [stderr]                                  at src/libcore/panicking.rs:85
[INFO] [stderr]     13:     0x556b1694e3b3 - core::option::expect_none_failed::h972f96abb4ec8952
[INFO] [stderr]                                  at src/libcore/option.rs:1269
[INFO] [stderr]     14:     0x556b163b4f1e - core::result::Result<T,E>::expect::hef8939133bc33c64
[INFO] [stderr]                                  at /rustc/6f959902b3103c49ca981fbc01871589c3498489/src/libcore/result.rs:963
[INFO] [stderr]     15:     0x556b163b60b3 - build_script_build::main::h358e76dc43e2995c
[INFO] [stderr]                                  at /opt/rustwide/cargo-home/git/checkouts/lvm2-rs-3a0d5bd4fd984c6a/ccc37c9/lvm2-sys/build.rs:9
[INFO] [stderr]     16:     0x556b163b65cb - std::rt::lang_start::{{closure}}::hb2aa222ef1e402bf
[INFO] [stderr]                                  at /rustc/6f959902b3103c49ca981fbc01871589c3498489/src/libstd/rt.rs:67
[INFO] [stderr]     17:     0x556b16929353 - std::rt::lang_start_internal::{{closure}}::h84a998219831fa70
[INFO] [stderr]                                  at src/libstd/rt.rs:52
[INFO] [stderr]     18:     0x556b16929353 - std::panicking::try::do_call::he8e1d689a3e26def
[INFO] [stderr]                                  at src/libstd/panicking.rs:348
[INFO] [stderr]     19:     0x556b16929353 - std::panicking::try::h264b6eebc2fa7bbf
[INFO] [stderr]                                  at src/libstd/panicking.rs:325
[INFO] [stderr]     20:     0x556b16929353 - std::panic::catch_unwind::hbf28fafa723b2128
[INFO] [stderr]                                  at src/libstd/panic.rs:394
[INFO] [stderr]     21:     0x556b16929353 - std::rt::lang_start_internal::he959aa59bc3ec202
[INFO] [stderr]                                  at src/libstd/rt.rs:51
[INFO] [stderr]     22:     0x556b163b65a7 - std::rt::lang_start::h40d5d82a698a371c
[INFO] [stderr]                                  at /rustc/6f959902b3103c49ca981fbc01871589c3498489/src/libstd/rt.rs:67
[INFO] [stderr]     23:     0x556b163b622a - main
[INFO] [stderr]     24:     0x7feda3e300b3 - __libc_start_main
[INFO] [stderr]     25:     0x556b163b419e - _start
[INFO] [stderr]     26:                0x0 - <unknown>
[INFO] [stderr] warning: build failed, waiting for other jobs to finish...
[INFO] [stderr] error: build failed
[INFO] running `Command { std: "docker" "inspect" "09d4e69f159ca8ca988cbb9ea73da8f47d7d88fbdf99c6480ea9c542ebc44a0a", kill_on_drop: false }`
[INFO] running `Command { std: "docker" "rm" "-f" "09d4e69f159ca8ca988cbb9ea73da8f47d7d88fbdf99c6480ea9c542ebc44a0a", kill_on_drop: false }`
[INFO] [stdout] 09d4e69f159ca8ca988cbb9ea73da8f47d7d88fbdf99c6480ea9c542ebc44a0a
