[INFO] cloning repository https://github.com/YuhanLiin/msp430fr2x5x-hal
[INFO] running `Command { std: "git" "-c" "credential.helper=" "-c" "credential.helper=/workspace/cargo-home/bin/git-credential-null" "clone" "--bare" "https://github.com/YuhanLiin/msp430fr2x5x-hal" "/workspace/cache/git-repos/https%3A%2F%2Fgithub.com%2FYuhanLiin%2Fmsp430fr2x5x-hal", kill_on_drop: false }`
[INFO] [stderr] Cloning into bare repository '/workspace/cache/git-repos/https%3A%2F%2Fgithub.com%2FYuhanLiin%2Fmsp430fr2x5x-hal'...
[INFO] running `Command { std: "git" "rev-parse" "HEAD", kill_on_drop: false }`
[INFO] [stdout] 4e41ca249fec88ad886e935215c93518deded067
[INFO] checking YuhanLiin/msp430fr2x5x-hal against beta-2020-07-24 for pr-75494-beta
[INFO] running `Command { std: "git" "clone" "/workspace/cache/git-repos/https%3A%2F%2Fgithub.com%2FYuhanLiin%2Fmsp430fr2x5x-hal" "/workspace/builds/worker-1/source", kill_on_drop: false }`
[INFO] [stderr] Cloning into '/workspace/builds/worker-1/source'...
[INFO] [stderr] done.
[INFO] validating manifest of git repo https://github.com/YuhanLiin/msp430fr2x5x-hal on toolchain beta-2020-07-24
[INFO] running `Command { std: "/workspace/cargo-home/bin/cargo" "+beta-2020-07-24" "read-manifest" "--manifest-path" "Cargo.toml", kill_on_drop: false }`
[INFO] removed /workspace/builds/worker-1/source/.cargo/config
[INFO] started tweaking git repo https://github.com/YuhanLiin/msp430fr2x5x-hal
[INFO] finished tweaking git repo https://github.com/YuhanLiin/msp430fr2x5x-hal
[INFO] tweaked toml for git repo https://github.com/YuhanLiin/msp430fr2x5x-hal written to /workspace/builds/worker-1/source/Cargo.toml
[INFO] running `Command { std: "/workspace/cargo-home/bin/cargo" "+beta-2020-07-24" "generate-lockfile" "--manifest-path" "Cargo.toml" "-Zno-index-update", kill_on_drop: false }`
[INFO] running `Command { std: "/workspace/cargo-home/bin/cargo" "+beta-2020-07-24" "fetch" "--locked" "--manifest-path" "Cargo.toml", kill_on_drop: false }`
[INFO] running `Command { std: "docker" "create" "-v" "/var/lib/crater-agent-workspace/builds/worker-1/target:/opt/rustwide/target:rw,Z" "-v" "/var/lib/crater-agent-workspace/builds/worker-1/source:/opt/rustwide/workdir:ro,Z" "-v" "/var/lib/crater-agent-workspace/cargo-home:/opt/rustwide/cargo-home:ro,Z" "-v" "/var/lib/crater-agent-workspace/rustup-home:/opt/rustwide/rustup-home:ro,Z" "-e" "SOURCE_DIR=/opt/rustwide/workdir" "-e" "CARGO_TARGET_DIR=/opt/rustwide/target" "-e" "CARGO_HOME=/opt/rustwide/cargo-home" "-e" "RUSTUP_HOME=/opt/rustwide/rustup-home" "-w" "/opt/rustwide/workdir" "-m" "1610612736" "--user" "0:0" "--network" "none" "rustops/crates-build-env@sha256:a636fd89d022f18117e1dc8fb37a0a009933cdbbe082814857f0e2024962d47c" "/opt/rustwide/cargo-home/bin/cargo" "+beta-2020-07-24" "metadata" "--no-deps" "--format-version=1", kill_on_drop: false }`
[INFO] [stdout] 849c9f21d043f756b29fbefa91ea9ba9534a0ce3ec1660bd8cdb54e14ba6f69b
[INFO] [stderr] WARNING: Your kernel does not support swap limit capabilities or the cgroup is not mounted. Memory limited without swap.
[INFO] running `Command { std: "docker" "start" "-a" "849c9f21d043f756b29fbefa91ea9ba9534a0ce3ec1660bd8cdb54e14ba6f69b", kill_on_drop: false }`
[INFO] running `Command { std: "docker" "inspect" "849c9f21d043f756b29fbefa91ea9ba9534a0ce3ec1660bd8cdb54e14ba6f69b", kill_on_drop: false }`
[INFO] running `Command { std: "docker" "rm" "-f" "849c9f21d043f756b29fbefa91ea9ba9534a0ce3ec1660bd8cdb54e14ba6f69b", kill_on_drop: false }`
[INFO] [stdout] 849c9f21d043f756b29fbefa91ea9ba9534a0ce3ec1660bd8cdb54e14ba6f69b
[INFO] running `Command { std: "docker" "create" "-v" "/var/lib/crater-agent-workspace/builds/worker-1/target:/opt/rustwide/target:rw,Z" "-v" "/var/lib/crater-agent-workspace/builds/worker-1/source:/opt/rustwide/workdir:ro,Z" "-v" "/var/lib/crater-agent-workspace/cargo-home:/opt/rustwide/cargo-home:ro,Z" "-v" "/var/lib/crater-agent-workspace/rustup-home:/opt/rustwide/rustup-home:ro,Z" "-e" "SOURCE_DIR=/opt/rustwide/workdir" "-e" "CARGO_TARGET_DIR=/opt/rustwide/target" "-e" "CARGO_INCREMENTAL=0" "-e" "RUST_BACKTRACE=full" "-e" "RUSTFLAGS=--cap-lints=forbid" "-e" "CARGO_HOME=/opt/rustwide/cargo-home" "-e" "RUSTUP_HOME=/opt/rustwide/rustup-home" "-w" "/opt/rustwide/workdir" "-m" "1610612736" "--user" "0:0" "--network" "none" "rustops/crates-build-env@sha256:a636fd89d022f18117e1dc8fb37a0a009933cdbbe082814857f0e2024962d47c" "/opt/rustwide/cargo-home/bin/cargo" "+beta-2020-07-24" "check" "--frozen" "--all" "--all-targets" "--message-format=json", kill_on_drop: false }`
[INFO] [stdout] 930ed8fa559e1c0a6546f3de7296b4c45c64a9ba61f75b3695aa7d621cbfb516
[INFO] [stderr] WARNING: Your kernel does not support swap limit capabilities or the cgroup is not mounted. Memory limited without swap.
[INFO] running `Command { std: "docker" "start" "-a" "930ed8fa559e1c0a6546f3de7296b4c45c64a9ba61f75b3695aa7d621cbfb516", kill_on_drop: false }`
[INFO] [stderr]    Compiling autocfg v0.1.7
[INFO] [stderr]    Compiling rand_core v0.4.2
[INFO] [stderr]    Compiling semver-parser v0.7.0
[INFO] [stderr]    Compiling proc-macro2 v0.4.30
[INFO] [stderr]    Compiling libc v0.2.76
[INFO] [stderr]    Compiling unicode-xid v0.1.0
[INFO] [stderr]    Compiling syn v0.15.44
[INFO] [stderr]    Compiling msp430-rt v0.2.4
[INFO] [stderr]     Checking nb v1.0.0
[INFO] [stderr]     Checking r0 v1.0.0
[INFO] [stderr]    Compiling msp430fr2355 v0.4.1
[INFO] [stderr]     Checking vcell v0.1.2
[INFO] [stderr]     Checking void v1.0.2
[INFO] [stderr]     Checking msp430-atomic v0.1.2
[INFO] [stdout] error[E0554]: `#![feature]` may not be used on the beta release channel
[INFO] [stdout]   --> /opt/rustwide/cargo-home/registry/src/github.com-1ecc6299db9ec823/msp430-atomic-0.1.2/src/lib.rs:71:1
[INFO] [stdout]    |
[INFO] [stdout] 71 | #![feature(llvm_asm)]
[INFO] [stdout]    | ^^^^^^^^^^^^^^^^^^^^^
[INFO] [stdout] 
[INFO] [stdout] 
[INFO] [stdout] error[E0554]: `#![feature]` may not be used on the beta release channel
[INFO] [stdout]   --> /opt/rustwide/cargo-home/registry/src/github.com-1ecc6299db9ec823/msp430-atomic-0.1.2/src/lib.rs:72:1
[INFO] [stdout]    |
[INFO] [stdout] 72 | #![feature(const_fn)]
[INFO] [stdout]    | ^^^^^^^^^^^^^^^^^^^^^
[INFO] [stdout] 
[INFO] [stdout] 
[INFO] [stdout] error[E0554]: `#![feature]` may not be used on the beta release channel
[INFO] [stdout]   --> /opt/rustwide/cargo-home/registry/src/github.com-1ecc6299db9ec823/msp430-atomic-0.1.2/src/lib.rs:73:42
[INFO] [stdout]    |
[INFO] [stdout] 73 | #![cfg_attr(not(target_arch = "msp430"), feature(core_intrinsics))]
[INFO] [stdout]    |                                          ^^^^^^^^^^^^^^^^^^^^^^^^
[INFO] [stdout] 
[INFO] [stdout] 
[INFO] [stderr]     Checking panic-never v0.1.0
[INFO] [stderr]     Checking nb v0.1.3
[INFO] [stdout] error: aborting due to 3 previous errors
[INFO] [stdout] 
[INFO] [stdout] 
[INFO] [stdout] For more information about this error, try `rustc --explain E0554`.
[INFO] [stdout] 
[INFO] [stderr] error: could not compile `msp430-atomic`.
[INFO] [stderr] 
[INFO] [stderr] To learn more, run the command again with --verbose.
[INFO] [stderr] warning: build failed, waiting for other jobs to finish...
[INFO] [stderr] error: build failed
[INFO] running `Command { std: "docker" "inspect" "930ed8fa559e1c0a6546f3de7296b4c45c64a9ba61f75b3695aa7d621cbfb516", kill_on_drop: false }`
[INFO] running `Command { std: "docker" "rm" "-f" "930ed8fa559e1c0a6546f3de7296b4c45c64a9ba61f75b3695aa7d621cbfb516", kill_on_drop: false }`
[INFO] [stdout] 930ed8fa559e1c0a6546f3de7296b4c45c64a9ba61f75b3695aa7d621cbfb516
