[INFO] cloning repository https://github.com/YellowKirby/sdfp-june-2018
[INFO] running `Command { std: "git" "-c" "credential.helper=" "-c" "credential.helper=/workspace/cargo-home/bin/git-credential-null" "clone" "--bare" "https://github.com/YellowKirby/sdfp-june-2018" "/workspace/cache/git-repos/https%3A%2F%2Fgithub.com%2FYellowKirby%2Fsdfp-june-2018", kill_on_drop: false }`
[INFO] [stderr] Cloning into bare repository '/workspace/cache/git-repos/https%3A%2F%2Fgithub.com%2FYellowKirby%2Fsdfp-june-2018'...
[INFO] running `Command { std: "git" "rev-parse" "HEAD", kill_on_drop: false }`
[INFO] [stdout] 94e0162beb164510f4c150b4faa1e73491eb1d0b
[INFO] checking YellowKirby/sdfp-june-2018 against beta-2020-07-24 for pr-75494-beta
[INFO] running `Command { std: "git" "clone" "/workspace/cache/git-repos/https%3A%2F%2Fgithub.com%2FYellowKirby%2Fsdfp-june-2018" "/workspace/builds/worker-7/source", kill_on_drop: false }`
[INFO] [stderr] Cloning into '/workspace/builds/worker-7/source'...
[INFO] [stderr] done.
[INFO] validating manifest of git repo https://github.com/YellowKirby/sdfp-june-2018 on toolchain beta-2020-07-24
[INFO] running `Command { std: "/workspace/cargo-home/bin/cargo" "+beta-2020-07-24" "read-manifest" "--manifest-path" "Cargo.toml", kill_on_drop: false }`
[INFO] started tweaking git repo https://github.com/YellowKirby/sdfp-june-2018
[INFO] finished tweaking git repo https://github.com/YellowKirby/sdfp-june-2018
[INFO] tweaked toml for git repo https://github.com/YellowKirby/sdfp-june-2018 written to /workspace/builds/worker-7/source/Cargo.toml
[INFO] crate git repo https://github.com/YellowKirby/sdfp-june-2018 already has a lockfile, it will not be regenerated
[INFO] running `Command { std: "/workspace/cargo-home/bin/cargo" "+beta-2020-07-24" "fetch" "--locked" "--manifest-path" "Cargo.toml", kill_on_drop: false }`
[INFO] running `Command { std: "docker" "create" "-v" "/var/lib/crater-agent-workspace/builds/worker-7/target:/opt/rustwide/target:rw,Z" "-v" "/var/lib/crater-agent-workspace/builds/worker-7/source:/opt/rustwide/workdir:ro,Z" "-v" "/var/lib/crater-agent-workspace/cargo-home:/opt/rustwide/cargo-home:ro,Z" "-v" "/var/lib/crater-agent-workspace/rustup-home:/opt/rustwide/rustup-home:ro,Z" "-e" "SOURCE_DIR=/opt/rustwide/workdir" "-e" "CARGO_TARGET_DIR=/opt/rustwide/target" "-e" "CARGO_HOME=/opt/rustwide/cargo-home" "-e" "RUSTUP_HOME=/opt/rustwide/rustup-home" "-w" "/opt/rustwide/workdir" "-m" "1610612736" "--user" "0:0" "--network" "none" "rustops/crates-build-env@sha256:a636fd89d022f18117e1dc8fb37a0a009933cdbbe082814857f0e2024962d47c" "/opt/rustwide/cargo-home/bin/cargo" "+beta-2020-07-24" "metadata" "--no-deps" "--format-version=1", kill_on_drop: false }`
[INFO] [stdout] 6448020ab871862a488f3cb5bbb2eec85d80703d84e8ac1aeb61061913904b35
[INFO] [stderr] WARNING: Your kernel does not support swap limit capabilities or the cgroup is not mounted. Memory limited without swap.
[INFO] running `Command { std: "docker" "start" "-a" "6448020ab871862a488f3cb5bbb2eec85d80703d84e8ac1aeb61061913904b35", kill_on_drop: false }`
[INFO] running `Command { std: "docker" "inspect" "6448020ab871862a488f3cb5bbb2eec85d80703d84e8ac1aeb61061913904b35", kill_on_drop: false }`
[INFO] running `Command { std: "docker" "rm" "-f" "6448020ab871862a488f3cb5bbb2eec85d80703d84e8ac1aeb61061913904b35", kill_on_drop: false }`
[INFO] [stdout] 6448020ab871862a488f3cb5bbb2eec85d80703d84e8ac1aeb61061913904b35
[INFO] running `Command { std: "docker" "create" "-v" "/var/lib/crater-agent-workspace/builds/worker-7/target:/opt/rustwide/target:rw,Z" "-v" "/var/lib/crater-agent-workspace/builds/worker-7/source:/opt/rustwide/workdir:ro,Z" "-v" "/var/lib/crater-agent-workspace/cargo-home:/opt/rustwide/cargo-home:ro,Z" "-v" "/var/lib/crater-agent-workspace/rustup-home:/opt/rustwide/rustup-home:ro,Z" "-e" "SOURCE_DIR=/opt/rustwide/workdir" "-e" "CARGO_TARGET_DIR=/opt/rustwide/target" "-e" "CARGO_INCREMENTAL=0" "-e" "RUST_BACKTRACE=full" "-e" "RUSTFLAGS=--cap-lints=forbid" "-e" "CARGO_HOME=/opt/rustwide/cargo-home" "-e" "RUSTUP_HOME=/opt/rustwide/rustup-home" "-w" "/opt/rustwide/workdir" "-m" "1610612736" "--user" "0:0" "--network" "none" "rustops/crates-build-env@sha256:a636fd89d022f18117e1dc8fb37a0a009933cdbbe082814857f0e2024962d47c" "/opt/rustwide/cargo-home/bin/cargo" "+beta-2020-07-24" "check" "--frozen" "--all" "--all-targets" "--message-format=json", kill_on_drop: false }`
[INFO] [stdout] f4cd0f0e82b08250ac90705715aab2cbdeed6f8696bd7c5525a052449e1b4782
[INFO] [stderr] WARNING: Your kernel does not support swap limit capabilities or the cgroup is not mounted. Memory limited without swap.
[INFO] running `Command { std: "docker" "start" "-a" "f4cd0f0e82b08250ac90705715aab2cbdeed6f8696bd7c5525a052449e1b4782", kill_on_drop: false }`
[INFO] [stderr]     Checking memchr v2.0.1
[INFO] [stderr]     Checking nom v4.0.0
[INFO] [stderr]     Checking jun-2018 v0.1.0 (/opt/rustwide/workdir)
[INFO] [stdout] error[E0601]: `main` function not found in crate `jun_2018`
[INFO] [stdout]   --> src/main.rs:1:1
[INFO] [stdout]    |
[INFO] [stdout] 1  | / #[macro_use]
[INFO] [stdout] 2  | | extern crate nom;
[INFO] [stdout] 3  | |
[INFO] [stdout] 4  | | #[derive(Debug,PartialEq)]
[INFO] [stdout] ...  |
[INFO] [stdout] 84 | |     assert_eq!(button(b"L+M"), Ok(("".as_bytes(), "L+M".as_bytes())));
[INFO] [stdout] 85 | | }
[INFO] [stdout]    | |_^ consider adding a `main` function to `src/main.rs`
[INFO] [stdout] 
[INFO] [stdout] 
[INFO] [stdout] error[E0308]: mismatched types
[INFO] [stdout]   --> src/main.rs:35:1
[INFO] [stdout]    |
[INFO] [stdout] 35 | named!(move_string<&[u8], (Option<&[u8]>, &[u8])>, separated_list!(cancel, separated_list!(chain, input)));
[INFO] [stdout]    | ^^^^^^^^^^^^^^^^^^^^^^^^^^^^^^^^^^^^^^^^^^^^^^^^^^^^^^^^^^^^^^^^^^^^^^^^^^^^^^^^^^^^^^^^^^^^^^^^^^^^^^^^^^^ expected tuple, found struct `std::vec::Vec`
[INFO] [stdout]    |
[INFO] [stdout]    = note: expected tuple `(std::option::Option<&[u8]>, &[u8])`
[INFO] [stdout]              found struct `std::vec::Vec<_>`
[INFO] [stdout]    = note: this error originates in a macro (in Nightly builds, run with -Z macro-backtrace for more info)
[INFO] [stdout] 
[INFO] [stdout] 
[INFO] [stdout] error[E0308]: mismatched types
[INFO] [stdout]   --> src/main.rs:35:1
[INFO] [stdout]    |
[INFO] [stdout] 35 | named!(move_string<&[u8], (Option<&[u8]>, &[u8])>, separated_list!(cancel, separated_list!(chain, input)));
[INFO] [stdout]    | ^^^^^^^^^^^^^^^^^^^^^^^^^^^^^^^^^^^^^^^^^^^^^^^^^^^^^^^^^^^^^^^^^^^^^^^^^^^^^^^^^^^^^^^^^^^^^^^^^^^^^^^^^^^ expected tuple, found struct `std::vec::Vec`
[INFO] [stdout]    |
[INFO] [stdout]    = note: expected enum `std::result::Result<(&[u8], (std::option::Option<&[u8]>, &[u8])), nom::Err<&[u8]>>`
[INFO] [stdout]               found enum `std::result::Result<(&[u8], std::vec::Vec<std::vec::Vec<(std::option::Option<&[u8]>, &[u8])>>), nom::Err<&[u8]>>`
[INFO] [stdout]    = note: this error originates in a macro (in Nightly builds, run with -Z macro-backtrace for more info)
[INFO] [stdout] 
[INFO] [stdout] 
[INFO] [stdout] error[E0308]: mismatched types
[INFO] [stdout]   --> src/main.rs:35:1
[INFO] [stdout]    |
[INFO] [stdout] 35 | named!(move_string<&[u8], (Option<&[u8]>, &[u8])>, separated_list!(cancel, separated_list!(chain, input)));
[INFO] [stdout]    | ^^^^^^^^^^^^^^^^^^^^^^^^^^^^^^^^^^^^^^^^^^^^^^^^^^^^^^^^^^^^^^^^^^^^^^^^^^^^^^^^^^^^^^^^^^^^^^^^^^^^^^^^^^^ expected tuple, found struct `std::vec::Vec`
[INFO] [stdout]    |
[INFO] [stdout]    = note: expected tuple `(std::option::Option<&[u8]>, &[u8])`
[INFO] [stdout]              found struct `std::vec::Vec<_>`
[INFO] [stdout]    = note: this error originates in a macro (in Nightly builds, run with -Z macro-backtrace for more info)
[INFO] [stdout] 
[INFO] [stdout] 
[INFO] [stdout] error: aborting due to 3 previous errors
[INFO] [stdout] 
[INFO] [stdout] 
[INFO] [stdout] error[E0308]: mismatched types
[INFO] [stdout]   --> src/main.rs:35:1
[INFO] [stdout]    |
[INFO] [stdout] 35 | named!(move_string<&[u8], (Option<&[u8]>, &[u8])>, separated_list!(cancel, separated_list!(chain, input)));
[INFO] [stdout]    | ^^^^^^^^^^^^^^^^^^^^^^^^^^^^^^^^^^^^^^^^^^^^^^^^^^^^^^^^^^^^^^^^^^^^^^^^^^^^^^^^^^^^^^^^^^^^^^^^^^^^^^^^^^^ expected tuple, found struct `std::vec::Vec`
[INFO] [stdout]    |
[INFO] [stdout]    = note: expected enum `std::result::Result<(&[u8], (std::option::Option<&[u8]>, &[u8])), nom::Err<&[u8]>>`
[INFO] [stdout]               found enum `std::result::Result<(&[u8], std::vec::Vec<std::vec::Vec<(std::option::Option<&[u8]>, &[u8])>>), nom::Err<&[u8]>>`
[INFO] [stdout]    = note: this error originates in a macro (in Nightly builds, run with -Z macro-backtrace for more info)
[INFO] [stdout] 
[INFO] [stdout] 
[INFO] [stderr] error: could not compile `jun-2018`.
[INFO] [stdout] Some errors have detailed explanations: E0308, E0601.
[INFO] [stdout] 
[INFO] [stderr] 
[INFO] [stdout] For more information about an error, try `rustc --explain E0308`.
[INFO] [stdout] 
[INFO] [stderr] To learn more, run the command again with --verbose.
[INFO] [stderr] warning: build failed, waiting for other jobs to finish...
[INFO] [stdout] error: aborting due to 2 previous errors
[INFO] [stdout] 
[INFO] [stdout] 
[INFO] [stdout] For more information about this error, try `rustc --explain E0308`.
[INFO] [stdout] 
[INFO] [stderr] error: build failed
[INFO] running `Command { std: "docker" "inspect" "f4cd0f0e82b08250ac90705715aab2cbdeed6f8696bd7c5525a052449e1b4782", kill_on_drop: false }`
[INFO] running `Command { std: "docker" "rm" "-f" "f4cd0f0e82b08250ac90705715aab2cbdeed6f8696bd7c5525a052449e1b4782", kill_on_drop: false }`
[INFO] [stdout] f4cd0f0e82b08250ac90705715aab2cbdeed6f8696bd7c5525a052449e1b4782
