[INFO] cloning repository https://github.com/WorleyD/CompGeo-Rust
[INFO] running `Command { std: "git" "-c" "credential.helper=" "-c" "credential.helper=/workspace/cargo-home/bin/git-credential-null" "clone" "--bare" "https://github.com/WorleyD/CompGeo-Rust" "/workspace/cache/git-repos/https%3A%2F%2Fgithub.com%2FWorleyD%2FCompGeo-Rust", kill_on_drop: false }`
[INFO] [stderr] Cloning into bare repository '/workspace/cache/git-repos/https%3A%2F%2Fgithub.com%2FWorleyD%2FCompGeo-Rust'...
[INFO] running `Command { std: "git" "rev-parse" "HEAD", kill_on_drop: false }`
[INFO] [stdout] f6255d5ea1b02797d23653c50689b00eab5c3b08
[INFO] checking WorleyD/CompGeo-Rust against beta-2020-07-24 for pr-75494-beta
[INFO] running `Command { std: "git" "clone" "/workspace/cache/git-repos/https%3A%2F%2Fgithub.com%2FWorleyD%2FCompGeo-Rust" "/workspace/builds/worker-9/source", kill_on_drop: false }`
[INFO] [stderr] Cloning into '/workspace/builds/worker-9/source'...
[INFO] [stderr] done.
[INFO] validating manifest of git repo https://github.com/WorleyD/CompGeo-Rust on toolchain beta-2020-07-24
[INFO] running `Command { std: "/workspace/cargo-home/bin/cargo" "+beta-2020-07-24" "read-manifest" "--manifest-path" "Cargo.toml", kill_on_drop: false }`
[INFO] started tweaking git repo https://github.com/WorleyD/CompGeo-Rust
[INFO] finished tweaking git repo https://github.com/WorleyD/CompGeo-Rust
[INFO] tweaked toml for git repo https://github.com/WorleyD/CompGeo-Rust written to /workspace/builds/worker-9/source/Cargo.toml
[INFO] crate git repo https://github.com/WorleyD/CompGeo-Rust already has a lockfile, it will not be regenerated
[INFO] running `Command { std: "/workspace/cargo-home/bin/cargo" "+beta-2020-07-24" "fetch" "--locked" "--manifest-path" "Cargo.toml", kill_on_drop: false }`
[INFO] running `Command { std: "docker" "create" "-v" "/var/lib/crater-agent-workspace/builds/worker-9/target:/opt/rustwide/target:rw,Z" "-v" "/var/lib/crater-agent-workspace/builds/worker-9/source:/opt/rustwide/workdir:ro,Z" "-v" "/var/lib/crater-agent-workspace/cargo-home:/opt/rustwide/cargo-home:ro,Z" "-v" "/var/lib/crater-agent-workspace/rustup-home:/opt/rustwide/rustup-home:ro,Z" "-e" "SOURCE_DIR=/opt/rustwide/workdir" "-e" "CARGO_TARGET_DIR=/opt/rustwide/target" "-e" "CARGO_HOME=/opt/rustwide/cargo-home" "-e" "RUSTUP_HOME=/opt/rustwide/rustup-home" "-w" "/opt/rustwide/workdir" "-m" "1610612736" "--user" "0:0" "--network" "none" "rustops/crates-build-env@sha256:a636fd89d022f18117e1dc8fb37a0a009933cdbbe082814857f0e2024962d47c" "/opt/rustwide/cargo-home/bin/cargo" "+beta-2020-07-24" "metadata" "--no-deps" "--format-version=1", kill_on_drop: false }`
[INFO] [stdout] 304a64b2b0811f219d56b0d96f30baf18301984d55f7b1964c1044f026d74b31
[INFO] [stderr] WARNING: Your kernel does not support swap limit capabilities or the cgroup is not mounted. Memory limited without swap.
[INFO] running `Command { std: "docker" "start" "-a" "304a64b2b0811f219d56b0d96f30baf18301984d55f7b1964c1044f026d74b31", kill_on_drop: false }`
[INFO] running `Command { std: "docker" "inspect" "304a64b2b0811f219d56b0d96f30baf18301984d55f7b1964c1044f026d74b31", kill_on_drop: false }`
[INFO] running `Command { std: "docker" "rm" "-f" "304a64b2b0811f219d56b0d96f30baf18301984d55f7b1964c1044f026d74b31", kill_on_drop: false }`
[INFO] [stdout] 304a64b2b0811f219d56b0d96f30baf18301984d55f7b1964c1044f026d74b31
[INFO] running `Command { std: "docker" "create" "-v" "/var/lib/crater-agent-workspace/builds/worker-9/target:/opt/rustwide/target:rw,Z" "-v" "/var/lib/crater-agent-workspace/builds/worker-9/source:/opt/rustwide/workdir:ro,Z" "-v" "/var/lib/crater-agent-workspace/cargo-home:/opt/rustwide/cargo-home:ro,Z" "-v" "/var/lib/crater-agent-workspace/rustup-home:/opt/rustwide/rustup-home:ro,Z" "-e" "SOURCE_DIR=/opt/rustwide/workdir" "-e" "CARGO_TARGET_DIR=/opt/rustwide/target" "-e" "CARGO_INCREMENTAL=0" "-e" "RUST_BACKTRACE=full" "-e" "RUSTFLAGS=--cap-lints=forbid" "-e" "CARGO_HOME=/opt/rustwide/cargo-home" "-e" "RUSTUP_HOME=/opt/rustwide/rustup-home" "-w" "/opt/rustwide/workdir" "-m" "1610612736" "--user" "0:0" "--network" "none" "rustops/crates-build-env@sha256:a636fd89d022f18117e1dc8fb37a0a009933cdbbe082814857f0e2024962d47c" "/opt/rustwide/cargo-home/bin/cargo" "+beta-2020-07-24" "check" "--frozen" "--all" "--all-targets" "--message-format=json", kill_on_drop: false }`
[INFO] [stdout] 8159be512f526520fb651225cd45c51de693198ee71b39266710e33ccb64f651
[INFO] [stderr] WARNING: Your kernel does not support swap limit capabilities or the cgroup is not mounted. Memory limited without swap.
[INFO] running `Command { std: "docker" "start" "-a" "8159be512f526520fb651225cd45c51de693198ee71b39266710e33ccb64f651", kill_on_drop: false }`
[INFO] [stderr]     Blocking waiting for file lock on package cache
[INFO] [stderr]     Checking compgeo-rust v0.1.0 (/opt/rustwide/workdir)
[INFO] [stdout] warning: unused import: `super::polygon::*`
[INFO] [stdout]   --> src/lib.rs:12:6
[INFO] [stdout]    |
[INFO] [stdout] 12 |     use super::polygon::*;
[INFO] [stdout]    |         ^^^^^^^^^^^^^^^^^
[INFO] [stdout]    |
[INFO] [stdout]    = note: `#[warn(unused_imports)]` on by default
[INFO] [stdout] 
[INFO] [stdout] 
[INFO] [stdout] warning: value assigned to `q` is never read
[INFO] [stdout]   --> src/point.rs:67:6
[INFO] [stdout]    |
[INFO] [stdout] 67 |     let mut q = 0;
[INFO] [stdout]    |         ^^^^^
[INFO] [stdout]    |
[INFO] [stdout]    = note: `#[warn(unused_assignments)]` on by default
[INFO] [stdout]    = help: maybe it is overwritten before being read?
[INFO] [stdout] 
[INFO] [stdout] 
[INFO] [stdout] warning: constant is never used: `EPSILON`
[INFO] [stdout]  --> src/circle.rs:3:1
[INFO] [stdout]   |
[INFO] [stdout] 3 | const EPSILON: f64 = 0.00001;
[INFO] [stdout]   | ^^^^^^^^^^^^^^^^^^^^^^^^^^^^^
[INFO] [stdout]   |
[INFO] [stdout]   = note: `#[warn(dead_code)]` on by default
[INFO] [stdout] 
[INFO] [stdout] 
[INFO] [stdout] warning: constant is never used: `EPSILON`
[INFO] [stdout]  --> src/polygon.rs:4:1
[INFO] [stdout]   |
[INFO] [stdout] 4 | const EPSILON: f64 = 0.00001;
[INFO] [stdout]   | ^^^^^^^^^^^^^^^^^^^^^^^^^^^^^
[INFO] [stdout] 
[INFO] [stdout] 
[INFO] [stdout] warning: field is never read: `orientation`
[INFO] [stdout]   --> src/polygon.rs:10:2
[INFO] [stdout]    |
[INFO] [stdout] 10 |     orientation: bool,
[INFO] [stdout]    |     ^^^^^^^^^^^^^^^^^
[INFO] [stdout] 
[INFO] [stdout] 
[INFO] [stdout] warning: 4 warnings emitted
[INFO] [stdout] 
[INFO] [stdout] 
[INFO] [stdout] warning: value assigned to `q` is never read
[INFO] [stdout]   --> src/point.rs:67:6
[INFO] [stdout]    |
[INFO] [stdout] 67 |     let mut q = 0;
[INFO] [stdout]    |         ^^^^^
[INFO] [stdout]    |
[INFO] [stdout]    = note: `#[warn(unused_assignments)]` on by default
[INFO] [stdout]    = help: maybe it is overwritten before being read?
[INFO] [stdout] 
[INFO] [stdout] 
[INFO] [stdout] error[E0382]: borrow of moved value: `p2`
[INFO] [stdout]   --> src/lib.rs:72:41
[INFO] [stdout]    |
[INFO] [stdout] 67 |         let p2 = Point::new(3.0, 5.0);
[INFO] [stdout]    |             -- move occurs because `p2` has type `point::Point`, which does not implement the `Copy` trait
[INFO] [stdout] ...
[INFO] [stdout] 71 |         let l1 = Line::new(p2, p3, false);
[INFO] [stdout]    |                            -- value moved here
[INFO] [stdout] 72 |         assert_eq!(l1.distance_to_point(&p1), p2.distance(&p1));
[INFO] [stdout]    |                                               ^^ value borrowed here after move
[INFO] [stdout] 
[INFO] [stdout] 
[INFO] [stdout] error[E0382]: borrow of moved value: `p3`
[INFO] [stdout]   --> src/lib.rs:73:41
[INFO] [stdout]    |
[INFO] [stdout] 68 |         let p3 = Point::new(9.0, 0.0);
[INFO] [stdout]    |             -- move occurs because `p3` has type `point::Point`, which does not implement the `Copy` trait
[INFO] [stdout] ...
[INFO] [stdout] 71 |         let l1 = Line::new(p2, p3, false);
[INFO] [stdout]    |                                -- value moved here
[INFO] [stdout] 72 |         assert_eq!(l1.distance_to_point(&p1), p2.distance(&p1));
[INFO] [stdout] 73 |         assert_eq!(l1.distance_to_point(&p4), p3.distance(&p4));
[INFO] [stdout]    |                                               ^^ value borrowed here after move
[INFO] [stdout] 
[INFO] [stdout] 
[INFO] [stdout] error[E0382]: borrow of moved value: `p3`
[INFO] [stdout]    --> src/lib.rs:114:61
[INFO] [stdout]     |
[INFO] [stdout] 102 |         let p3 = Point::new(2.0, 1.0);
[INFO] [stdout]     |             -- move occurs because `p3` has type `point::Point`, which does not implement the `Copy` trait
[INFO] [stdout] 103 |         let p4 = Point::new(2.0, -5.0);    //vertical line segment
[INFO] [stdout] 104 |         let l2 = Line::new(p3,p4,false);
[INFO] [stdout]     |                            -- value moved here
[INFO] [stdout] ...
[INFO] [stdout] 114 |         assert_eq!(l1.distance_to_line(&l2), l1.distance_to_point(&p3));
[INFO] [stdout]     |                                                                   ^^^ value borrowed here after move
[INFO] [stdout] 
[INFO] [stdout] 
[INFO] [stdout] error[E0382]: borrow of moved value: `p2`
[INFO] [stdout]    --> src/lib.rs:115:61
[INFO] [stdout]     |
[INFO] [stdout] 99  |         let p2 = Point::new(5.0, 5.0);
[INFO] [stdout]     |             -- move occurs because `p2` has type `point::Point`, which does not implement the `Copy` trait
[INFO] [stdout] 100 |         let l1 = Line::new(p1,p2,false);
[INFO] [stdout]     |                               -- value moved here
[INFO] [stdout] ...
[INFO] [stdout] 115 |         assert_eq!(l1.distance_to_line(&l3), l3.distance_to_point(&p2));
[INFO] [stdout]     |                                                                   ^^^ value borrowed here after move
[INFO] [stdout] 
[INFO] [stdout] 
[INFO] [stdout] error[E0382]: borrow of moved value: `p1`
[INFO] [stdout]    --> src/lib.rs:294:44
[INFO] [stdout]     |
[INFO] [stdout] 281 |         let p1 = Point::new(0.0,0.0);
[INFO] [stdout]     |             -- move occurs because `p1` has type `point::Point`, which does not implement the `Copy` trait
[INFO] [stdout] 282 |         let r1:f64 = 6.0;
[INFO] [stdout] 283 |         let c1 = Circle::new(p1, r1);
[INFO] [stdout]     |                              -- value moved here
[INFO] [stdout] ...
[INFO] [stdout] 294 |         assert_eq!(c1.distance_from_circle(&c3), p1.distance(&p3) - r1 - r3);
[INFO] [stdout]     |                                                  ^^ value borrowed here after move
[INFO] [stdout] 
[INFO] [stdout] 
[INFO] [stdout] error[E0382]: borrow of moved value: `p3`
[INFO] [stdout]    --> src/lib.rs:294:56
[INFO] [stdout]     |
[INFO] [stdout] 289 |         let p3 = Point::new(-10.0,-10.0);
[INFO] [stdout]     |             -- move occurs because `p3` has type `point::Point`, which does not implement the `Copy` trait
[INFO] [stdout] 290 |         let r3:f64 = 3.0;
[INFO] [stdout] 291 |         let c3 = Circle::new(p3, r3);
[INFO] [stdout]     |                              -- value moved here
[INFO] [stdout] ...
[INFO] [stdout] 294 |         assert_eq!(c1.distance_from_circle(&c3), p1.distance(&p3) - r1 - r3);
[INFO] [stdout]     |                                                              ^^^ value borrowed here after move
[INFO] [stdout] 
[INFO] [stdout] 
[INFO] [stdout] error[E0382]: borrow of moved value: `p1`
[INFO] [stdout]    --> src/lib.rs:310:43
[INFO] [stdout]     |
[INFO] [stdout] 300 |         let p1 = Point::new(0.0,0.0);
[INFO] [stdout]     |             -- move occurs because `p1` has type `point::Point`, which does not implement the `Copy` trait
[INFO] [stdout] 301 |         let r1:f64 = 6.0;
[INFO] [stdout] 302 |         let c1 = Circle::new(p1, r1);
[INFO] [stdout]     |                              -- value moved here
[INFO] [stdout] ...
[INFO] [stdout] 310 |         assert_eq!(c1.distance_from_point(&p3), p1.distance(&p3) - r1);
[INFO] [stdout]     |                                                 ^^ value borrowed here after move
[INFO] [stdout] 
[INFO] [stdout] 
[INFO] [stdout] error: aborting due to 7 previous errors; 2 warnings emitted
[INFO] [stdout] 
[INFO] [stdout] 
[INFO] [stdout] For more information about this error, try `rustc --explain E0382`.
[INFO] [stdout] 
[INFO] [stderr] error: could not compile `compgeo-rust`.
[INFO] [stderr] 
[INFO] [stderr] To learn more, run the command again with --verbose.
[INFO] running `Command { std: "docker" "inspect" "8159be512f526520fb651225cd45c51de693198ee71b39266710e33ccb64f651", kill_on_drop: false }`
[INFO] running `Command { std: "docker" "rm" "-f" "8159be512f526520fb651225cd45c51de693198ee71b39266710e33ccb64f651", kill_on_drop: false }`
[INFO] [stdout] 8159be512f526520fb651225cd45c51de693198ee71b39266710e33ccb64f651
