[INFO] cloning repository https://github.com/Tyzzer/webdir
[INFO] running `Command { std: "git" "-c" "credential.helper=" "-c" "credential.helper=/workspace/cargo-home/bin/git-credential-null" "clone" "--bare" "https://github.com/Tyzzer/webdir" "/workspace/cache/git-repos/https%3A%2F%2Fgithub.com%2FTyzzer%2Fwebdir", kill_on_drop: false }`
[INFO] [stderr] Cloning into bare repository '/workspace/cache/git-repos/https%3A%2F%2Fgithub.com%2FTyzzer%2Fwebdir'...
[INFO] running `Command { std: "git" "rev-parse" "HEAD", kill_on_drop: false }`
[INFO] [stdout] 056d4d324adf5fe29cb99646ac3b4cdb49ea9ade
[INFO] checking Tyzzer/webdir against beta-2020-07-24 for pr-75494-beta
[INFO] running `Command { std: "git" "clone" "/workspace/cache/git-repos/https%3A%2F%2Fgithub.com%2FTyzzer%2Fwebdir" "/workspace/builds/worker-3/source", kill_on_drop: false }`
[INFO] [stderr] Cloning into '/workspace/builds/worker-3/source'...
[INFO] [stderr] done.
[INFO] validating manifest of git repo https://github.com/Tyzzer/webdir on toolchain beta-2020-07-24
[INFO] running `Command { std: "/workspace/cargo-home/bin/cargo" "+beta-2020-07-24" "read-manifest" "--manifest-path" "Cargo.toml", kill_on_drop: false }`
[INFO] started tweaking git repo https://github.com/Tyzzer/webdir
[INFO] finished tweaking git repo https://github.com/Tyzzer/webdir
[INFO] tweaked toml for git repo https://github.com/Tyzzer/webdir written to /workspace/builds/worker-3/source/Cargo.toml
[INFO] crate git repo https://github.com/Tyzzer/webdir already has a lockfile, it will not be regenerated
[INFO] running `Command { std: "/workspace/cargo-home/bin/cargo" "+beta-2020-07-24" "fetch" "--locked" "--manifest-path" "Cargo.toml", kill_on_drop: false }`
[INFO] [stderr]     Blocking waiting for file lock on package cache
[INFO] running `Command { std: "docker" "create" "-v" "/var/lib/crater-agent-workspace/builds/worker-3/target:/opt/rustwide/target:rw,Z" "-v" "/var/lib/crater-agent-workspace/builds/worker-3/source:/opt/rustwide/workdir:ro,Z" "-v" "/var/lib/crater-agent-workspace/cargo-home:/opt/rustwide/cargo-home:ro,Z" "-v" "/var/lib/crater-agent-workspace/rustup-home:/opt/rustwide/rustup-home:ro,Z" "-e" "SOURCE_DIR=/opt/rustwide/workdir" "-e" "CARGO_TARGET_DIR=/opt/rustwide/target" "-e" "CARGO_HOME=/opt/rustwide/cargo-home" "-e" "RUSTUP_HOME=/opt/rustwide/rustup-home" "-w" "/opt/rustwide/workdir" "-m" "1610612736" "--user" "0:0" "--network" "none" "rustops/crates-build-env@sha256:a636fd89d022f18117e1dc8fb37a0a009933cdbbe082814857f0e2024962d47c" "/opt/rustwide/cargo-home/bin/cargo" "+beta-2020-07-24" "metadata" "--no-deps" "--format-version=1", kill_on_drop: false }`
[INFO] [stdout] 335cb1626a4c6bcf6c8b81131565f33cb96fe2bacc632f1c1e3a19c82dd25073
[INFO] [stderr] WARNING: Your kernel does not support swap limit capabilities or the cgroup is not mounted. Memory limited without swap.
[INFO] running `Command { std: "docker" "start" "-a" "335cb1626a4c6bcf6c8b81131565f33cb96fe2bacc632f1c1e3a19c82dd25073", kill_on_drop: false }`
[INFO] running `Command { std: "docker" "inspect" "335cb1626a4c6bcf6c8b81131565f33cb96fe2bacc632f1c1e3a19c82dd25073", kill_on_drop: false }`
[INFO] running `Command { std: "docker" "rm" "-f" "335cb1626a4c6bcf6c8b81131565f33cb96fe2bacc632f1c1e3a19c82dd25073", kill_on_drop: false }`
[INFO] [stdout] 335cb1626a4c6bcf6c8b81131565f33cb96fe2bacc632f1c1e3a19c82dd25073
[INFO] running `Command { std: "docker" "create" "-v" "/var/lib/crater-agent-workspace/builds/worker-3/target:/opt/rustwide/target:rw,Z" "-v" "/var/lib/crater-agent-workspace/builds/worker-3/source:/opt/rustwide/workdir:ro,Z" "-v" "/var/lib/crater-agent-workspace/cargo-home:/opt/rustwide/cargo-home:ro,Z" "-v" "/var/lib/crater-agent-workspace/rustup-home:/opt/rustwide/rustup-home:ro,Z" "-e" "SOURCE_DIR=/opt/rustwide/workdir" "-e" "CARGO_TARGET_DIR=/opt/rustwide/target" "-e" "CARGO_INCREMENTAL=0" "-e" "RUST_BACKTRACE=full" "-e" "RUSTFLAGS=--cap-lints=forbid" "-e" "CARGO_HOME=/opt/rustwide/cargo-home" "-e" "RUSTUP_HOME=/opt/rustwide/rustup-home" "-w" "/opt/rustwide/workdir" "-m" "1610612736" "--user" "0:0" "--network" "none" "rustops/crates-build-env@sha256:a636fd89d022f18117e1dc8fb37a0a009933cdbbe082814857f0e2024962d47c" "/opt/rustwide/cargo-home/bin/cargo" "+beta-2020-07-24" "check" "--frozen" "--all" "--all-targets" "--message-format=json", kill_on_drop: false }`
[INFO] [stderr] WARNING: Your kernel does not support swap limit capabilities or the cgroup is not mounted. Memory limited without swap.
[INFO] [stdout] b25a071514846ed9a19b0d52192d42d5ae97952101951cb0285bc1e12f479a31
[INFO] running `Command { std: "docker" "start" "-a" "b25a071514846ed9a19b0d52192d42d5ae97952101951cb0285bc1e12f479a31", kill_on_drop: false }`
[INFO] [stderr]     Blocking waiting for file lock on package cache
[INFO] [stderr]    Compiling syn v1.0.17
[INFO] [stderr]    Compiling memchr v2.3.3
[INFO] [stderr]     Checking fnv v1.0.6
[INFO] [stderr]     Checking futures-core v0.3.4
[INFO] [stderr]    Compiling typenum v1.12.0
[INFO] [stderr]    Compiling slog v2.5.2
[INFO] [stderr]    Compiling rustversion v1.0.2
[INFO] [stderr]     Checking spin v0.5.2
[INFO] [stderr]     Checking pin-project-lite v0.1.4
[INFO] [stderr]     Checking pin-utils v0.1.0-alpha.4
[INFO] [stderr]     Checking futures-io v0.3.4
[INFO] [stderr]    Compiling getrandom v0.1.14
[INFO] [stderr]     Checking futures-task v0.3.4
[INFO] [stderr]     Checking byte-tools v0.3.1
[INFO] [stderr]    Compiling syn v0.15.44
[INFO] [stderr]    Compiling standback v0.2.2
[INFO] [stderr]    Compiling httparse v1.3.4
[INFO] [stderr]     Checking fake-simd v0.1.2
[INFO] [stderr]     Checking opaque-debug v0.2.3
[INFO] [stderr]     Checking base64 v0.11.0
[INFO] [stderr]    Compiling anyhow v1.0.28
[INFO] [stderr]     Checking arc-swap v0.4.5
[INFO] [stderr]     Checking mime v0.3.16
[INFO] [stderr]     Checking take_mut v0.2.2
[INFO] [stderr]     Checking tower-service v0.3.0
[INFO] [stderr]     Checking human-sort v0.2.2
[INFO] [stderr]     Checking percent-encoding v2.1.0
[INFO] [stderr]     Checking siphasher v0.3.2
[INFO] [stderr]     Checking bytesize v1.0.0
[INFO] [stderr]    Compiling unicase v2.6.0
[INFO] [stderr]    Compiling num-traits v0.2.11
[INFO] [stderr]    Compiling proc-macro-error-attr v1.0.2
[INFO] [stderr]    Compiling proc-macro-error v1.0.2
[INFO] [stderr]    Compiling indexmap v1.3.2
[INFO] [stderr]    Compiling num-integer v0.1.42
[INFO] [stderr]     Checking thread_local v1.0.1
[INFO] [stderr]    Compiling ring v0.16.12
[INFO] [stderr]     Checking block-padding v0.1.5
[INFO] [stderr]     Checking http v0.2.1
[INFO] [stderr]     Checking futures-channel v0.3.4
[INFO] [stderr]     Checking log v0.4.8
[INFO] [stderr]    Compiling proc-macro2 v0.4.30
[INFO] [stderr]     Checking time v0.1.42
[INFO] [stderr]     Checking dirs-sys v0.3.4
[INFO] [stderr]     Checking atty v0.2.14
[INFO] [stderr]     Checking crossbeam-channel v0.4.2
[INFO] [stderr]     Checking clap v2.33.0
[INFO] [stderr]     Checking dirs v2.0.2
[INFO] [stderr]     Checking mio v0.6.21
[INFO] [stderr]     Checking want v0.3.0
[INFO] [stderr]     Checking rand_core v0.5.1
[INFO] [stderr]     Checking term v0.6.1
[INFO] [stderr]     Checking slog-scope v4.3.0
[INFO] [stderr]    Compiling mime_guess v2.0.3
[INFO] [stderr]    Compiling quote v0.6.13
[INFO] [stderr]     Checking rand_chacha v0.2.2
[INFO] [stderr]     Checking crossbeam v0.7.3
[INFO] [stderr]     Checking slog-async v2.5.0
[INFO] [stderr]     Checking slog-stdlog v4.0.0
[INFO] [stderr]     Checking rand v0.7.3
[INFO] [stderr]     Checking generic-array v0.12.3
[INFO] [stderr]     Checking block-buffer v0.7.3
[INFO] [stderr]     Checking digest v0.8.1
[INFO] [stderr]     Checking chrono v0.4.11
[INFO] [stderr]     Checking sha-1 v0.8.2
[INFO] [stderr]     Checking sct v0.6.0
[INFO] [stderr]     Checking webpki v0.21.2
[INFO] [stderr]     Checking headers-core v0.2.0
[INFO] [stderr]     Checking http-body v0.3.1
[INFO] [stderr]     Checking headers v0.3.2
[INFO] [stderr]     Checking rustls v0.17.0
[INFO] [stderr]     Checking slog-term v2.5.0
[INFO] [stderr]    Compiling maud_macros v0.21.0
[INFO] [stdout] error[E0554]: `#![feature]` may not be used on the beta release channel
[INFO] [stdout]  --> /opt/rustwide/cargo-home/registry/src/github.com-1ecc6299db9ec823/maud_macros-0.21.0/src/lib.rs:1:1
[INFO] [stdout]   |
[INFO] [stdout] 1 | #![feature(proc_macro_def_site)]
[INFO] [stdout]   | ^^^^^^^^^^^^^^^^^^^^^^^^^^^^^^^^
[INFO] [stdout] 
[INFO] [stdout] 
[INFO] [stdout] error[E0554]: `#![feature]` may not be used on the beta release channel
[INFO] [stdout]  --> /opt/rustwide/cargo-home/registry/src/github.com-1ecc6299db9ec823/maud_macros-0.21.0/src/lib.rs:2:1
[INFO] [stdout]   |
[INFO] [stdout] 2 | #![feature(proc_macro_diagnostic)]
[INFO] [stdout]   | ^^^^^^^^^^^^^^^^^^^^^^^^^^^^^^^^^^
[INFO] [stdout] 
[INFO] [stdout] 
[INFO] [stdout] error[E0554]: `#![feature]` may not be used on the beta release channel
[INFO] [stdout]  --> /opt/rustwide/cargo-home/registry/src/github.com-1ecc6299db9ec823/maud_macros-0.21.0/src/lib.rs:3:1
[INFO] [stdout]   |
[INFO] [stdout] 3 | #![feature(proc_macro_hygiene)]
[INFO] [stdout]   | ^^^^^^^^^^^^^^^^^^^^^^^^^^^^^^^
[INFO] [stdout] 
[INFO] [stdout] 
[INFO] [stdout] error[E0554]: `#![feature]` may not be used on the beta release channel
[INFO] [stdout]  --> /opt/rustwide/cargo-home/registry/src/github.com-1ecc6299db9ec823/maud_macros-0.21.0/src/lib.rs:4:1
[INFO] [stdout]   |
[INFO] [stdout] 4 | #![feature(proc_macro_quote)]
[INFO] [stdout]   | ^^^^^^^^^^^^^^^^^^^^^^^^^^^^^
[INFO] [stdout] 
[INFO] [stdout] 
[INFO] [stdout] error[E0554]: `#![feature]` may not be used on the beta release channel
[INFO] [stdout]  --> /opt/rustwide/cargo-home/registry/src/github.com-1ecc6299db9ec823/maud_macros-0.21.0/src/lib.rs:5:1
[INFO] [stdout]   |
[INFO] [stdout] 5 | #![feature(proc_macro_span)]
[INFO] [stdout]   | ^^^^^^^^^^^^^^^^^^^^^^^^^^^^
[INFO] [stdout] 
[INFO] [stdout] 
[INFO] [stdout] error: aborting due to 5 previous errors
[INFO] [stdout] 
[INFO] [stdout] 
[INFO] [stdout] For more information about this error, try `rustc --explain E0554`.
[INFO] [stdout] 
[INFO] [stderr] error: could not compile `maud_macros`.
[INFO] [stderr] 
[INFO] [stderr] To learn more, run the command again with --verbose.
[INFO] [stderr] warning: build failed, waiting for other jobs to finish...
[INFO] [stderr] error: build failed
[INFO] running `Command { std: "docker" "inspect" "b25a071514846ed9a19b0d52192d42d5ae97952101951cb0285bc1e12f479a31", kill_on_drop: false }`
[INFO] running `Command { std: "docker" "rm" "-f" "b25a071514846ed9a19b0d52192d42d5ae97952101951cb0285bc1e12f479a31", kill_on_drop: false }`
[INFO] [stdout] b25a071514846ed9a19b0d52192d42d5ae97952101951cb0285bc1e12f479a31
