[INFO] cloning repository https://github.com/TrolledWoods/interp_compiler
[INFO] running `Command { std: "git" "-c" "credential.helper=" "-c" "credential.helper=/workspace/cargo-home/bin/git-credential-null" "clone" "--bare" "https://github.com/TrolledWoods/interp_compiler" "/workspace/cache/git-repos/https%3A%2F%2Fgithub.com%2FTrolledWoods%2Finterp_compiler", kill_on_drop: false }`
[INFO] [stderr] Cloning into bare repository '/workspace/cache/git-repos/https%3A%2F%2Fgithub.com%2FTrolledWoods%2Finterp_compiler'...
[INFO] running `Command { std: "git" "rev-parse" "HEAD", kill_on_drop: false }`
[INFO] [stdout] 1744c17dc75a0a465f4e3a100117736cd122f6ae
[INFO] checking TrolledWoods/interp_compiler against beta-2020-07-24 for pr-75494-beta
[INFO] running `Command { std: "git" "clone" "/workspace/cache/git-repos/https%3A%2F%2Fgithub.com%2FTrolledWoods%2Finterp_compiler" "/workspace/builds/worker-11/source", kill_on_drop: false }`
[INFO] [stderr] Cloning into '/workspace/builds/worker-11/source'...
[INFO] [stderr] done.
[INFO] validating manifest of git repo https://github.com/TrolledWoods/interp_compiler on toolchain beta-2020-07-24
[INFO] running `Command { std: "/workspace/cargo-home/bin/cargo" "+beta-2020-07-24" "read-manifest" "--manifest-path" "Cargo.toml", kill_on_drop: false }`
[INFO] started tweaking git repo https://github.com/TrolledWoods/interp_compiler
[INFO] finished tweaking git repo https://github.com/TrolledWoods/interp_compiler
[INFO] tweaked toml for git repo https://github.com/TrolledWoods/interp_compiler written to /workspace/builds/worker-11/source/Cargo.toml
[INFO] crate git repo https://github.com/TrolledWoods/interp_compiler already has a lockfile, it will not be regenerated
[INFO] running `Command { std: "/workspace/cargo-home/bin/cargo" "+beta-2020-07-24" "fetch" "--locked" "--manifest-path" "Cargo.toml", kill_on_drop: false }`
[INFO] [stderr]     Blocking waiting for file lock on package cache
[INFO] running `Command { std: "docker" "create" "-v" "/var/lib/crater-agent-workspace/builds/worker-11/target:/opt/rustwide/target:rw,Z" "-v" "/var/lib/crater-agent-workspace/builds/worker-11/source:/opt/rustwide/workdir:ro,Z" "-v" "/var/lib/crater-agent-workspace/cargo-home:/opt/rustwide/cargo-home:ro,Z" "-v" "/var/lib/crater-agent-workspace/rustup-home:/opt/rustwide/rustup-home:ro,Z" "-e" "SOURCE_DIR=/opt/rustwide/workdir" "-e" "CARGO_TARGET_DIR=/opt/rustwide/target" "-e" "CARGO_HOME=/opt/rustwide/cargo-home" "-e" "RUSTUP_HOME=/opt/rustwide/rustup-home" "-w" "/opt/rustwide/workdir" "-m" "1610612736" "--user" "0:0" "--network" "none" "rustops/crates-build-env@sha256:a636fd89d022f18117e1dc8fb37a0a009933cdbbe082814857f0e2024962d47c" "/opt/rustwide/cargo-home/bin/cargo" "+beta-2020-07-24" "metadata" "--no-deps" "--format-version=1", kill_on_drop: false }`
[INFO] [stdout] 7989499b74acaac720f14c26f6d9ee75a9017a7165b155e59b92ab7ff1532c7f
[INFO] [stderr] WARNING: Your kernel does not support swap limit capabilities or the cgroup is not mounted. Memory limited without swap.
[INFO] running `Command { std: "docker" "start" "-a" "7989499b74acaac720f14c26f6d9ee75a9017a7165b155e59b92ab7ff1532c7f", kill_on_drop: false }`
[INFO] running `Command { std: "docker" "inspect" "7989499b74acaac720f14c26f6d9ee75a9017a7165b155e59b92ab7ff1532c7f", kill_on_drop: false }`
[INFO] running `Command { std: "docker" "rm" "-f" "7989499b74acaac720f14c26f6d9ee75a9017a7165b155e59b92ab7ff1532c7f", kill_on_drop: false }`
[INFO] [stdout] 7989499b74acaac720f14c26f6d9ee75a9017a7165b155e59b92ab7ff1532c7f
[INFO] running `Command { std: "docker" "create" "-v" "/var/lib/crater-agent-workspace/builds/worker-11/target:/opt/rustwide/target:rw,Z" "-v" "/var/lib/crater-agent-workspace/builds/worker-11/source:/opt/rustwide/workdir:ro,Z" "-v" "/var/lib/crater-agent-workspace/cargo-home:/opt/rustwide/cargo-home:ro,Z" "-v" "/var/lib/crater-agent-workspace/rustup-home:/opt/rustwide/rustup-home:ro,Z" "-e" "SOURCE_DIR=/opt/rustwide/workdir" "-e" "CARGO_TARGET_DIR=/opt/rustwide/target" "-e" "CARGO_INCREMENTAL=0" "-e" "RUST_BACKTRACE=full" "-e" "RUSTFLAGS=--cap-lints=forbid" "-e" "CARGO_HOME=/opt/rustwide/cargo-home" "-e" "RUSTUP_HOME=/opt/rustwide/rustup-home" "-w" "/opt/rustwide/workdir" "-m" "1610612736" "--user" "0:0" "--network" "none" "rustops/crates-build-env@sha256:a636fd89d022f18117e1dc8fb37a0a009933cdbbe082814857f0e2024962d47c" "/opt/rustwide/cargo-home/bin/cargo" "+beta-2020-07-24" "check" "--frozen" "--all" "--all-targets" "--message-format=json", kill_on_drop: false }`
[INFO] [stdout] 3a4edeaa35590da9bb70fb1aecae6ddfb96bd4b2985ec72eaa019994eb5ae64b
[INFO] [stderr] WARNING: Your kernel does not support swap limit capabilities or the cgroup is not mounted. Memory limited without swap.
[INFO] running `Command { std: "docker" "start" "-a" "3a4edeaa35590da9bb70fb1aecae6ddfb96bd4b2985ec72eaa019994eb5ae64b", kill_on_drop: false }`
[INFO] [stderr]     Checking lazy_static v1.4.0
[INFO] [stderr]     Checking interp_compiler v0.1.0 (/opt/rustwide/workdir)
[INFO] [stdout] error[E0554]: `#![feature]` may not be used on the beta release channel
[INFO] [stdout]  --> src/main.rs:3:1
[INFO] [stdout]   |
[INFO] [stdout] 3 | #![feature(box_syntax)]
[INFO] [stdout]   | ^^^^^^^^^^^^^^^^^^^^^^^
[INFO] [stdout] 
[INFO] [stdout] 
[INFO] [stdout] error[E0554]: `#![feature]` may not be used on the beta release channel
[INFO] [stdout]  --> src/main.rs:4:1
[INFO] [stdout]   |
[INFO] [stdout] 4 | #![feature(box_patterns)]
[INFO] [stdout]   | ^^^^^^^^^^^^^^^^^^^^^^^^^
[INFO] [stdout] 
[INFO] [stdout] 
[INFO] [stdout] error[E0425]: cannot find function `get_operator_order` in this scope
[INFO] [stdout]   --> src/operators.rs:50:20
[INFO] [stdout]    |
[INFO] [stdout] 12 |           pub fn get_operator_info(name: &str)
[INFO] [stdout]    |  _________-
[INFO] [stdout] 13 | |             -> Option<(u8, OpDirection)>
[INFO] [stdout] 14 | |         {
[INFO] [stdout] 15 | |             match name {
[INFO] [stdout] ...  |
[INFO] [stdout] 18 | |             }
[INFO] [stdout] 19 | |         }
[INFO] [stdout]    | |_________- similarly named function `get_operator_info` defined here
[INFO] [stdout] ...
[INFO] [stdout] 50 |           assert_eq!(get_operator_order("+"), Some(1));
[INFO] [stdout]    |                      ^^^^^^^^^^^^^^^^^^ help: a function with a similar name exists: `get_operator_info`
[INFO] [stdout] 
[INFO] [stdout] 
[INFO] [stdout] error[E0425]: cannot find function `get_operator_order` in this scope
[INFO] [stdout]   --> src/operators.rs:51:20
[INFO] [stdout]    |
[INFO] [stdout] 12 |           pub fn get_operator_info(name: &str)
[INFO] [stdout]    |  _________-
[INFO] [stdout] 13 | |             -> Option<(u8, OpDirection)>
[INFO] [stdout] 14 | |         {
[INFO] [stdout] 15 | |             match name {
[INFO] [stdout] ...  |
[INFO] [stdout] 18 | |             }
[INFO] [stdout] 19 | |         }
[INFO] [stdout]    | |_________- similarly named function `get_operator_info` defined here
[INFO] [stdout] ...
[INFO] [stdout] 51 |           assert_eq!(get_operator_order("-"), Some(1));
[INFO] [stdout]    |                      ^^^^^^^^^^^^^^^^^^ help: a function with a similar name exists: `get_operator_info`
[INFO] [stdout] 
[INFO] [stdout] 
[INFO] [stdout] error[E0425]: cannot find function `get_operator_order` in this scope
[INFO] [stdout]   --> src/operators.rs:52:20
[INFO] [stdout]    |
[INFO] [stdout] 12 |           pub fn get_operator_info(name: &str)
[INFO] [stdout]    |  _________-
[INFO] [stdout] 13 | |             -> Option<(u8, OpDirection)>
[INFO] [stdout] 14 | |         {
[INFO] [stdout] 15 | |             match name {
[INFO] [stdout] ...  |
[INFO] [stdout] 18 | |             }
[INFO] [stdout] 19 | |         }
[INFO] [stdout]    | |_________- similarly named function `get_operator_info` defined here
[INFO] [stdout] ...
[INFO] [stdout] 52 |           assert_eq!(get_operator_order("blah"), None);
[INFO] [stdout]    |                      ^^^^^^^^^^^^^^^^^^ help: a function with a similar name exists: `get_operator_info`
[INFO] [stdout] 
[INFO] [stdout] 
[INFO] [stdout] error[E0554]: `#![feature]` may not be used on the beta release channel
[INFO] [stdout]  --> src/main.rs:3:1
[INFO] [stdout]   |
[INFO] [stdout] 3 | #![feature(box_syntax)]
[INFO] [stdout]   | ^^^^^^^^^^^^^^^^^^^^^^^
[INFO] [stdout] 
[INFO] [stdout] 
[INFO] [stdout] error[E0554]: `#![feature]` may not be used on the beta release channel
[INFO] [stdout]  --> src/main.rs:4:1
[INFO] [stdout]   |
[INFO] [stdout] 4 | #![feature(box_patterns)]
[INFO] [stdout]   | ^^^^^^^^^^^^^^^^^^^^^^^^^
[INFO] [stdout] 
[INFO] [stdout] 
[INFO] [stdout] error: aborting due to 2 previous errors
[INFO] [stdout] 
[INFO] [stdout] 
[INFO] [stdout] For more information about this error, try `rustc --explain E0554`.
[INFO] [stdout] 
[INFO] [stderr] error: could not compile `interp_compiler`.
[INFO] [stderr] 
[INFO] [stderr] To learn more, run the command again with --verbose.
[INFO] [stderr] warning: build failed, waiting for other jobs to finish...
[INFO] [stdout] error: aborting due to 5 previous errors
[INFO] [stdout] 
[INFO] [stdout] 
[INFO] [stdout] Some errors have detailed explanations: E0425, E0554.
[INFO] [stdout] 
[INFO] [stdout] For more information about an error, try `rustc --explain E0425`.
[INFO] [stdout] 
[INFO] [stderr] error: build failed
[INFO] running `Command { std: "docker" "inspect" "3a4edeaa35590da9bb70fb1aecae6ddfb96bd4b2985ec72eaa019994eb5ae64b", kill_on_drop: false }`
[INFO] running `Command { std: "docker" "rm" "-f" "3a4edeaa35590da9bb70fb1aecae6ddfb96bd4b2985ec72eaa019994eb5ae64b", kill_on_drop: false }`
[INFO] [stdout] 3a4edeaa35590da9bb70fb1aecae6ddfb96bd4b2985ec72eaa019994eb5ae64b
