[INFO] cloning repository https://github.com/ThatsGobbles/cheffu
[INFO] running `Command { std: "git" "-c" "credential.helper=" "-c" "credential.helper=/workspace/cargo-home/bin/git-credential-null" "clone" "--bare" "https://github.com/ThatsGobbles/cheffu" "/workspace/cache/git-repos/https%3A%2F%2Fgithub.com%2FThatsGobbles%2Fcheffu", kill_on_drop: false }`
[INFO] [stderr] Cloning into bare repository '/workspace/cache/git-repos/https%3A%2F%2Fgithub.com%2FThatsGobbles%2Fcheffu'...
[INFO] running `Command { std: "git" "rev-parse" "HEAD", kill_on_drop: false }`
[INFO] [stdout] 94231f8ac9f9ed33de065b2ab0e3d8809ed7dcb8
[INFO] checking ThatsGobbles/cheffu against beta-2020-07-24 for pr-75494-beta
[INFO] running `Command { std: "git" "clone" "/workspace/cache/git-repos/https%3A%2F%2Fgithub.com%2FThatsGobbles%2Fcheffu" "/workspace/builds/worker-3/source", kill_on_drop: false }`
[INFO] [stderr] Cloning into '/workspace/builds/worker-3/source'...
[INFO] [stderr] done.
[INFO] validating manifest of git repo https://github.com/ThatsGobbles/cheffu on toolchain beta-2020-07-24
[INFO] running `Command { std: "/workspace/cargo-home/bin/cargo" "+beta-2020-07-24" "read-manifest" "--manifest-path" "Cargo.toml", kill_on_drop: false }`
[INFO] started tweaking git repo https://github.com/ThatsGobbles/cheffu
[INFO] finished tweaking git repo https://github.com/ThatsGobbles/cheffu
[INFO] tweaked toml for git repo https://github.com/ThatsGobbles/cheffu written to /workspace/builds/worker-3/source/Cargo.toml
[INFO] crate git repo https://github.com/ThatsGobbles/cheffu already has a lockfile, it will not be regenerated
[INFO] running `Command { std: "/workspace/cargo-home/bin/cargo" "+beta-2020-07-24" "fetch" "--locked" "--manifest-path" "Cargo.toml", kill_on_drop: false }`
[INFO] running `Command { std: "docker" "create" "-v" "/var/lib/crater-agent-workspace/builds/worker-3/target:/opt/rustwide/target:rw,Z" "-v" "/var/lib/crater-agent-workspace/builds/worker-3/source:/opt/rustwide/workdir:ro,Z" "-v" "/var/lib/crater-agent-workspace/cargo-home:/opt/rustwide/cargo-home:ro,Z" "-v" "/var/lib/crater-agent-workspace/rustup-home:/opt/rustwide/rustup-home:ro,Z" "-e" "SOURCE_DIR=/opt/rustwide/workdir" "-e" "CARGO_TARGET_DIR=/opt/rustwide/target" "-e" "CARGO_HOME=/opt/rustwide/cargo-home" "-e" "RUSTUP_HOME=/opt/rustwide/rustup-home" "-w" "/opt/rustwide/workdir" "-m" "1610612736" "--user" "0:0" "--network" "none" "rustops/crates-build-env@sha256:a636fd89d022f18117e1dc8fb37a0a009933cdbbe082814857f0e2024962d47c" "/opt/rustwide/cargo-home/bin/cargo" "+beta-2020-07-24" "metadata" "--no-deps" "--format-version=1", kill_on_drop: false }`
[INFO] [stdout] 124a8a03b1a358e90779966087129422a102bf9542b161d7f48933cc60a229ad
[INFO] [stderr] WARNING: Your kernel does not support swap limit capabilities or the cgroup is not mounted. Memory limited without swap.
[INFO] running `Command { std: "docker" "start" "-a" "124a8a03b1a358e90779966087129422a102bf9542b161d7f48933cc60a229ad", kill_on_drop: false }`
[INFO] running `Command { std: "docker" "inspect" "124a8a03b1a358e90779966087129422a102bf9542b161d7f48933cc60a229ad", kill_on_drop: false }`
[INFO] running `Command { std: "docker" "rm" "-f" "124a8a03b1a358e90779966087129422a102bf9542b161d7f48933cc60a229ad", kill_on_drop: false }`
[INFO] [stdout] 124a8a03b1a358e90779966087129422a102bf9542b161d7f48933cc60a229ad
[INFO] running `Command { std: "docker" "create" "-v" "/var/lib/crater-agent-workspace/builds/worker-3/target:/opt/rustwide/target:rw,Z" "-v" "/var/lib/crater-agent-workspace/builds/worker-3/source:/opt/rustwide/workdir:ro,Z" "-v" "/var/lib/crater-agent-workspace/cargo-home:/opt/rustwide/cargo-home:ro,Z" "-v" "/var/lib/crater-agent-workspace/rustup-home:/opt/rustwide/rustup-home:ro,Z" "-e" "SOURCE_DIR=/opt/rustwide/workdir" "-e" "CARGO_TARGET_DIR=/opt/rustwide/target" "-e" "CARGO_INCREMENTAL=0" "-e" "RUST_BACKTRACE=full" "-e" "RUSTFLAGS=--cap-lints=forbid" "-e" "CARGO_HOME=/opt/rustwide/cargo-home" "-e" "RUSTUP_HOME=/opt/rustwide/rustup-home" "-w" "/opt/rustwide/workdir" "-m" "1610612736" "--user" "0:0" "--network" "none" "rustops/crates-build-env@sha256:a636fd89d022f18117e1dc8fb37a0a009933cdbbe082814857f0e2024962d47c" "/opt/rustwide/cargo-home/bin/cargo" "+beta-2020-07-24" "check" "--frozen" "--all" "--all-targets" "--message-format=json", kill_on_drop: false }`
[INFO] [stdout] f9494c222e62e8540b1ea61194ee5d0d06b71955dac9ba73995e0dda15168266
[INFO] [stderr] WARNING: Your kernel does not support swap limit capabilities or the cgroup is not mounted. Memory limited without swap.
[INFO] running `Command { std: "docker" "start" "-a" "f9494c222e62e8540b1ea61194ee5d0d06b71955dac9ba73995e0dda15168266", kill_on_drop: false }`
[INFO] [stderr]     Checking void v1.0.2
[INFO] [stderr]     Checking lazy_static v1.0.0
[INFO] [stderr]     Checking ucd-util v0.1.1
[INFO] [stderr]     Checking rustc-demangle v0.1.6
[INFO] [stderr]     Checking utf8-ranges v1.0.0
[INFO] [stderr]     Checking cfg-if v0.1.2
[INFO] [stderr]     Checking lazy_static v0.2.11
[INFO] [stderr]     Checking maplit v1.0.1
[INFO] [stderr]     Checking memchr v2.0.1
[INFO] [stderr]     Checking memchr v1.0.2
[INFO] [stderr]    Compiling backtrace-sys v0.1.16
[INFO] [stderr]     Checking unreachable v1.0.0
[INFO] [stderr]     Checking regex-syntax v0.5.0
[INFO] [stderr]     Checking thread_local v0.3.5
[INFO] [stderr]     Checking aho-corasick v0.6.4
[INFO] [stderr]     Checking regex v0.2.7
[INFO] [stderr]     Checking nom v3.2.1
[INFO] [stderr]     Checking backtrace v0.3.5
[INFO] [stderr]     Checking failure v0.1.1
[INFO] [stderr]     Checking cheffu v0.1.0 (/opt/rustwide/workdir)
[INFO] [stdout] error[E0554]: `#![feature]` may not be used on the beta release channel
[INFO] [stdout]  --> src/main.rs:1:1
[INFO] [stdout]   |
[INFO] [stdout] 1 | #![feature(entry_or_default)]
[INFO] [stdout]   | ^^^^^^^^^^^^^^^^^^^^^^^^^^^^^
[INFO] [stdout] 
[INFO] [stdout] 
[INFO] [stdout] error[E0554]: `#![feature]` may not be used on the beta release channel
[INFO] [stdout]  --> src/main.rs:2:1
[INFO] [stdout]   |
[INFO] [stdout] 2 | #![feature(macro_at_most_once_rep)]
[INFO] [stdout]   | ^^^^^^^^^^^^^^^^^^^^^^^^^^^^^^^^^^^
[INFO] [stdout] 
[INFO] [stdout] 
[INFO] [stdout] error[E0554]: `#![feature]` may not be used on the beta release channel
[INFO] [stdout]  --> src/main.rs:3:1
[INFO] [stdout]   |
[INFO] [stdout] 3 | #![feature(type_ascription)]
[INFO] [stdout]   | ^^^^^^^^^^^^^^^^^^^^^^^^^^^^
[INFO] [stdout] 
[INFO] [stdout] 
[INFO] [stdout] warning: unused doc comment
[INFO] [stdout]   --> src/parser/mod.rs:38:5
[INFO] [stdout]    |
[INFO] [stdout] 38 |     /** Primitive types **/
[INFO] [stdout]    |     ^^^^^^^^^^^^^^^^^^^^^^^ rustdoc does not generate documentation for macro invocations
[INFO] [stdout]    |
[INFO] [stdout]    = note: `#[warn(unused_doc_comments)]` on by default
[INFO] [stdout]    = help: to document an item produced by a macro, the macro must produce the documentation as part of its expansion
[INFO] [stdout] 
[INFO] [stdout] 
[INFO] [stdout] warning: unused doc comment
[INFO] [stdout]   --> src/parser/mod.rs:98:5
[INFO] [stdout]    |
[INFO] [stdout] 98 |     /// Represents a fractional amount between 0 and 1, noninclusive.
[INFO] [stdout]    |     ^^^^^^^^^^^^^^^^^^^^^^^^^^^^^^^^^^^^^^^^^^^^^^^^^^^^^^^^^^^^^^^^^ rustdoc does not generate documentation for macro invocations
[INFO] [stdout]    |
[INFO] [stdout]    = help: to document an item produced by a macro, the macro must produce the documentation as part of its expansion
[INFO] [stdout] 
[INFO] [stdout] 
[INFO] [stdout] warning: unused doc comment
[INFO] [stdout]    --> src/parser/mod.rs:106:5
[INFO] [stdout]     |
[INFO] [stdout] 106 |     /** Tokens **/
[INFO] [stdout]     |     ^^^^^^^^^^^^^^ rustdoc does not generate documentation for macro invocations
[INFO] [stdout]     |
[INFO] [stdout]     = help: to document an item produced by a macro, the macro must produce the documentation as part of its expansion
[INFO] [stdout] 
[INFO] [stdout] 
[INFO] [stdout] warning: unused doc comment
[INFO] [stdout]    --> src/parser/mod.rs:158:5
[INFO] [stdout]     |
[INFO] [stdout] 158 |     /** Gates **/
[INFO] [stdout]     |     ^^^^^^^^^^^^^ rustdoc does not generate documentation for macro invocations
[INFO] [stdout]     |
[INFO] [stdout]     = help: to document an item produced by a macro, the macro must produce the documentation as part of its expansion
[INFO] [stdout] 
[INFO] [stdout] 
[INFO] [stdout] warning: unused doc comment
[INFO] [stdout]    --> src/parser/mod.rs:176:5
[INFO] [stdout]     |
[INFO] [stdout] 176 |     /** Flows **/
[INFO] [stdout]     |     ^^^^^^^^^^^^^ rustdoc does not generate documentation for macro invocations
[INFO] [stdout]     |
[INFO] [stdout]     = help: to document an item produced by a macro, the macro must produce the documentation as part of its expansion
[INFO] [stdout] 
[INFO] [stdout] 
[INFO] [stdout] warning: unused imports: `FlowItem`, `Flow`, `SplitSet`, `Split`
[INFO] [stdout]    --> src/parser/mod.rs:227:39
[INFO] [stdout]     |
[INFO] [stdout] 227 |     #[macro_use] use parallel::flow::{Flow, FlowItem, SplitSet, Split};
[INFO] [stdout]     |                                       ^^^^  ^^^^^^^^  ^^^^^^^^  ^^^^^
[INFO] [stdout]     |
[INFO] [stdout]     = note: `#[warn(unused_imports)]` on by default
[INFO] [stdout] 
[INFO] [stdout] 
[INFO] [stdout] warning: unused import: `failure::Error`
[INFO] [stdout]  --> src/processor/mod.rs:1:5
[INFO] [stdout]   |
[INFO] [stdout] 1 | use failure::Error;
[INFO] [stdout]   |     ^^^^^^^^^^^^^^
[INFO] [stdout] 
[INFO] [stdout] 
[INFO] [stdout] error[E0554]: `#![feature]` may not be used on the beta release channel
[INFO] [stdout]  --> src/main.rs:1:1
[INFO] [stdout]   |
[INFO] [stdout] 1 | #![feature(entry_or_default)]
[INFO] [stdout]   | ^^^^^^^^^^^^^^^^^^^^^^^^^^^^^
[INFO] [stdout] 
[INFO] [stdout] 
[INFO] [stdout] error[E0554]: `#![feature]` may not be used on the beta release channel
[INFO] [stdout]  --> src/main.rs:2:1
[INFO] [stdout]   |
[INFO] [stdout] 2 | #![feature(macro_at_most_once_rep)]
[INFO] [stdout]   | ^^^^^^^^^^^^^^^^^^^^^^^^^^^^^^^^^^^
[INFO] [stdout] 
[INFO] [stdout] 
[INFO] [stdout] error[E0554]: `#![feature]` may not be used on the beta release channel
[INFO] [stdout]  --> src/main.rs:3:1
[INFO] [stdout]   |
[INFO] [stdout] 3 | #![feature(type_ascription)]
[INFO] [stdout]   | ^^^^^^^^^^^^^^^^^^^^^^^^^^^^
[INFO] [stdout] 
[INFO] [stdout] 
[INFO] [stdout] warning: unused doc comment
[INFO] [stdout]   --> src/parser/mod.rs:38:5
[INFO] [stdout]    |
[INFO] [stdout] 38 |     /** Primitive types **/
[INFO] [stdout]    |     ^^^^^^^^^^^^^^^^^^^^^^^ rustdoc does not generate documentation for macro invocations
[INFO] [stdout]    |
[INFO] [stdout]    = note: `#[warn(unused_doc_comments)]` on by default
[INFO] [stdout]    = help: to document an item produced by a macro, the macro must produce the documentation as part of its expansion
[INFO] [stdout] 
[INFO] [stdout] 
[INFO] [stdout] warning: unused doc comment
[INFO] [stdout]   --> src/parser/mod.rs:98:5
[INFO] [stdout]    |
[INFO] [stdout] 98 |     /// Represents a fractional amount between 0 and 1, noninclusive.
[INFO] [stdout]    |     ^^^^^^^^^^^^^^^^^^^^^^^^^^^^^^^^^^^^^^^^^^^^^^^^^^^^^^^^^^^^^^^^^ rustdoc does not generate documentation for macro invocations
[INFO] [stdout]    |
[INFO] [stdout]    = help: to document an item produced by a macro, the macro must produce the documentation as part of its expansion
[INFO] [stdout] 
[INFO] [stdout] 
[INFO] [stdout] warning: unused doc comment
[INFO] [stdout]    --> src/parser/mod.rs:106:5
[INFO] [stdout]     |
[INFO] [stdout] 106 |     /** Tokens **/
[INFO] [stdout]     |     ^^^^^^^^^^^^^^ rustdoc does not generate documentation for macro invocations
[INFO] [stdout]     |
[INFO] [stdout]     = help: to document an item produced by a macro, the macro must produce the documentation as part of its expansion
[INFO] [stdout] 
[INFO] [stdout] 
[INFO] [stdout] warning: unused doc comment
[INFO] [stdout]    --> src/parser/mod.rs:158:5
[INFO] [stdout]     |
[INFO] [stdout] 158 |     /** Gates **/
[INFO] [stdout]     |     ^^^^^^^^^^^^^ rustdoc does not generate documentation for macro invocations
[INFO] [stdout]     |
[INFO] [stdout]     = help: to document an item produced by a macro, the macro must produce the documentation as part of its expansion
[INFO] [stdout] 
[INFO] [stdout] 
[INFO] [stdout] warning: unused doc comment
[INFO] [stdout]    --> src/parser/mod.rs:176:5
[INFO] [stdout]     |
[INFO] [stdout] 176 |     /** Flows **/
[INFO] [stdout]     |     ^^^^^^^^^^^^^ rustdoc does not generate documentation for macro invocations
[INFO] [stdout]     |
[INFO] [stdout]     = help: to document an item produced by a macro, the macro must produce the documentation as part of its expansion
[INFO] [stdout] 
[INFO] [stdout] 
[INFO] [stdout] warning: unused macro definition
[INFO] [stdout]   --> src/parallel/gate.rs:11:1
[INFO] [stdout]    |
[INFO] [stdout] 11 | / macro_rules! allow {
[INFO] [stdout] 12 | |     ( $($slot:expr),* $(,)? ) => (Gate::allow(vec!($($slot),*)));
[INFO] [stdout] 13 | | }
[INFO] [stdout]    | |_^
[INFO] [stdout]    |
[INFO] [stdout]    = note: `#[warn(unused_macros)]` on by default
[INFO] [stdout] 
[INFO] [stdout] 
[INFO] [stdout] warning: unused macro definition
[INFO] [stdout]   --> src/parallel/flow.rs:12:1
[INFO] [stdout]    |
[INFO] [stdout] 12 | / macro_rules! splitset {
[INFO] [stdout] 13 | |     ( $($split:expr),* $(,)? ) => (SplitSet::new(btreeset!($($split),*)));
[INFO] [stdout] 14 | | }
[INFO] [stdout]    | |_^
[INFO] [stdout] 
[INFO] [stdout] 
[INFO] [stdout] warning: unused import: `failure::Error`
[INFO] [stdout]  --> src/processor/mod.rs:1:5
[INFO] [stdout]   |
[INFO] [stdout] 1 | use failure::Error;
[INFO] [stdout]   |     ^^^^^^^^^^^^^^
[INFO] [stdout]   |
[INFO] [stdout]   = note: `#[warn(unused_imports)]` on by default
[INFO] [stdout] 
[INFO] [stdout] 
[INFO] [stdout] error: aborting due to 3 previous errors; 8 warnings emitted
[INFO] [stdout] 
[INFO] [stdout] 
[INFO] [stdout] For more information about this error, try `rustc --explain E0554`.
[INFO] [stdout] 
[INFO] [stderr] error: could not compile `cheffu`.
[INFO] [stderr] 
[INFO] [stderr] To learn more, run the command again with --verbose.
[INFO] [stderr] warning: build failed, waiting for other jobs to finish...
[INFO] [stdout] error: aborting due to 3 previous errors; 7 warnings emitted
[INFO] [stdout] 
[INFO] [stdout] 
[INFO] [stdout] For more information about this error, try `rustc --explain E0554`.
[INFO] [stdout] 
[INFO] [stderr] error: build failed
[INFO] running `Command { std: "docker" "inspect" "f9494c222e62e8540b1ea61194ee5d0d06b71955dac9ba73995e0dda15168266", kill_on_drop: false }`
[INFO] running `Command { std: "docker" "rm" "-f" "f9494c222e62e8540b1ea61194ee5d0d06b71955dac9ba73995e0dda15168266", kill_on_drop: false }`
[INFO] [stdout] f9494c222e62e8540b1ea61194ee5d0d06b71955dac9ba73995e0dda15168266
