[INFO] cloning repository https://github.com/That3Percent/twitter-sentiment-graphs
[INFO] running `Command { std: "git" "-c" "credential.helper=" "-c" "credential.helper=/workspace/cargo-home/bin/git-credential-null" "clone" "--bare" "https://github.com/That3Percent/twitter-sentiment-graphs" "/workspace/cache/git-repos/https%3A%2F%2Fgithub.com%2FThat3Percent%2Ftwitter-sentiment-graphs", kill_on_drop: false }`
[INFO] [stderr] Cloning into bare repository '/workspace/cache/git-repos/https%3A%2F%2Fgithub.com%2FThat3Percent%2Ftwitter-sentiment-graphs'...
[INFO] running `Command { std: "git" "rev-parse" "HEAD", kill_on_drop: false }`
[INFO] [stdout] 92daa6d4887ccecff9d74add81a57d35a4199ad1
[INFO] checking That3Percent/twitter-sentiment-graphs against beta-2020-07-24 for pr-75494-beta
[INFO] running `Command { std: "git" "clone" "/workspace/cache/git-repos/https%3A%2F%2Fgithub.com%2FThat3Percent%2Ftwitter-sentiment-graphs" "/workspace/builds/worker-4/source", kill_on_drop: false }`
[INFO] [stderr] Cloning into '/workspace/builds/worker-4/source'...
[INFO] [stderr] done.
[INFO] validating manifest of git repo https://github.com/That3Percent/twitter-sentiment-graphs on toolchain beta-2020-07-24
[INFO] running `Command { std: "/workspace/cargo-home/bin/cargo" "+beta-2020-07-24" "read-manifest" "--manifest-path" "Cargo.toml", kill_on_drop: false }`
[INFO] started tweaking git repo https://github.com/That3Percent/twitter-sentiment-graphs
[INFO] finished tweaking git repo https://github.com/That3Percent/twitter-sentiment-graphs
[INFO] tweaked toml for git repo https://github.com/That3Percent/twitter-sentiment-graphs written to /workspace/builds/worker-4/source/Cargo.toml
[INFO] crate git repo https://github.com/That3Percent/twitter-sentiment-graphs already has a lockfile, it will not be regenerated
[INFO] running `Command { std: "/workspace/cargo-home/bin/cargo" "+beta-2020-07-24" "fetch" "--locked" "--manifest-path" "Cargo.toml", kill_on_drop: false }`
[INFO] running `Command { std: "docker" "create" "-v" "/var/lib/crater-agent-workspace/builds/worker-4/target:/opt/rustwide/target:rw,Z" "-v" "/var/lib/crater-agent-workspace/builds/worker-4/source:/opt/rustwide/workdir:ro,Z" "-v" "/var/lib/crater-agent-workspace/cargo-home:/opt/rustwide/cargo-home:ro,Z" "-v" "/var/lib/crater-agent-workspace/rustup-home:/opt/rustwide/rustup-home:ro,Z" "-e" "SOURCE_DIR=/opt/rustwide/workdir" "-e" "CARGO_TARGET_DIR=/opt/rustwide/target" "-e" "CARGO_HOME=/opt/rustwide/cargo-home" "-e" "RUSTUP_HOME=/opt/rustwide/rustup-home" "-w" "/opt/rustwide/workdir" "-m" "1610612736" "--user" "0:0" "--network" "none" "rustops/crates-build-env@sha256:a636fd89d022f18117e1dc8fb37a0a009933cdbbe082814857f0e2024962d47c" "/opt/rustwide/cargo-home/bin/cargo" "+beta-2020-07-24" "metadata" "--no-deps" "--format-version=1", kill_on_drop: false }`
[INFO] [stderr] WARNING: Your kernel does not support swap limit capabilities or the cgroup is not mounted. Memory limited without swap.
[INFO] [stdout] 2d2c73ba0a0a81d511574785c01a5cb1d9416bfe45f1dc9382c8d70555e93789
[INFO] running `Command { std: "docker" "start" "-a" "2d2c73ba0a0a81d511574785c01a5cb1d9416bfe45f1dc9382c8d70555e93789", kill_on_drop: false }`
[INFO] running `Command { std: "docker" "inspect" "2d2c73ba0a0a81d511574785c01a5cb1d9416bfe45f1dc9382c8d70555e93789", kill_on_drop: false }`
[INFO] running `Command { std: "docker" "rm" "-f" "2d2c73ba0a0a81d511574785c01a5cb1d9416bfe45f1dc9382c8d70555e93789", kill_on_drop: false }`
[INFO] [stdout] 2d2c73ba0a0a81d511574785c01a5cb1d9416bfe45f1dc9382c8d70555e93789
[INFO] running `Command { std: "docker" "create" "-v" "/var/lib/crater-agent-workspace/builds/worker-4/target:/opt/rustwide/target:rw,Z" "-v" "/var/lib/crater-agent-workspace/builds/worker-4/source:/opt/rustwide/workdir:ro,Z" "-v" "/var/lib/crater-agent-workspace/cargo-home:/opt/rustwide/cargo-home:ro,Z" "-v" "/var/lib/crater-agent-workspace/rustup-home:/opt/rustwide/rustup-home:ro,Z" "-e" "SOURCE_DIR=/opt/rustwide/workdir" "-e" "CARGO_TARGET_DIR=/opt/rustwide/target" "-e" "CARGO_INCREMENTAL=0" "-e" "RUST_BACKTRACE=full" "-e" "RUSTFLAGS=--cap-lints=forbid" "-e" "CARGO_HOME=/opt/rustwide/cargo-home" "-e" "RUSTUP_HOME=/opt/rustwide/rustup-home" "-w" "/opt/rustwide/workdir" "-m" "1610612736" "--user" "0:0" "--network" "none" "rustops/crates-build-env@sha256:a636fd89d022f18117e1dc8fb37a0a009933cdbbe082814857f0e2024962d47c" "/opt/rustwide/cargo-home/bin/cargo" "+beta-2020-07-24" "check" "--frozen" "--all" "--all-targets" "--message-format=json", kill_on_drop: false }`
[INFO] [stderr] WARNING: Your kernel does not support swap limit capabilities or the cgroup is not mounted. Memory limited without swap.
[INFO] [stdout] b26e7622cbd8f87a4e5277e0741475483d361ae78d0f26c42dbfa7940f9d9ee3
[INFO] running `Command { std: "docker" "start" "-a" "b26e7622cbd8f87a4e5277e0741475483d361ae78d0f26c42dbfa7940f9d9ee3", kill_on_drop: false }`
[INFO] [stderr]    Compiling libc v0.2.65
[INFO] [stderr]     Checking cfg-if v0.1.10
[INFO] [stderr]    Compiling byteorder v1.3.2
[INFO] [stderr]    Compiling log v0.4.8
[INFO] [stderr]     Checking lazy_static v1.4.0
[INFO] [stderr]    Compiling autocfg v0.1.7
[INFO] [stderr]     Checking futures v0.1.29
[INFO] [stderr]    Compiling semver-parser v0.7.0
[INFO] [stderr]     Checking slab v0.4.2
[INFO] [stderr]     Checking smallvec v0.6.12
[INFO] [stderr]    Compiling version_check v0.1.5
[INFO] [stderr]     Checking either v1.5.3
[INFO] [stderr]    Compiling proc-macro2 v0.4.30
[INFO] [stderr]    Compiling bitflags v1.2.1
[INFO] [stderr]     Checking scopeguard v1.0.0
[INFO] [stderr]    Compiling syn v0.15.44
[INFO] [stderr]    Compiling proc-macro2 v1.0.6
[INFO] [stderr]    Compiling unicode-xid v0.2.0
[INFO] [stderr]    Compiling memchr v2.2.1
[INFO] [stderr]    Compiling syn v1.0.7
[INFO] [stderr]    Compiling httparse v1.3.4
[INFO] [stderr]     Checking fnv v1.0.6
[INFO] [stderr]    Compiling arrayvec v0.4.12
[INFO] [stderr]    Compiling serde v1.0.102
[INFO] [stderr]    Compiling yansi v0.4.0
[INFO] [stderr]     Checking nodrop v0.1.14
[INFO] [stderr]    Compiling typenum v1.11.2
[INFO] [stderr]    Compiling version_check v0.9.1
[INFO] [stderr]    Compiling matches v0.1.8
[INFO] [stderr]    Compiling pkg-config v0.3.16
[INFO] [stderr]    Compiling getrandom v0.1.13
[INFO] [stderr]     Checking futures-core-preview v0.3.0-alpha.19
[INFO] [stderr]     Checking itoa v0.4.4
[INFO] [stderr]    Compiling percent-encoding v1.0.1
[INFO] [stderr]    Compiling safemem v0.3.3
[INFO] [stderr]    Compiling yansi v0.5.0
[INFO] [stderr]     Checking pin-utils v0.1.0-alpha.4
[INFO] [stderr]    Compiling untrusted v0.6.2
[INFO] [stderr]     Checking futures-io-preview v0.3.0-alpha.19
[INFO] [stderr]     Checking ppv-lite86 v0.2.6
[INFO] [stderr]     Checking foreign-types-shared v0.1.1
[INFO] [stderr]    Compiling typeable v0.1.2
[INFO] [stderr]     Checking byte-tools v0.3.1
[INFO] [stderr]    Compiling language-tags v0.2.2
[INFO] [stderr]    Compiling openssl v0.10.25
[INFO] [stderr]    Compiling traitobject v0.1.0
[INFO] [stderr]     Checking try-lock v0.2.2
[INFO] [stderr]    Compiling ryu v1.0.2
[INFO] [stderr]    Compiling crc32fast v1.2.0
[INFO] [stderr]    Compiling state v0.4.1
[INFO] [stderr]    Compiling native-tls v0.2.3
[INFO] [stderr]     Checking unicode-xid v0.1.0
[INFO] [stderr]     Checking ucd-util v0.1.5
[INFO] [stderr]     Checking fake-simd v0.1.2
[INFO] [stderr]     Checking openssl-probe v0.1.2
[INFO] [stderr]     Checking same-file v1.0.5
[INFO] [stderr]     Checking lazycell v1.2.1
[INFO] [stderr]     Checking opaque-debug v0.2.3
[INFO] [stderr]     Checking dtoa v0.4.4
[INFO] [stderr]     Checking itoa v0.3.4
[INFO] [stderr]     Checking rle-decode-fast v1.0.1
[INFO] [stderr]     Checking adler32 v1.0.4
[INFO] [stderr]     Checking utf8-ranges v1.0.4
[INFO] [stderr]     Checking string v0.1.3
[INFO] [stderr]     Checking pin-project-lite v0.1.0
[INFO] [stderr]     Checking lazy_static v0.2.11
[INFO] [stderr]     Checking static_assertions v0.3.4
[INFO] [stderr]     Checking second-stack v0.2.1
[INFO] [stderr]    Compiling ring v0.13.5
[INFO] [stderr]     Checking crossbeam-utils v0.6.6
[INFO] [stderr]     Checking thread_local v0.3.6
[INFO] [stderr]     Checking lock_api v0.3.1
[INFO] [stderr]     Checking itertools v0.8.1
[INFO] [stderr]    Compiling semver v0.9.0
[INFO] [stdout] error[E0554]: `#![feature]` may not be used on the beta release channel
[INFO] [stdout]  --> /opt/rustwide/cargo-home/registry/src/github.com-1ecc6299db9ec823/second-stack-0.2.1/src/lib.rs:1:1
[INFO] [stdout]   |
[INFO] [stdout] 1 | #![feature(allocator_api, alloc_layout_extra, ptr_offset_from)]
[INFO] [stdout]   | ^^^^^^^^^^^^^^^^^^^^^^^^^^^^^^^^^^^^^^^^^^^^^^^^^^^^^^^^^^^^^^^
[INFO] [stdout] 
[INFO] [stdout] 
[INFO] [stderr]     Checking unicode-normalization v0.1.8
[INFO] [stdout] error[E0061]: this function takes 2 arguments but 1 argument was supplied
[INFO] [stdout]    --> /opt/rustwide/cargo-home/registry/src/github.com-1ecc6299db9ec823/second-stack-0.2.1/src/lib.rs:108:33
[INFO] [stdout]     |
[INFO] [stdout] 108 |             let bottom = Global.alloc(layout).unwrap().as_ptr(); // TODO: There may be mitigation, like not doubling in size.
[INFO] [stdout]     |                                 ^^^^^ ------ supplied 1 argument
[INFO] [stdout]     |                                 |
[INFO] [stdout]     |                                 expected 2 arguments
[INFO] [stdout] 
[INFO] [stdout] 
[INFO] [stdout] error[E0599]: no method named `as_ptr` found for struct `std::alloc::MemoryBlock` in the current scope
[INFO] [stdout]    --> /opt/rustwide/cargo-home/registry/src/github.com-1ecc6299db9ec823/second-stack-0.2.1/src/lib.rs:108:56
[INFO] [stdout]     |
[INFO] [stdout] 108 |             let bottom = Global.alloc(layout).unwrap().as_ptr(); // TODO: There may be mitigation, like not doubling in size.
[INFO] [stdout]     |                                                        ^^^^^^ method not found in `std::alloc::MemoryBlock`
[INFO] [stdout] 
[INFO] [stdout] 
[INFO] [stdout] error: aborting due to 3 previous errors
[INFO] [stdout] 
[INFO] [stdout] 
[INFO] [stdout] Some errors have detailed explanations: E0061, E0554, E0599.
[INFO] [stdout] 
[INFO] [stdout] For more information about an error, try `rustc --explain E0061`.
[INFO] [stdout] 
[INFO] [stderr] error: could not compile `second-stack`.
[INFO] [stderr] 
[INFO] [stderr] To learn more, run the command again with --verbose.
[INFO] [stderr] warning: build failed, waiting for other jobs to finish...
[INFO] [stderr] error: build failed
[INFO] running `Command { std: "docker" "inspect" "b26e7622cbd8f87a4e5277e0741475483d361ae78d0f26c42dbfa7940f9d9ee3", kill_on_drop: false }`
[INFO] running `Command { std: "docker" "rm" "-f" "b26e7622cbd8f87a4e5277e0741475483d361ae78d0f26c42dbfa7940f9d9ee3", kill_on_drop: false }`
[INFO] [stdout] b26e7622cbd8f87a4e5277e0741475483d361ae78d0f26c42dbfa7940f9d9ee3
