[INFO] cloning repository https://github.com/Sh4d1/rush
[INFO] running `Command { std: "git" "-c" "credential.helper=" "-c" "credential.helper=/workspace/cargo-home/bin/git-credential-null" "clone" "--bare" "https://github.com/Sh4d1/rush" "/workspace/cache/git-repos/https%3A%2F%2Fgithub.com%2FSh4d1%2Frush", kill_on_drop: false }`
[INFO] [stderr] Cloning into bare repository '/workspace/cache/git-repos/https%3A%2F%2Fgithub.com%2FSh4d1%2Frush'...
[INFO] running `Command { std: "git" "rev-parse" "HEAD", kill_on_drop: false }`
[INFO] [stdout] 2bb2b0979c99102ae25b054528185c5bc72b1e5e
[INFO] checking Sh4d1/rush against beta-2020-07-24 for pr-75494-beta
[INFO] running `Command { std: "git" "clone" "/workspace/cache/git-repos/https%3A%2F%2Fgithub.com%2FSh4d1%2Frush" "/workspace/builds/worker-11/source", kill_on_drop: false }`
[INFO] [stderr] Cloning into '/workspace/builds/worker-11/source'...
[INFO] [stderr] done.
[INFO] validating manifest of git repo https://github.com/Sh4d1/rush on toolchain beta-2020-07-24
[INFO] running `Command { std: "/workspace/cargo-home/bin/cargo" "+beta-2020-07-24" "read-manifest" "--manifest-path" "Cargo.toml", kill_on_drop: false }`
[INFO] started tweaking git repo https://github.com/Sh4d1/rush
[INFO] finished tweaking git repo https://github.com/Sh4d1/rush
[INFO] tweaked toml for git repo https://github.com/Sh4d1/rush written to /workspace/builds/worker-11/source/Cargo.toml
[INFO] crate git repo https://github.com/Sh4d1/rush already has a lockfile, it will not be regenerated
[INFO] running `Command { std: "/workspace/cargo-home/bin/cargo" "+beta-2020-07-24" "fetch" "--locked" "--manifest-path" "Cargo.toml", kill_on_drop: false }`
[INFO] [stderr]     Blocking waiting for file lock on package cache
[INFO] [stderr]     Blocking waiting for file lock on package cache
[INFO] running `Command { std: "docker" "create" "-v" "/var/lib/crater-agent-workspace/builds/worker-11/target:/opt/rustwide/target:rw,Z" "-v" "/var/lib/crater-agent-workspace/builds/worker-11/source:/opt/rustwide/workdir:ro,Z" "-v" "/var/lib/crater-agent-workspace/cargo-home:/opt/rustwide/cargo-home:ro,Z" "-v" "/var/lib/crater-agent-workspace/rustup-home:/opt/rustwide/rustup-home:ro,Z" "-e" "SOURCE_DIR=/opt/rustwide/workdir" "-e" "CARGO_TARGET_DIR=/opt/rustwide/target" "-e" "CARGO_HOME=/opt/rustwide/cargo-home" "-e" "RUSTUP_HOME=/opt/rustwide/rustup-home" "-w" "/opt/rustwide/workdir" "-m" "1610612736" "--user" "0:0" "--network" "none" "rustops/crates-build-env@sha256:a636fd89d022f18117e1dc8fb37a0a009933cdbbe082814857f0e2024962d47c" "/opt/rustwide/cargo-home/bin/cargo" "+beta-2020-07-24" "metadata" "--no-deps" "--format-version=1", kill_on_drop: false }`
[INFO] [stderr] WARNING: Your kernel does not support swap limit capabilities or the cgroup is not mounted. Memory limited without swap.
[INFO] [stdout] 854e8b021f1dd426e531cf819d7d03e7c05a0897ff2c381d6d176b0dbb3e9a40
[INFO] running `Command { std: "docker" "start" "-a" "854e8b021f1dd426e531cf819d7d03e7c05a0897ff2c381d6d176b0dbb3e9a40", kill_on_drop: false }`
[INFO] running `Command { std: "docker" "inspect" "854e8b021f1dd426e531cf819d7d03e7c05a0897ff2c381d6d176b0dbb3e9a40", kill_on_drop: false }`
[INFO] running `Command { std: "docker" "rm" "-f" "854e8b021f1dd426e531cf819d7d03e7c05a0897ff2c381d6d176b0dbb3e9a40", kill_on_drop: false }`
[INFO] [stdout] 854e8b021f1dd426e531cf819d7d03e7c05a0897ff2c381d6d176b0dbb3e9a40
[INFO] running `Command { std: "docker" "create" "-v" "/var/lib/crater-agent-workspace/builds/worker-11/target:/opt/rustwide/target:rw,Z" "-v" "/var/lib/crater-agent-workspace/builds/worker-11/source:/opt/rustwide/workdir:ro,Z" "-v" "/var/lib/crater-agent-workspace/cargo-home:/opt/rustwide/cargo-home:ro,Z" "-v" "/var/lib/crater-agent-workspace/rustup-home:/opt/rustwide/rustup-home:ro,Z" "-e" "SOURCE_DIR=/opt/rustwide/workdir" "-e" "CARGO_TARGET_DIR=/opt/rustwide/target" "-e" "CARGO_INCREMENTAL=0" "-e" "RUST_BACKTRACE=full" "-e" "RUSTFLAGS=--cap-lints=forbid" "-e" "CARGO_HOME=/opt/rustwide/cargo-home" "-e" "RUSTUP_HOME=/opt/rustwide/rustup-home" "-w" "/opt/rustwide/workdir" "-m" "1610612736" "--user" "0:0" "--network" "none" "rustops/crates-build-env@sha256:a636fd89d022f18117e1dc8fb37a0a009933cdbbe082814857f0e2024962d47c" "/opt/rustwide/cargo-home/bin/cargo" "+beta-2020-07-24" "check" "--frozen" "--all" "--all-targets" "--message-format=json", kill_on_drop: false }`
[INFO] [stderr] WARNING: Your kernel does not support swap limit capabilities or the cgroup is not mounted. Memory limited without swap.
[INFO] [stdout] c61b3ecc92a67c76d26f8e64ba4e3e3515bab57de888708e18118508f611b107
[INFO] running `Command { std: "docker" "start" "-a" "c61b3ecc92a67c76d26f8e64ba4e3e3515bab57de888708e18118508f611b107", kill_on_drop: false }`
[INFO] [stderr]     Checking bitflags v0.4.0
[INFO] [stderr]     Checking bit-vec v0.4.3
[INFO] [stderr]     Checking void v1.0.2
[INFO] [stderr]     Checking libc v0.2.20 (https://github.com/rust-lang/libc#6813109f)
[INFO] [stderr]     Checking cfg-if v0.1.0
[INFO] [stderr]     Checking unicode-width v0.1.4
[INFO] [stderr]     Checking ansi_term v0.9.0
[INFO] [stderr]     Checking errno v0.1.8
[INFO] [stderr]     Checking chan v0.1.19
[INFO] [stderr]     Checking nix v0.5.1
[INFO] [stderr]     Checking bit-set v0.4.0
[INFO] [stderr]     Checking exec v0.2.0
[INFO] [stderr]     Checking nix v0.8.0 (https://github.com/nix-rust/nix#109b0e86)
[INFO] [stderr]     Checking chan-signal v0.2.0
[INFO] [stderr]     Checking rustyline v1.0.0
[INFO] [stderr]     Checking rush v0.2.0 (/opt/rustwide/workdir)
[INFO] [stdout] error[E0554]: `#![feature]` may not be used on the beta release channel
[INFO] [stdout]  --> src/lib.rs:1:1
[INFO] [stdout]   |
[INFO] [stdout] 1 | #![feature(string_split_off)]
[INFO] [stdout]   | ^^^^^^^^^^^^^^^^^^^^^^^^^^^^^
[INFO] [stdout] 
[INFO] [stdout] 
[INFO] [stdout] error[E0554]: `#![feature]` may not be used on the beta release channel
[INFO] [stdout]  --> src/lib.rs:1:1
[INFO] [stdout]   |
[INFO] [stdout] 1 | #![feature(string_split_off)]
[INFO] [stdout]   | ^^^^^^^^^^^^^^^^^^^^^^^^^^^^^
[INFO] [stdout] 
[INFO] [stdout] 
[INFO] [stdout] warning: use of deprecated item 'std::env::home_dir': This function's behavior is unexpected and probably not what you want. Consider using a crate from crates.io instead.
[INFO] [stdout]  --> src/prompt.rs:2:29
[INFO] [stdout]   |
[INFO] [stdout] 2 | use std::env::{current_dir, home_dir};
[INFO] [stdout]   |                             ^^^^^^^^
[INFO] [stdout]   |
[INFO] [stdout]   = note: `#[warn(deprecated)]` on by default
[INFO] [stdout] 
[INFO] [stdout] 
[INFO] [stdout] warning: use of deprecated item 'std::env::home_dir': This function's behavior is unexpected and probably not what you want. Consider using a crate from crates.io instead.
[INFO] [stdout]   --> src/prompt.rs:37:23
[INFO] [stdout]    |
[INFO] [stdout] 37 |         let homedir = home_dir().unwrap().as_path().to_str().expect("Failed : path -> str").to_string();
[INFO] [stdout]    |                       ^^^^^^^^
[INFO] [stdout] 
[INFO] [stdout] 
[INFO] [stdout] warning: use of deprecated item 'std::env::home_dir': This function's behavior is unexpected and probably not what you want. Consider using a crate from crates.io instead.
[INFO] [stdout]   --> src/prompt.rs:55:32
[INFO] [stdout]    |
[INFO] [stdout] 55 |     use std::env::{current_dir,home_dir};
[INFO] [stdout]    |                                ^^^^^^^^
[INFO] [stdout] 
[INFO] [stdout] 
[INFO] [stdout] warning: use of deprecated item 'std::sync::ONCE_INIT': the `new` function is now preferred
[INFO] [stdout]  --> src/job_manager.rs:3:1
[INFO] [stdout]   |
[INFO] [stdout] 3 | / lazy_static! {
[INFO] [stdout] 4 | |     pub static ref JOB: Mutex<JobManager> = Mutex::new(JobManager::new());
[INFO] [stdout] 5 | | }
[INFO] [stdout]   | |_^
[INFO] [stdout]   |
[INFO] [stdout]   = note: this warning originates in a macro (in Nightly builds, run with -Z macro-backtrace for more info)
[INFO] [stdout] 
[INFO] [stdout] 
[INFO] [stdout] warning: use of deprecated item 'std::sync::ONCE_INIT': the `new` function is now preferred
[INFO] [stdout]  --> src/job_manager.rs:3:1
[INFO] [stdout]   |
[INFO] [stdout] 3 | / lazy_static! {
[INFO] [stdout] 4 | |     pub static ref JOB: Mutex<JobManager> = Mutex::new(JobManager::new());
[INFO] [stdout] 5 | | }
[INFO] [stdout]   | |_^
[INFO] [stdout]   |
[INFO] [stdout]   = note: this warning originates in a macro (in Nightly builds, run with -Z macro-backtrace for more info)
[INFO] [stdout] 
[INFO] [stdout] 
[INFO] [stdout] warning: use of deprecated item 'std::env::home_dir': This function's behavior is unexpected and probably not what you want. Consider using a crate from crates.io instead.
[INFO] [stdout]  --> src/prompt.rs:2:29
[INFO] [stdout]   |
[INFO] [stdout] 2 | use std::env::{current_dir, home_dir};
[INFO] [stdout]   |                             ^^^^^^^^
[INFO] [stdout]   |
[INFO] [stdout]   = note: `#[warn(deprecated)]` on by default
[INFO] [stdout] 
[INFO] [stdout] 
[INFO] [stdout] warning: use of deprecated item 'std::env::home_dir': This function's behavior is unexpected and probably not what you want. Consider using a crate from crates.io instead.
[INFO] [stdout]   --> src/prompt.rs:37:23
[INFO] [stdout]    |
[INFO] [stdout] 37 |         let homedir = home_dir().unwrap().as_path().to_str().expect("Failed : path -> str").to_string();
[INFO] [stdout]    |                       ^^^^^^^^
[INFO] [stdout] 
[INFO] [stdout] 
[INFO] [stdout] warning: use of deprecated item 'std::sync::ONCE_INIT': the `new` function is now preferred
[INFO] [stdout]  --> src/job_manager.rs:3:1
[INFO] [stdout]   |
[INFO] [stdout] 3 | / lazy_static! {
[INFO] [stdout] 4 | |     pub static ref JOB: Mutex<JobManager> = Mutex::new(JobManager::new());
[INFO] [stdout] 5 | | }
[INFO] [stdout]   | |_^
[INFO] [stdout]   |
[INFO] [stdout]   = note: this warning originates in a macro (in Nightly builds, run with -Z macro-backtrace for more info)
[INFO] [stdout] 
[INFO] [stdout] 
[INFO] [stdout] warning: use of deprecated item 'std::sync::ONCE_INIT': the `new` function is now preferred
[INFO] [stdout]  --> src/job_manager.rs:3:1
[INFO] [stdout]   |
[INFO] [stdout] 3 | / lazy_static! {
[INFO] [stdout] 4 | |     pub static ref JOB: Mutex<JobManager> = Mutex::new(JobManager::new());
[INFO] [stdout] 5 | | }
[INFO] [stdout]   | |_^
[INFO] [stdout]   |
[INFO] [stdout]   = note: this warning originates in a macro (in Nightly builds, run with -Z macro-backtrace for more info)
[INFO] [stdout] 
[INFO] [stdout] 
[INFO] [stdout] error: aborting due to previous error; 4 warnings emitted
[INFO] [stdout] 
[INFO] [stdout] 
[INFO] [stdout] For more information about this error, try `rustc --explain E0554`.
[INFO] [stdout] 
[INFO] [stdout] error[E0599]: no method named `get_cwd` found for struct `prompt::Prompt` in the current scope
[INFO] [stdout]   --> src/prompt.rs:62:26
[INFO] [stdout]    |
[INFO] [stdout] 8  | pub struct Prompt {
[INFO] [stdout]    | ----------------- method `get_cwd` not found for this
[INFO] [stdout] ...
[INFO] [stdout] 62 |         assert_eq!(testp.get_cwd(), current_dir().ok()
[INFO] [stdout]    |                          ^^^^^^^ method not found in `prompt::Prompt`
[INFO] [stdout] 
[INFO] [stdout] 
[INFO] [stderr] error: could not compile `rush`.
[INFO] [stderr] 
[INFO] [stderr] To learn more, run the command again with --verbose.
[INFO] [stderr] warning: build failed, waiting for other jobs to finish...
[INFO] [stdout] error: aborting due to 2 previous errors; 5 warnings emitted
[INFO] [stdout] 
[INFO] [stdout] 
[INFO] [stdout] Some errors have detailed explanations: E0554, E0599.
[INFO] [stdout] 
[INFO] [stdout] For more information about an error, try `rustc --explain E0554`.
[INFO] [stdout] 
[INFO] [stderr] error: build failed
[INFO] running `Command { std: "docker" "inspect" "c61b3ecc92a67c76d26f8e64ba4e3e3515bab57de888708e18118508f611b107", kill_on_drop: false }`
[INFO] running `Command { std: "docker" "rm" "-f" "c61b3ecc92a67c76d26f8e64ba4e3e3515bab57de888708e18118508f611b107", kill_on_drop: false }`
[INFO] [stdout] c61b3ecc92a67c76d26f8e64ba4e3e3515bab57de888708e18118508f611b107
