[INFO] cloning repository https://github.com/Seeker14491/distance-db-populator
[INFO] running `Command { std: "git" "-c" "credential.helper=" "-c" "credential.helper=/workspace/cargo-home/bin/git-credential-null" "clone" "--bare" "https://github.com/Seeker14491/distance-db-populator" "/workspace/cache/git-repos/https%3A%2F%2Fgithub.com%2FSeeker14491%2Fdistance-db-populator", kill_on_drop: false }`
[INFO] [stderr] Cloning into bare repository '/workspace/cache/git-repos/https%3A%2F%2Fgithub.com%2FSeeker14491%2Fdistance-db-populator'...
[INFO] running `Command { std: "git" "rev-parse" "HEAD", kill_on_drop: false }`
[INFO] [stdout] 6f97935e62c688ca12733b5fd85c0988a34339d2
[INFO] checking Seeker14491/distance-db-populator against beta-2020-07-24 for pr-75494-beta
[INFO] running `Command { std: "git" "clone" "/workspace/cache/git-repos/https%3A%2F%2Fgithub.com%2FSeeker14491%2Fdistance-db-populator" "/workspace/builds/worker-2/source", kill_on_drop: false }`
[INFO] [stderr] Cloning into '/workspace/builds/worker-2/source'...
[INFO] [stderr] done.
[INFO] validating manifest of git repo https://github.com/Seeker14491/distance-db-populator on toolchain beta-2020-07-24
[INFO] running `Command { std: "/workspace/cargo-home/bin/cargo" "+beta-2020-07-24" "read-manifest" "--manifest-path" "Cargo.toml", kill_on_drop: false }`
[INFO] started tweaking git repo https://github.com/Seeker14491/distance-db-populator
[INFO] finished tweaking git repo https://github.com/Seeker14491/distance-db-populator
[INFO] tweaked toml for git repo https://github.com/Seeker14491/distance-db-populator written to /workspace/builds/worker-2/source/Cargo.toml
[INFO] crate git repo https://github.com/Seeker14491/distance-db-populator already has a lockfile, it will not be regenerated
[INFO] running `Command { std: "/workspace/cargo-home/bin/cargo" "+beta-2020-07-24" "fetch" "--locked" "--manifest-path" "Cargo.toml", kill_on_drop: false }`
[INFO] [stderr]     Blocking waiting for file lock on package cache
[INFO] [stderr]     Blocking waiting for file lock on package cache
[INFO] running `Command { std: "docker" "create" "-v" "/var/lib/crater-agent-workspace/builds/worker-2/target:/opt/rustwide/target:rw,Z" "-v" "/var/lib/crater-agent-workspace/builds/worker-2/source:/opt/rustwide/workdir:ro,Z" "-v" "/var/lib/crater-agent-workspace/cargo-home:/opt/rustwide/cargo-home:ro,Z" "-v" "/var/lib/crater-agent-workspace/rustup-home:/opt/rustwide/rustup-home:ro,Z" "-e" "SOURCE_DIR=/opt/rustwide/workdir" "-e" "CARGO_TARGET_DIR=/opt/rustwide/target" "-e" "CARGO_HOME=/opt/rustwide/cargo-home" "-e" "RUSTUP_HOME=/opt/rustwide/rustup-home" "-w" "/opt/rustwide/workdir" "-m" "1610612736" "--user" "0:0" "--network" "none" "rustops/crates-build-env@sha256:a636fd89d022f18117e1dc8fb37a0a009933cdbbe082814857f0e2024962d47c" "/opt/rustwide/cargo-home/bin/cargo" "+beta-2020-07-24" "metadata" "--no-deps" "--format-version=1", kill_on_drop: false }`
[INFO] [stdout] 0c13c9ba2745fcec70f0ce4199f6127771a2fc202aa17ade8d824c42bcbf27ae
[INFO] [stderr] WARNING: Your kernel does not support swap limit capabilities or the cgroup is not mounted. Memory limited without swap.
[INFO] running `Command { std: "docker" "start" "-a" "0c13c9ba2745fcec70f0ce4199f6127771a2fc202aa17ade8d824c42bcbf27ae", kill_on_drop: false }`
[INFO] running `Command { std: "docker" "inspect" "0c13c9ba2745fcec70f0ce4199f6127771a2fc202aa17ade8d824c42bcbf27ae", kill_on_drop: false }`
[INFO] running `Command { std: "docker" "rm" "-f" "0c13c9ba2745fcec70f0ce4199f6127771a2fc202aa17ade8d824c42bcbf27ae", kill_on_drop: false }`
[INFO] [stdout] 0c13c9ba2745fcec70f0ce4199f6127771a2fc202aa17ade8d824c42bcbf27ae
[INFO] running `Command { std: "docker" "create" "-v" "/var/lib/crater-agent-workspace/builds/worker-2/target:/opt/rustwide/target:rw,Z" "-v" "/var/lib/crater-agent-workspace/builds/worker-2/source:/opt/rustwide/workdir:ro,Z" "-v" "/var/lib/crater-agent-workspace/cargo-home:/opt/rustwide/cargo-home:ro,Z" "-v" "/var/lib/crater-agent-workspace/rustup-home:/opt/rustwide/rustup-home:ro,Z" "-e" "SOURCE_DIR=/opt/rustwide/workdir" "-e" "CARGO_TARGET_DIR=/opt/rustwide/target" "-e" "CARGO_INCREMENTAL=0" "-e" "RUST_BACKTRACE=full" "-e" "RUSTFLAGS=--cap-lints=forbid" "-e" "CARGO_HOME=/opt/rustwide/cargo-home" "-e" "RUSTUP_HOME=/opt/rustwide/rustup-home" "-w" "/opt/rustwide/workdir" "-m" "1610612736" "--user" "0:0" "--network" "none" "rustops/crates-build-env@sha256:a636fd89d022f18117e1dc8fb37a0a009933cdbbe082814857f0e2024962d47c" "/opt/rustwide/cargo-home/bin/cargo" "+beta-2020-07-24" "check" "--frozen" "--all" "--all-targets" "--message-format=json", kill_on_drop: false }`
[INFO] [stdout] e8d578c6841bbce7d8ad93dbc9e7347232338075ab1f628355c25de0cf869d24
[INFO] [stderr] WARNING: Your kernel does not support swap limit capabilities or the cgroup is not mounted. Memory limited without swap.
[INFO] running `Command { std: "docker" "start" "-a" "e8d578c6841bbce7d8ad93dbc9e7347232338075ab1f628355c25de0cf869d24", kill_on_drop: false }`
[INFO] [stderr]     Blocking waiting for file lock on package cache
[INFO] [stderr]     Blocking waiting for file lock on package cache
[INFO] [stderr]     Blocking waiting for file lock on package cache
[INFO] [stderr]    Compiling syn v1.0.36
[INFO] [stderr]    Compiling log v0.4.11
[INFO] [stderr]    Compiling unicode-width v0.1.8
[INFO] [stderr]     Checking lazy_static v1.4.0
[INFO] [stderr]    Compiling vec_map v0.8.2
[INFO] [stderr]    Compiling byteorder v1.3.4
[INFO] [stderr]    Compiling doc-comment v0.3.3
[INFO] [stderr]     Checking event-listener v2.3.0
[INFO] [stderr]     Checking fastrand v1.3.3
[INFO] [stderr]    Compiling dunce v1.0.1
[INFO] [stderr]     Checking instant v0.1.6
[INFO] [stderr]     Checking md5 v0.7.0
[INFO] [stderr]     Checking genawaiter-macro v0.99.1
[INFO] [stderr]     Checking slotmap v0.4.0
[INFO] [stderr]     Checking thousands v0.1.4
[INFO] [stderr]     Checking dotenv v0.15.0
[INFO] [stderr]    Compiling clang-sys v0.29.3
[INFO] [stderr]    Compiling generic-array v0.14.3
[INFO] [stderr]    Compiling num-traits v0.2.12
[INFO] [stderr]    Compiling nom v5.1.2
[INFO] [stderr]    Compiling libloading v0.5.2
[INFO] [stderr]    Compiling proc-macro-error-attr v0.4.12
[INFO] [stderr]     Checking futures-channel v0.3.5
[INFO] [stderr]    Compiling proc-macro-error v0.4.12
[INFO] [stderr]     Checking lock_api v0.4.1
[INFO] [stderr]     Checking concurrent-queue v1.2.0
[INFO] [stderr]     Checking addr2line v0.13.0
[INFO] [stderr]    Compiling textwrap v0.11.0
[INFO] [stderr]     Checking thread_local v1.0.1
[INFO] [stderr]     Checking typenum v1.12.0
[INFO] [stderr]    Compiling memchr v2.3.3
[INFO] [stderr]     Checking distance-util v0.1.0 (https://github.com/Seeker14491/distance-util.git?tag=v0.1.0#ebbb4999)
[INFO] [stderr]    Compiling num-integer v0.1.43
[INFO] [stderr]     Checking stringprep v0.1.2
[INFO] [stderr]     Checking getrandom v0.1.14
[INFO] [stderr]     Checking net2 v0.2.34
[INFO] [stderr]     Checking socket2 v0.3.12
[INFO] [stderr]     Checking parking_lot_core v0.8.0
[INFO] [stderr]     Checking parking_lot_core v0.7.2
[INFO] [stderr]    Compiling atty v0.2.14
[INFO] [stderr]     Checking aho-corasick v0.7.13
[INFO] [stderr]     Checking futures-lite v0.1.10
[INFO] [stderr]     Checking async-channel v1.4.0
[INFO] [stderr]     Checking backtrace v0.3.50
[INFO] [stderr]    Compiling clap v2.33.1
[INFO] [stderr]     Checking rand_core v0.5.1
[INFO] [stderr]    Compiling bindgen v0.54.1
[INFO] [stderr]     Checking parking_lot v0.10.2
[INFO] [stderr]     Checking parking_lot v0.11.0
[INFO] [stderr]     Checking mio v0.6.22
[INFO] [stderr]     Checking rand_chacha v0.2.2
[INFO] [stderr]     Checking blocking v0.4.7
[INFO] [stderr]     Checking color-backtrace v0.4.2
[INFO] [stderr]     Checking rand v0.7.3
[INFO] [stderr]     Checking regex v1.3.9
[INFO] [stderr]     Checking digest v0.9.0
[INFO] [stderr]     Checking block-buffer v0.9.0
[INFO] [stderr]     Checking crypto-mac v0.8.0
[INFO] [stderr]     Checking mio-uds v0.6.8
[INFO] [stderr]     Checking hmac v0.8.1
[INFO] [stderr]     Checking sha2 v0.9.1
[INFO] [stderr]     Checking chrono v0.4.13
[INFO] [stderr]     Checking postgres-protocol v0.5.2
[INFO] [stderr]     Checking console v0.11.3
[INFO] [stderr]     Checking indicatif v0.15.0
[INFO] [stderr]     Checking postgres-types v0.1.2
[INFO] [stderr]    Compiling env_logger v0.7.1
[INFO] [stderr]    Compiling cexpr v0.4.0
[INFO] [stderr]    Compiling syn-mid v0.5.0
[INFO] [stderr]    Compiling pin-project-internal v0.4.23
[INFO] [stderr]    Compiling futures-macro v0.3.5
[INFO] [stderr]    Compiling tokio-macros v0.2.5
[INFO] [stderr]    Compiling snafu-derive v0.6.8
[INFO] [stderr]    Compiling async-trait v0.1.36
[INFO] [stderr]    Compiling derive_more v0.99.9
[INFO] [stderr]    Compiling enum-primitive-derive v0.2.1
[INFO] [stderr]     Checking tokio v0.2.22
[INFO] [stderr]    Compiling genawaiter-proc-macro v0.99.1
[INFO] [stderr]     Checking snafu v0.6.8
[INFO] [stderr]    Compiling steamworks-sys v0.0.0 (https://github.com/Seeker14491/steamworks-rs.git?tag=v0.0.19#6089c3cd)
[INFO] [stderr]     Checking pin-project v0.4.23
[INFO] [stderr]     Checking genawaiter v0.99.1
[INFO] [stderr]     Checking futures-util v0.3.5
[INFO] [stderr]     Checking tokio-util v0.3.1
[INFO] [stderr]     Checking futures-executor v0.3.5
[INFO] [stderr]     Checking smol v0.1.18
[INFO] [stderr]     Checking futures v0.3.5
[INFO] [stderr]     Checking tokio-postgres v0.5.5
[INFO] [stderr]     Checking steamworks v0.0.19 (https://github.com/Seeker14491/steamworks-rs.git?tag=v0.0.19#6089c3cd)
[INFO] [stdout] error[E0308]: mismatched types
[INFO] [stdout]    --> /opt/rustwide/cargo-home/git/checkouts/steamworks-rs-279e91149ed89bcd/6089c3c/src/steam/user_stats.rs:296:41
[INFO] [stdout]     |
[INFO] [stdout] 296 |             .future_from_call_result_fn(sys::LeaderboardFindResult_t_k_iCallback, || unsafe {
[INFO] [stdout]     |                                         ^^^^^^^^^^^^^^^^^^^^^^^^^^^^^^^^^^^^^^^^ expected `i32`, found `u32`
[INFO] [stdout]     |
[INFO] [stdout] help: you can convert an `u32` to `i32` and panic if the converted value wouldn't fit
[INFO] [stdout]     |
[INFO] [stdout] 296 |             .future_from_call_result_fn(sys::LeaderboardFindResult_t_k_iCallback.try_into().unwrap(), || unsafe {
[INFO] [stdout]     |                                         ^^^^^^^^^^^^^^^^^^^^^^^^^^^^^^^^^^^^^^^^^^^^^^^^^^^^^^^^^^^^
[INFO] [stdout] 
[INFO] [stdout] 
[INFO] [stdout] error[E0308]: mismatched types
[INFO] [stdout]   --> /opt/rustwide/cargo-home/git/checkouts/steamworks-rs-279e91149ed89bcd/6089c3c/src/steam/remote_storage.rs:27:25
[INFO] [stdout]    |
[INFO] [stdout] 27 |                         sys::RemoteStorageDownloadUGCResult_t_k_iCallback,
[INFO] [stdout]    |                         ^^^^^^^^^^^^^^^^^^^^^^^^^^^^^^^^^^^^^^^^^^^^^^^^^ expected `i32`, found `u32`
[INFO] [stdout]    |
[INFO] [stdout] help: you can convert an `u32` to `i32` and panic if the converted value wouldn't fit
[INFO] [stdout]    |
[INFO] [stdout] 27 |                         sys::RemoteStorageDownloadUGCResult_t_k_iCallback.try_into().unwrap(),
[INFO] [stdout]    |                         ^^^^^^^^^^^^^^^^^^^^^^^^^^^^^^^^^^^^^^^^^^^^^^^^^^^^^^^^^^^^^^^^^^^^^
[INFO] [stdout] 
[INFO] [stdout] 
[INFO] [stdout] error[E0308]: mismatched types
[INFO] [stdout]    --> /opt/rustwide/cargo-home/git/checkouts/steamworks-rs-279e91149ed89bcd/6089c3c/src/steam/ugc.rs:442:25
[INFO] [stdout]     |
[INFO] [stdout] 442 |                         sys::SteamUGCQueryCompleted_t_k_iCallback,
[INFO] [stdout]     |                         ^^^^^^^^^^^^^^^^^^^^^^^^^^^^^^^^^^^^^^^^^ expected `i32`, found `u32`
[INFO] [stdout]     |
[INFO] [stdout] help: you can convert an `u32` to `i32` and panic if the converted value wouldn't fit
[INFO] [stdout]     |
[INFO] [stdout] 442 |                         sys::SteamUGCQueryCompleted_t_k_iCallback.try_into().unwrap(),
[INFO] [stdout]     |                         ^^^^^^^^^^^^^^^^^^^^^^^^^^^^^^^^^^^^^^^^^^^^^^^^^^^^^^^^^^^^^
[INFO] [stdout] 
[INFO] [stdout] 
[INFO] [stdout] error[E0308]: mismatched types
[INFO] [stdout]    --> /opt/rustwide/cargo-home/git/checkouts/steamworks-rs-279e91149ed89bcd/6089c3c/src/steam/user_stats.rs:176:21
[INFO] [stdout]     |
[INFO] [stdout] 176 |                     sys::LeaderboardScoresDownloaded_t_k_iCallback,
[INFO] [stdout]     |                     ^^^^^^^^^^^^^^^^^^^^^^^^^^^^^^^^^^^^^^^^^^^^^^ expected `i32`, found `u32`
[INFO] [stdout]     |
[INFO] [stdout] help: you can convert an `u32` to `i32` and panic if the converted value wouldn't fit
[INFO] [stdout]     |
[INFO] [stdout] 176 |                     sys::LeaderboardScoresDownloaded_t_k_iCallback.try_into().unwrap(),
[INFO] [stdout]     |                     ^^^^^^^^^^^^^^^^^^^^^^^^^^^^^^^^^^^^^^^^^^^^^^^^^^^^^^^^^^^^^^^^^^
[INFO] [stdout] 
[INFO] [stdout] 
[INFO] [stdout] error[E0308]: mismatched types
[INFO] [stdout]    --> /opt/rustwide/cargo-home/git/checkouts/steamworks-rs-279e91149ed89bcd/6089c3c/src/steam/user_stats.rs:138:21
[INFO] [stdout]     |
[INFO] [stdout] 138 |                     sys::LeaderboardScoreUploaded_t_k_iCallback,
[INFO] [stdout]     |                     ^^^^^^^^^^^^^^^^^^^^^^^^^^^^^^^^^^^^^^^^^^^ expected `i32`, found `u32`
[INFO] [stdout]     |
[INFO] [stdout] help: you can convert an `u32` to `i32` and panic if the converted value wouldn't fit
[INFO] [stdout]     |
[INFO] [stdout] 138 |                     sys::LeaderboardScoreUploaded_t_k_iCallback.try_into().unwrap(),
[INFO] [stdout]     |                     ^^^^^^^^^^^^^^^^^^^^^^^^^^^^^^^^^^^^^^^^^^^^^^^^^^^^^^^^^^^^^^^
[INFO] [stdout] 
[INFO] [stdout] 
[INFO] [stdout] error: aborting due to 5 previous errors
[INFO] [stdout] 
[INFO] [stdout] 
[INFO] [stdout] For more information about this error, try `rustc --explain E0308`.
[INFO] [stdout] 
[INFO] [stderr] error: could not compile `steamworks`.
[INFO] [stderr] 
[INFO] [stderr] To learn more, run the command again with --verbose.
[INFO] running `Command { std: "docker" "inspect" "e8d578c6841bbce7d8ad93dbc9e7347232338075ab1f628355c25de0cf869d24", kill_on_drop: false }`
[INFO] running `Command { std: "docker" "rm" "-f" "e8d578c6841bbce7d8ad93dbc9e7347232338075ab1f628355c25de0cf869d24", kill_on_drop: false }`
[INFO] [stdout] e8d578c6841bbce7d8ad93dbc9e7347232338075ab1f628355c25de0cf869d24
