[INFO] cloning repository https://github.com/RobertWHurst/Delta
[INFO] running `Command { std: "git" "-c" "credential.helper=" "-c" "credential.helper=/workspace/cargo-home/bin/git-credential-null" "clone" "--bare" "https://github.com/RobertWHurst/Delta" "/workspace/cache/git-repos/https%3A%2F%2Fgithub.com%2FRobertWHurst%2FDelta", kill_on_drop: false }`
[INFO] [stderr] Cloning into bare repository '/workspace/cache/git-repos/https%3A%2F%2Fgithub.com%2FRobertWHurst%2FDelta'...
[INFO] running `Command { std: "git" "rev-parse" "HEAD", kill_on_drop: false }`
[INFO] [stdout] b64c3d559c8ba6aa43cd4e9573c009304624c530
[INFO] checking RobertWHurst/Delta against beta-2020-07-24 for pr-75494-beta
[INFO] running `Command { std: "git" "clone" "/workspace/cache/git-repos/https%3A%2F%2Fgithub.com%2FRobertWHurst%2FDelta" "/workspace/builds/worker-14/source", kill_on_drop: false }`
[INFO] [stderr] Cloning into '/workspace/builds/worker-14/source'...
[INFO] [stderr] done.
[INFO] validating manifest of git repo https://github.com/RobertWHurst/Delta on toolchain beta-2020-07-24
[INFO] running `Command { std: "/workspace/cargo-home/bin/cargo" "+beta-2020-07-24" "read-manifest" "--manifest-path" "Cargo.toml", kill_on_drop: false }`
[INFO] started tweaking git repo https://github.com/RobertWHurst/Delta
[INFO] finished tweaking git repo https://github.com/RobertWHurst/Delta
[INFO] tweaked toml for git repo https://github.com/RobertWHurst/Delta written to /workspace/builds/worker-14/source/Cargo.toml
[INFO] crate git repo https://github.com/RobertWHurst/Delta already has a lockfile, it will not be regenerated
[INFO] running `Command { std: "/workspace/cargo-home/bin/cargo" "+beta-2020-07-24" "fetch" "--locked" "--manifest-path" "Cargo.toml", kill_on_drop: false }`
[INFO] [stderr]     Blocking waiting for file lock on package cache
[INFO] running `Command { std: "docker" "create" "-v" "/var/lib/crater-agent-workspace/builds/worker-14/target:/opt/rustwide/target:rw,Z" "-v" "/var/lib/crater-agent-workspace/builds/worker-14/source:/opt/rustwide/workdir:ro,Z" "-v" "/var/lib/crater-agent-workspace/cargo-home:/opt/rustwide/cargo-home:ro,Z" "-v" "/var/lib/crater-agent-workspace/rustup-home:/opt/rustwide/rustup-home:ro,Z" "-e" "SOURCE_DIR=/opt/rustwide/workdir" "-e" "CARGO_TARGET_DIR=/opt/rustwide/target" "-e" "CARGO_HOME=/opt/rustwide/cargo-home" "-e" "RUSTUP_HOME=/opt/rustwide/rustup-home" "-w" "/opt/rustwide/workdir" "-m" "1610612736" "--user" "0:0" "--network" "none" "rustops/crates-build-env@sha256:a636fd89d022f18117e1dc8fb37a0a009933cdbbe082814857f0e2024962d47c" "/opt/rustwide/cargo-home/bin/cargo" "+beta-2020-07-24" "metadata" "--no-deps" "--format-version=1", kill_on_drop: false }`
[INFO] [stdout] 6eeded62703dfa008a5a4e1ebae0c6b2ec2776e5d039e6ed1b6b267abbb591d7
[INFO] [stderr] WARNING: Your kernel does not support swap limit capabilities or the cgroup is not mounted. Memory limited without swap.
[INFO] running `Command { std: "docker" "start" "-a" "6eeded62703dfa008a5a4e1ebae0c6b2ec2776e5d039e6ed1b6b267abbb591d7", kill_on_drop: false }`
[INFO] running `Command { std: "docker" "inspect" "6eeded62703dfa008a5a4e1ebae0c6b2ec2776e5d039e6ed1b6b267abbb591d7", kill_on_drop: false }`
[INFO] running `Command { std: "docker" "rm" "-f" "6eeded62703dfa008a5a4e1ebae0c6b2ec2776e5d039e6ed1b6b267abbb591d7", kill_on_drop: false }`
[INFO] [stdout] 6eeded62703dfa008a5a4e1ebae0c6b2ec2776e5d039e6ed1b6b267abbb591d7
[INFO] running `Command { std: "docker" "create" "-v" "/var/lib/crater-agent-workspace/builds/worker-14/target:/opt/rustwide/target:rw,Z" "-v" "/var/lib/crater-agent-workspace/builds/worker-14/source:/opt/rustwide/workdir:ro,Z" "-v" "/var/lib/crater-agent-workspace/cargo-home:/opt/rustwide/cargo-home:ro,Z" "-v" "/var/lib/crater-agent-workspace/rustup-home:/opt/rustwide/rustup-home:ro,Z" "-e" "SOURCE_DIR=/opt/rustwide/workdir" "-e" "CARGO_TARGET_DIR=/opt/rustwide/target" "-e" "CARGO_INCREMENTAL=0" "-e" "RUST_BACKTRACE=full" "-e" "RUSTFLAGS=--cap-lints=forbid" "-e" "CARGO_HOME=/opt/rustwide/cargo-home" "-e" "RUSTUP_HOME=/opt/rustwide/rustup-home" "-w" "/opt/rustwide/workdir" "-m" "1610612736" "--user" "0:0" "--network" "none" "rustops/crates-build-env@sha256:a636fd89d022f18117e1dc8fb37a0a009933cdbbe082814857f0e2024962d47c" "/opt/rustwide/cargo-home/bin/cargo" "+beta-2020-07-24" "check" "--frozen" "--all" "--all-targets" "--message-format=json", kill_on_drop: false }`
[INFO] [stdout] 13ee54313f01e3f7ef8d2ce31feb547736ccdda06b8517763ea10f7c2812caea
[INFO] [stderr] WARNING: Your kernel does not support swap limit capabilities or the cgroup is not mounted. Memory limited without swap.
[INFO] running `Command { std: "docker" "start" "-a" "13ee54313f01e3f7ef8d2ce31feb547736ccdda06b8517763ea10f7c2812caea", kill_on_drop: false }`
[INFO] [stderr]     Blocking waiting for file lock on package cache
[INFO] [stderr]     Checking libc v0.2.28
[INFO] [stderr]    Compiling siphasher v0.2.2
[INFO] [stderr]    Compiling itoa v0.3.1
[INFO] [stderr]    Compiling serde v0.9.15
[INFO] [stderr]    Compiling dtoa v0.4.1
[INFO] [stderr]    Compiling bitflags v0.7.0
[INFO] [stderr]    Compiling bitflags v0.9.1
[INFO] [stderr]    Compiling log v0.3.8
[INFO] [stderr]     Checking byteorder v1.1.0
[INFO] [stderr]    Compiling khronos_api v1.0.1
[INFO] [stderr]     Checking num-traits v0.1.40
[INFO] [stderr]     Checking scopeguard v0.3.2
[INFO] [stderr]     Checking either v1.1.0
[INFO] [stderr]    Compiling pkg-config v0.3.9
[INFO] [stderr]     Checking futures v0.1.14
[INFO] [stderr]     Checking adler32 v1.0.0
[INFO] [stderr]     Checking color_quant v1.0.0
[INFO] [stderr]     Checking lzw v0.10.0
[INFO] [stderr]     Checking scoped_threadpool v0.1.7
[INFO] [stderr]    Compiling xml-rs v0.3.6
[INFO] [stderr]     Checking coco v0.1.1
[INFO] [stderr]    Compiling xml-rs v0.6.1
[INFO] [stderr]    Compiling phf_shared v0.7.21
[INFO] [stderr]     Checking gif v0.9.2
[INFO] [stderr]     Checking rand v0.3.15
[INFO] [stderr]     Checking num_cpus v1.6.2
[INFO] [stderr]     Checking fs2 v0.2.5
[INFO] [stderr]     Checking shared_library v0.1.7
[INFO] [stderr]     Checking time v0.1.38
[INFO] [stderr]     Checking deflate v0.7.14
[INFO] [stderr]    Compiling phf v0.7.21
[INFO] [stderr]     Checking memmap v0.4.0
[INFO] [stderr]     Checking osmesa-sys v0.1.2
[INFO] [stderr]    Compiling x11-dl v2.14.0
[INFO] [stderr]     Checking num-integer v0.1.35
[INFO] [stderr]     Checking enum_primitive v0.1.1
[INFO] [stderr]    Compiling wayland-scanner v0.9.9
[INFO] [stderr]     Checking num-iter v0.1.34
[INFO] [stderr]     Checking num-rational v0.1.39
[INFO] [stderr]    Compiling gl_generator v0.5.5
[INFO] [stderr]     Checking png v0.8.0
[INFO] [stderr]    Compiling phf_generator v0.7.21
[INFO] [stderr]     Checking tempfile v2.1.6
[INFO] [stderr]     Checking rayon-core v1.2.1
[INFO] [stderr]    Compiling phf_codegen v0.7.21
[INFO] [stderr]    Compiling wayland-client v0.9.9
[INFO] [stderr]    Compiling target_build_utils v0.3.1
[INFO] [stderr]     Checking rayon v0.8.2
[INFO] [stderr]    Compiling glutin v0.9.2
[INFO] [stderr]    Compiling gl v0.6.3
[INFO] [stderr]     Checking jpeg-decoder v0.1.13
[INFO] [stderr]     Checking image v0.14.0
[INFO] [stderr]    Compiling serde_json v0.9.10
[INFO] [stderr]    Compiling libloading v0.3.4
[INFO] [stderr]     Checking dlib v0.3.1
[INFO] [stderr]     Checking wayland-sys v0.9.9
[INFO] [stderr]     Checking wayland-window v0.6.1
[INFO] [stderr]     Checking wayland-kbd v0.9.1
[INFO] [stderr]     Checking winit v0.7.5
[INFO] [stderr]     Checking delta v0.1.0 (/opt/rustwide/workdir)
[INFO] [stdout] error[E0554]: `#![feature]` may not be used on the beta release channel
[INFO] [stdout]  --> src/lib.rs:1:1
[INFO] [stdout]   |
[INFO] [stdout] 1 | #![feature(associated_type_defaults)]
[INFO] [stdout]   | ^^^^^^^^^^^^^^^^^^^^^^^^^^^^^^^^^^^^^
[INFO] [stdout] 
[INFO] [stdout] 
[INFO] [stdout] error[E0554]: `#![feature]` may not be used on the beta release channel
[INFO] [stdout]  --> src/lib.rs:2:1
[INFO] [stdout]   |
[INFO] [stdout] 2 | #![feature(box_syntax)]
[INFO] [stdout]   | ^^^^^^^^^^^^^^^^^^^^^^^
[INFO] [stdout] 
[INFO] [stdout] 
[INFO] [stdout] warning: trait objects without an explicit `dyn` are deprecated
[INFO] [stdout]   --> src/element.rs:21:21
[INFO] [stdout]    |
[INFO] [stdout] 21 |     controller: Box<Controller + Send>,
[INFO] [stdout]    |                     ^^^^^^^^^^^^^^^^^ help: use `dyn`: `dyn Controller + Send`
[INFO] [stdout]    |
[INFO] [stdout]    = note: `#[warn(bare_trait_objects)]` on by default
[INFO] [stdout] 
[INFO] [stdout] 
[INFO] [stdout] warning: trait objects without an explicit `dyn` are deprecated
[INFO] [stdout]   --> src/element.rs:43:46
[INFO] [stdout]    |
[INFO] [stdout] 43 |     pub fn controller(&mut self) -> &mut Box<Controller + Send> {
[INFO] [stdout]    |                                              ^^^^^^^^^^^^^^^^^ help: use `dyn`: `dyn Controller + Send`
[INFO] [stdout] 
[INFO] [stdout] 
[INFO] [stdout] error[E0554]: `#![feature]` may not be used on the beta release channel
[INFO] [stdout]  --> src/lib.rs:1:1
[INFO] [stdout]   |
[INFO] [stdout] 1 | #![feature(associated_type_defaults)]
[INFO] [stdout]   | ^^^^^^^^^^^^^^^^^^^^^^^^^^^^^^^^^^^^^
[INFO] [stdout] 
[INFO] [stdout] 
[INFO] [stdout] error[E0554]: `#![feature]` may not be used on the beta release channel
[INFO] [stdout]  --> src/lib.rs:2:1
[INFO] [stdout]   |
[INFO] [stdout] 2 | #![feature(box_syntax)]
[INFO] [stdout]   | ^^^^^^^^^^^^^^^^^^^^^^^
[INFO] [stdout] 
[INFO] [stdout] 
[INFO] [stdout] warning: trait objects without an explicit `dyn` are deprecated
[INFO] [stdout]   --> src/element.rs:21:21
[INFO] [stdout]    |
[INFO] [stdout] 21 |     controller: Box<Controller + Send>,
[INFO] [stdout]    |                     ^^^^^^^^^^^^^^^^^ help: use `dyn`: `dyn Controller + Send`
[INFO] [stdout]    |
[INFO] [stdout]    = note: `#[warn(bare_trait_objects)]` on by default
[INFO] [stdout] 
[INFO] [stdout] 
[INFO] [stdout] warning: trait objects without an explicit `dyn` are deprecated
[INFO] [stdout]   --> src/element.rs:43:46
[INFO] [stdout]    |
[INFO] [stdout] 43 |     pub fn controller(&mut self) -> &mut Box<Controller + Send> {
[INFO] [stdout]    |                                              ^^^^^^^^^^^^^^^^^ help: use `dyn`: `dyn Controller + Send`
[INFO] [stdout] 
[INFO] [stdout] 
[INFO] [stdout] error: aborting due to 2 previous errors; 2 warnings emitted
[INFO] [stdout] 
[INFO] [stdout] 
[INFO] [stdout] For more information about this error, try `rustc --explain E0554`.
[INFO] [stdout] 
[INFO] [stdout] error: aborting due to 2 previous errors; 2 warnings emitted
[INFO] [stdout] 
[INFO] [stdout] 
[INFO] [stdout] For more information about this error, try `rustc --explain E0554`.
[INFO] [stdout] 
[INFO] [stderr] error: could not compile `delta`.
[INFO] [stderr] 
[INFO] [stderr] To learn more, run the command again with --verbose.
[INFO] [stderr] warning: build failed, waiting for other jobs to finish...
[INFO] [stderr] error: build failed
[INFO] running `Command { std: "docker" "inspect" "13ee54313f01e3f7ef8d2ce31feb547736ccdda06b8517763ea10f7c2812caea", kill_on_drop: false }`
[INFO] running `Command { std: "docker" "rm" "-f" "13ee54313f01e3f7ef8d2ce31feb547736ccdda06b8517763ea10f7c2812caea", kill_on_drop: false }`
[INFO] [stdout] 13ee54313f01e3f7ef8d2ce31feb547736ccdda06b8517763ea10f7c2812caea
