[INFO] cloning repository https://github.com/Renmusxd/PyIsingMonteCarlo
[INFO] running `Command { std: "git" "-c" "credential.helper=" "-c" "credential.helper=/workspace/cargo-home/bin/git-credential-null" "clone" "--bare" "https://github.com/Renmusxd/PyIsingMonteCarlo" "/workspace/cache/git-repos/https%3A%2F%2Fgithub.com%2FRenmusxd%2FPyIsingMonteCarlo", kill_on_drop: false }`
[INFO] [stderr] Cloning into bare repository '/workspace/cache/git-repos/https%3A%2F%2Fgithub.com%2FRenmusxd%2FPyIsingMonteCarlo'...
[INFO] running `Command { std: "git" "rev-parse" "HEAD", kill_on_drop: false }`
[INFO] [stdout] 18026c8b0a4d9c08a94bf98e7fa74cf6f10e1526
[INFO] checking Renmusxd/PyIsingMonteCarlo against beta-2020-07-24 for pr-75494-beta
[INFO] running `Command { std: "git" "clone" "/workspace/cache/git-repos/https%3A%2F%2Fgithub.com%2FRenmusxd%2FPyIsingMonteCarlo" "/workspace/builds/worker-5/source", kill_on_drop: false }`
[INFO] [stderr] Cloning into '/workspace/builds/worker-5/source'...
[INFO] [stderr] done.
[INFO] validating manifest of git repo https://github.com/Renmusxd/PyIsingMonteCarlo on toolchain beta-2020-07-24
[INFO] running `Command { std: "/workspace/cargo-home/bin/cargo" "+beta-2020-07-24" "read-manifest" "--manifest-path" "Cargo.toml", kill_on_drop: false }`
[INFO] removed /workspace/builds/worker-5/source/.cargo/config
[INFO] started tweaking git repo https://github.com/Renmusxd/PyIsingMonteCarlo
[INFO] finished tweaking git repo https://github.com/Renmusxd/PyIsingMonteCarlo
[INFO] tweaked toml for git repo https://github.com/Renmusxd/PyIsingMonteCarlo written to /workspace/builds/worker-5/source/Cargo.toml
[INFO] running `Command { std: "/workspace/cargo-home/bin/cargo" "+beta-2020-07-24" "generate-lockfile" "--manifest-path" "Cargo.toml" "-Zno-index-update", kill_on_drop: false }`
[INFO] running `Command { std: "/workspace/cargo-home/bin/cargo" "+beta-2020-07-24" "fetch" "--locked" "--manifest-path" "Cargo.toml", kill_on_drop: false }`
[INFO] [stderr]     Blocking waiting for file lock on package cache
[INFO] running `Command { std: "docker" "create" "-v" "/var/lib/crater-agent-workspace/builds/worker-5/target:/opt/rustwide/target:rw,Z" "-v" "/var/lib/crater-agent-workspace/builds/worker-5/source:/opt/rustwide/workdir:ro,Z" "-v" "/var/lib/crater-agent-workspace/cargo-home:/opt/rustwide/cargo-home:ro,Z" "-v" "/var/lib/crater-agent-workspace/rustup-home:/opt/rustwide/rustup-home:ro,Z" "-e" "SOURCE_DIR=/opt/rustwide/workdir" "-e" "CARGO_TARGET_DIR=/opt/rustwide/target" "-e" "CARGO_HOME=/opt/rustwide/cargo-home" "-e" "RUSTUP_HOME=/opt/rustwide/rustup-home" "-w" "/opt/rustwide/workdir" "-m" "1610612736" "--user" "0:0" "--network" "none" "rustops/crates-build-env@sha256:a636fd89d022f18117e1dc8fb37a0a009933cdbbe082814857f0e2024962d47c" "/opt/rustwide/cargo-home/bin/cargo" "+beta-2020-07-24" "metadata" "--no-deps" "--format-version=1", kill_on_drop: false }`
[INFO] [stdout] 5ad4a1854f35dbd21a097daaa100e4a220593bdc37de5392b8d5bfc5dc24a545
[INFO] [stderr] WARNING: Your kernel does not support swap limit capabilities or the cgroup is not mounted. Memory limited without swap.
[INFO] running `Command { std: "docker" "start" "-a" "5ad4a1854f35dbd21a097daaa100e4a220593bdc37de5392b8d5bfc5dc24a545", kill_on_drop: false }`
[INFO] running `Command { std: "docker" "inspect" "5ad4a1854f35dbd21a097daaa100e4a220593bdc37de5392b8d5bfc5dc24a545", kill_on_drop: false }`
[INFO] running `Command { std: "docker" "rm" "-f" "5ad4a1854f35dbd21a097daaa100e4a220593bdc37de5392b8d5bfc5dc24a545", kill_on_drop: false }`
[INFO] [stdout] 5ad4a1854f35dbd21a097daaa100e4a220593bdc37de5392b8d5bfc5dc24a545
[INFO] running `Command { std: "docker" "create" "-v" "/var/lib/crater-agent-workspace/builds/worker-5/target:/opt/rustwide/target:rw,Z" "-v" "/var/lib/crater-agent-workspace/builds/worker-5/source:/opt/rustwide/workdir:ro,Z" "-v" "/var/lib/crater-agent-workspace/cargo-home:/opt/rustwide/cargo-home:ro,Z" "-v" "/var/lib/crater-agent-workspace/rustup-home:/opt/rustwide/rustup-home:ro,Z" "-e" "SOURCE_DIR=/opt/rustwide/workdir" "-e" "CARGO_TARGET_DIR=/opt/rustwide/target" "-e" "CARGO_INCREMENTAL=0" "-e" "RUST_BACKTRACE=full" "-e" "RUSTFLAGS=--cap-lints=forbid" "-e" "CARGO_HOME=/opt/rustwide/cargo-home" "-e" "RUSTUP_HOME=/opt/rustwide/rustup-home" "-w" "/opt/rustwide/workdir" "-m" "1610612736" "--user" "0:0" "--network" "none" "rustops/crates-build-env@sha256:a636fd89d022f18117e1dc8fb37a0a009933cdbbe082814857f0e2024962d47c" "/opt/rustwide/cargo-home/bin/cargo" "+beta-2020-07-24" "check" "--frozen" "--all" "--all-targets" "--message-format=json", kill_on_drop: false }`
[INFO] [stdout] db9c70693ee0d28b44173dc2e7b3d5666331614856124e283334ffef266e06d0
[INFO] [stderr] WARNING: Your kernel does not support swap limit capabilities or the cgroup is not mounted. Memory limited without swap.
[INFO] running `Command { std: "docker" "start" "-a" "db9c70693ee0d28b44173dc2e7b3d5666331614856124e283334ffef266e06d0", kill_on_drop: false }`
[INFO] [stderr]    Compiling autocfg v1.0.1
[INFO] [stderr]    Compiling syn v1.0.39
[INFO] [stderr]     Checking cfg-if v0.1.10
[INFO] [stderr]    Compiling libc v0.2.76
[INFO] [stderr]    Compiling serde_derive v1.0.115
[INFO] [stderr]     Checking lazy_static v1.4.0
[INFO] [stderr]    Compiling getrandom v0.1.14
[INFO] [stderr]    Compiling proc-macro-hack v0.5.18
[INFO] [stderr]    Compiling inventory v0.1.8
[INFO] [stderr]    Compiling unindent v0.1.6
[INFO] [stderr]    Compiling ndarray v0.13.1
[INFO] [stderr]     Checking rawpointer v0.2.1
[INFO] [stderr]    Compiling pyo3 v0.11.1
[INFO] [stderr]     Checking strength_reduce v0.2.3
[INFO] [stderr]     Checking transpose v0.1.0
[INFO] [stderr]     Checking half v1.6.0
[INFO] [stderr]     Checking itertools v0.9.0
[INFO] [stderr]     Checking lock_api v0.4.1
[INFO] [stderr]     Checking matrixmultiply v0.2.3
[INFO] [stderr]    Compiling crossbeam-utils v0.7.2
[INFO] [stderr]    Compiling memoffset v0.5.5
[INFO] [stderr]    Compiling num-traits v0.2.12
[INFO] [stderr]    Compiling crossbeam-epoch v0.8.2
[INFO] [stderr]    Compiling num-complex v0.2.4
[INFO] [stderr]    Compiling num-integer v0.1.43
[INFO] [stderr]    Compiling rayon v1.3.1
[INFO] [stderr]    Compiling paste-impl v0.1.18
[INFO] [stderr]     Checking num_cpus v1.13.0
[INFO] [stderr]     Checking rand_core v0.5.1
[INFO] [stderr]     Checking crossbeam-queue v0.2.3
[INFO] [stderr]     Checking rand_pcg v0.2.1
[INFO] [stderr]     Checking rand_chacha v0.2.2
[INFO] [stderr]     Checking crossbeam-deque v0.7.3
[INFO] [stderr]     Checking paste v0.1.18
[INFO] [stderr]     Checking rayon-core v1.7.1
[INFO] [stderr]     Checking rand v0.7.3
[INFO] [stderr]     Checking rustfft v3.0.1
[INFO] [stderr]    Compiling pyo3-derive-backend v0.11.1
[INFO] [stderr]    Compiling ctor v0.1.15
[INFO] [stderr]    Compiling inventory-impl v0.1.8
[INFO] [stderr]    Compiling indoc-impl v0.3.6
[INFO] [stderr]    Compiling ghost v0.1.2
[INFO] [stderr]    Compiling pyo3cls v0.11.1
[INFO] [stderr]     Checking indoc v0.3.6
[INFO] [stderr]     Checking serde v1.0.115
[INFO] [stderr]     Checking smallvec v1.4.2
[INFO] [stderr]     Checking serde_cbor v0.11.1
[INFO] [stdout] error[E0554]: `#![feature]` may not be used on the beta release channel
[INFO] [stdout]   --> /opt/rustwide/cargo-home/registry/src/github.com-1ecc6299db9ec823/smallvec-1.4.2/src/lib.rs:74:32
[INFO] [stdout]    |
[INFO] [stdout] 74 | #![cfg_attr(feature = "union", feature(untagged_unions))]
[INFO] [stdout]    |                                ^^^^^^^^^^^^^^^^^^^^^^^^
[INFO] [stdout] 
[INFO] [stdout] 
[INFO] [stdout] error[E0554]: `#![feature]` may not be used on the beta release channel
[INFO] [stdout]   --> /opt/rustwide/cargo-home/registry/src/github.com-1ecc6299db9ec823/smallvec-1.4.2/src/lib.rs:76:41
[INFO] [stdout]    |
[INFO] [stdout] 76 | #![cfg_attr(feature = "specialization", feature(specialization))]
[INFO] [stdout]    |                                         ^^^^^^^^^^^^^^^^^^^^^^^
[INFO] [stdout] 
[INFO] [stdout] 
[INFO] [stdout] error[E0554]: `#![feature]` may not be used on the beta release channel
[INFO] [stdout]   --> /opt/rustwide/cargo-home/registry/src/github.com-1ecc6299db9ec823/smallvec-1.4.2/src/lib.rs:78:41
[INFO] [stdout]    |
[INFO] [stdout] 78 | #![cfg_attr(feature = "const_generics", feature(min_const_generics))]
[INFO] [stdout]    |                                         ^^^^^^^^^^^^^^^^^^^^^^^^^^^
[INFO] [stdout] 
[INFO] [stdout] 
[INFO] [stdout] error[E0658]: const generics are unstable
[INFO] [stdout]     --> /opt/rustwide/cargo-home/registry/src/github.com-1ecc6299db9ec823/smallvec-1.4.2/src/lib.rs:1910:22
[INFO] [stdout]      |
[INFO] [stdout] 1910 | unsafe impl<T, const N: usize> Array for [T; N] {
[INFO] [stdout]      |                      ^
[INFO] [stdout]      |
[INFO] [stdout]      = note: see issue #44580 <https://github.com/rust-lang/rust/issues/44580> for more information
[INFO] [stdout] 
[INFO] [stdout] 
[INFO] [stdout] error: aborting due to 4 previous errors
[INFO] [stdout] 
[INFO] [stdout] 
[INFO] [stderr] error: could not compile `smallvec`.
[INFO] [stdout] Some errors have detailed explanations: E0554, E0658.
[INFO] [stdout] 
[INFO] [stderr] 
[INFO] [stdout] For more information about an error, try `rustc --explain E0554`.
[INFO] [stdout] 
[INFO] [stderr] To learn more, run the command again with --verbose.
[INFO] [stderr] warning: build failed, waiting for other jobs to finish...
[INFO] [stderr] error: build failed
[INFO] running `Command { std: "docker" "inspect" "db9c70693ee0d28b44173dc2e7b3d5666331614856124e283334ffef266e06d0", kill_on_drop: false }`
[INFO] running `Command { std: "docker" "rm" "-f" "db9c70693ee0d28b44173dc2e7b3d5666331614856124e283334ffef266e06d0", kill_on_drop: false }`
[INFO] [stdout] db9c70693ee0d28b44173dc2e7b3d5666331614856124e283334ffef266e06d0
