[INFO] cloning repository https://github.com/Ralith/openvr-test
[INFO] running `Command { std: "git" "-c" "credential.helper=" "-c" "credential.helper=/workspace/cargo-home/bin/git-credential-null" "clone" "--bare" "https://github.com/Ralith/openvr-test" "/workspace/cache/git-repos/https%3A%2F%2Fgithub.com%2FRalith%2Fopenvr-test", kill_on_drop: false }`
[INFO] [stderr] Cloning into bare repository '/workspace/cache/git-repos/https%3A%2F%2Fgithub.com%2FRalith%2Fopenvr-test'...
[INFO] running `Command { std: "git" "rev-parse" "HEAD", kill_on_drop: false }`
[INFO] [stdout] 8089334c26aa254f27d997325c27988d2b4da10e
[INFO] checking Ralith/openvr-test against beta-2020-07-24 for pr-75494-beta
[INFO] running `Command { std: "git" "clone" "/workspace/cache/git-repos/https%3A%2F%2Fgithub.com%2FRalith%2Fopenvr-test" "/workspace/builds/worker-9/source", kill_on_drop: false }`
[INFO] [stderr] Cloning into '/workspace/builds/worker-9/source'...
[INFO] [stderr] done.
[INFO] validating manifest of git repo https://github.com/Ralith/openvr-test on toolchain beta-2020-07-24
[INFO] running `Command { std: "/workspace/cargo-home/bin/cargo" "+beta-2020-07-24" "read-manifest" "--manifest-path" "Cargo.toml", kill_on_drop: false }`
[INFO] started tweaking git repo https://github.com/Ralith/openvr-test
[INFO] removed path dependency openvr from git repo https://github.com/Ralith/openvr-test
[INFO] finished tweaking git repo https://github.com/Ralith/openvr-test
[INFO] tweaked toml for git repo https://github.com/Ralith/openvr-test written to /workspace/builds/worker-9/source/Cargo.toml
[INFO] crate git repo https://github.com/Ralith/openvr-test already has a lockfile, it will not be regenerated
[INFO] running `Command { std: "/workspace/cargo-home/bin/cargo" "+beta-2020-07-24" "fetch" "--locked" "--manifest-path" "Cargo.toml", kill_on_drop: false }`
[INFO] [stderr] warning: dependency (openvr) specified without providing a local path, Git repository, or version to use. This will be considered an error in future versions
[INFO] [stderr]     Updating crates.io index
[INFO] [stderr] error: the lock file /workspace/builds/worker-9/source/Cargo.lock needs to be updated but --locked was passed to prevent this
[INFO] [stderr] If you want to try to generate the lock file without accessing the network, use the --offline flag.
[INFO] the lockfile is outdated, regenerating it
[INFO] running `Command { std: "/workspace/cargo-home/bin/cargo" "+beta-2020-07-24" "generate-lockfile" "--manifest-path" "Cargo.toml" "-Zno-index-update", kill_on_drop: false }`
[INFO] running `Command { std: "/workspace/cargo-home/bin/cargo" "+beta-2020-07-24" "fetch" "--locked" "--manifest-path" "Cargo.toml", kill_on_drop: false }`
[INFO] [stderr] warning: dependency (openvr) specified without providing a local path, Git repository, or version to use. This will be considered an error in future versions
[INFO] running `Command { std: "docker" "create" "-v" "/var/lib/crater-agent-workspace/builds/worker-9/target:/opt/rustwide/target:rw,Z" "-v" "/var/lib/crater-agent-workspace/builds/worker-9/source:/opt/rustwide/workdir:ro,Z" "-v" "/var/lib/crater-agent-workspace/cargo-home:/opt/rustwide/cargo-home:ro,Z" "-v" "/var/lib/crater-agent-workspace/rustup-home:/opt/rustwide/rustup-home:ro,Z" "-e" "SOURCE_DIR=/opt/rustwide/workdir" "-e" "CARGO_TARGET_DIR=/opt/rustwide/target" "-e" "CARGO_HOME=/opt/rustwide/cargo-home" "-e" "RUSTUP_HOME=/opt/rustwide/rustup-home" "-w" "/opt/rustwide/workdir" "-m" "1610612736" "--user" "0:0" "--network" "none" "rustops/crates-build-env@sha256:a636fd89d022f18117e1dc8fb37a0a009933cdbbe082814857f0e2024962d47c" "/opt/rustwide/cargo-home/bin/cargo" "+beta-2020-07-24" "metadata" "--no-deps" "--format-version=1", kill_on_drop: false }`
[INFO] [stdout] 1e13d6c8b7d1eb58c61817064aa6302fbf7c1661f3c0f3498ee7a38184374354
[INFO] [stderr] WARNING: Your kernel does not support swap limit capabilities or the cgroup is not mounted. Memory limited without swap.
[INFO] running `Command { std: "docker" "start" "-a" "1e13d6c8b7d1eb58c61817064aa6302fbf7c1661f3c0f3498ee7a38184374354", kill_on_drop: false }`
[INFO] running `Command { std: "docker" "inspect" "1e13d6c8b7d1eb58c61817064aa6302fbf7c1661f3c0f3498ee7a38184374354", kill_on_drop: false }`
[INFO] running `Command { std: "docker" "rm" "-f" "1e13d6c8b7d1eb58c61817064aa6302fbf7c1661f3c0f3498ee7a38184374354", kill_on_drop: false }`
[INFO] [stdout] 1e13d6c8b7d1eb58c61817064aa6302fbf7c1661f3c0f3498ee7a38184374354
[INFO] running `Command { std: "docker" "create" "-v" "/var/lib/crater-agent-workspace/builds/worker-9/target:/opt/rustwide/target:rw,Z" "-v" "/var/lib/crater-agent-workspace/builds/worker-9/source:/opt/rustwide/workdir:ro,Z" "-v" "/var/lib/crater-agent-workspace/cargo-home:/opt/rustwide/cargo-home:ro,Z" "-v" "/var/lib/crater-agent-workspace/rustup-home:/opt/rustwide/rustup-home:ro,Z" "-e" "SOURCE_DIR=/opt/rustwide/workdir" "-e" "CARGO_TARGET_DIR=/opt/rustwide/target" "-e" "CARGO_INCREMENTAL=0" "-e" "RUST_BACKTRACE=full" "-e" "RUSTFLAGS=--cap-lints=forbid" "-e" "CARGO_HOME=/opt/rustwide/cargo-home" "-e" "RUSTUP_HOME=/opt/rustwide/rustup-home" "-w" "/opt/rustwide/workdir" "-m" "1610612736" "--user" "0:0" "--network" "none" "rustops/crates-build-env@sha256:a636fd89d022f18117e1dc8fb37a0a009933cdbbe082814857f0e2024962d47c" "/opt/rustwide/cargo-home/bin/cargo" "+beta-2020-07-24" "check" "--frozen" "--all" "--all-targets" "--message-format=json", kill_on_drop: false }`
[INFO] [stdout] 12701ca7f3b60c3e2984d271d8490b8f9a4d35fbffe0e266a70c10bce1c7c4a1
[INFO] [stderr] WARNING: Your kernel does not support swap limit capabilities or the cgroup is not mounted. Memory limited without swap.
[INFO] running `Command { std: "docker" "start" "-a" "12701ca7f3b60c3e2984d271d8490b8f9a4d35fbffe0e266a70c10bce1c7c4a1", kill_on_drop: false }`
[INFO] [stderr] warning: dependency (openvr) specified without providing a local path, Git repository, or version to use. This will be considered an error in future versions
[INFO] [stderr]    Compiling libc v0.2.76
[INFO] [stderr]    Compiling cc v1.0.59
[INFO] [stderr]    Compiling typenum v1.12.0
[INFO] [stderr]    Compiling getrandom v0.1.14
[INFO] [stderr]    Compiling cfg-if v0.1.10
[INFO] [stderr]    Compiling arrayref v0.3.6
[INFO] [stderr]    Compiling fake-simd v0.1.2
[INFO] [stderr]     Checking lazy_static v1.4.0
[INFO] [stderr]    Compiling unicode-xid v0.0.4
[INFO] [stderr]    Compiling quote v0.3.15
[INFO] [stderr]    Compiling vulkano v0.5.6
[INFO] [stderr]     Checking half v1.6.0
[INFO] [stderr]     Checking lazy_static v0.2.11
[INFO] [stderr]     Checking fnv v1.0.7
[INFO] [stderr]    Compiling block-buffer v0.3.3
[INFO] [stderr]    Compiling syn v0.10.8
[INFO] [stderr]    Compiling cmake v0.1.44
[INFO] [stderr]    Compiling openvr_sys v2.0.3
[INFO] [stderr]     Checking shared_library v0.1.9
[INFO] [stderr]    Compiling rand_core v0.5.1
[INFO] [stderr]    Compiling rand_chacha v0.2.2
[INFO] [stderr]    Compiling generic-array v0.9.0
[INFO] [stderr]    Compiling digest v0.7.6
[INFO] [stderr]    Compiling rand v0.7.3
[INFO] [stderr]    Compiling sha2 v0.7.1
[INFO] [stderr]    Compiling glsl-to-spirv v0.1.7
[INFO] [stderr]    Compiling tempfile v3.1.0
[INFO] [stderr] error: failed to run custom build command for `openvr_sys v2.0.3`
[INFO] [stderr] 
[INFO] [stderr] Caused by:
[INFO] [stderr]   process didn't exit successfully: `/opt/rustwide/target/debug/build/openvr_sys-477a793c830de837/build-script-build` (exit code: 101)
[INFO] [stderr]   --- stdout
[INFO] [stderr]   running: "cmake" "/opt/rustwide/cargo-home/registry/src/github.com-1ecc6299db9ec823/openvr_sys-2.0.3/openvr" "-DCMAKE_INSTALL_PREFIX=/opt/rustwide/target/debug/build/openvr_sys-63c65b6a67c39916/out" "-DCMAKE_C_FLAGS= -ffunction-sections -fdata-sections -fPIC -m64" "-DCMAKE_C_COMPILER=/usr/bin/cc" "-DCMAKE_CXX_FLAGS= -ffunction-sections -fdata-sections -fPIC -m64" "-DCMAKE_CXX_COMPILER=/usr/bin/c++" "-DCMAKE_ASM_FLAGS= -ffunction-sections -fdata-sections -fPIC -m64" "-DCMAKE_ASM_COMPILER=/usr/bin/cc" "-DCMAKE_BUILD_TYPE=Debug"
[INFO] [stderr]   -- The C compiler identification is GNU 9.3.0
[INFO] [stderr]   -- The CXX compiler identification is GNU 9.3.0
[INFO] [stderr]   -- Check for working C compiler: /usr/bin/cc
[INFO] [stderr]   -- Check for working C compiler: /usr/bin/cc -- works
[INFO] [stderr]   -- Detecting C compiler ABI info
[INFO] [stderr]   -- Detecting C compiler ABI info - done
[INFO] [stderr]   -- Detecting C compile features
[INFO] [stderr]   -- Detecting C compile features - done
[INFO] [stderr]   -- Check for working CXX compiler: /usr/bin/c++
[INFO] [stderr]   -- Check for working CXX compiler: /usr/bin/c++ -- works
[INFO] [stderr]   -- Detecting CXX compiler ABI info
[INFO] [stderr]   -- Detecting CXX compiler ABI info - done
[INFO] [stderr]   -- Detecting CXX compile features
[INFO] [stderr]   -- Detecting CXX compile features - done
[INFO] [stderr]   -- Configuring done
[INFO] [stderr]   -- Generating done
[INFO] [stderr]   -- Build files have been written to: /opt/rustwide/target/debug/build/openvr_sys-63c65b6a67c39916/out/build
[INFO] [stderr]   running: "cmake" "--build" "." "--target" "install" "--config" "Debug" "--"
[INFO] [stderr]   Scanning dependencies of target openvr_api
[INFO] [stderr]   [ 10%] Building CXX object src/CMakeFiles/openvr_api.dir/openvr_api_public.cpp.o
[INFO] [stderr]   [ 20%] Building CXX object src/CMakeFiles/openvr_api.dir/vrcommon/dirtools_public.cpp.o
[INFO] [stderr]   [ 30%] Building CXX object src/CMakeFiles/openvr_api.dir/jsoncpp.cpp.o
[INFO] [stderr]   [ 40%] Building CXX object src/CMakeFiles/openvr_api.dir/vrcommon/envvartools_public.cpp.o
[INFO] [stderr]   [ 50%] Building CXX object src/CMakeFiles/openvr_api.dir/vrcommon/pathtools_public.cpp.o
[INFO] [stderr]   [ 60%] Building CXX object src/CMakeFiles/openvr_api.dir/vrcommon/sharedlibtools_public.cpp.o
[INFO] [stderr]   [ 70%] Building CXX object src/CMakeFiles/openvr_api.dir/vrcommon/hmderrors_public.cpp.o
[INFO] [stderr]   [ 80%] Building CXX object src/CMakeFiles/openvr_api.dir/vrcommon/strtools_public.cpp.o
[INFO] [stderr]   [ 90%] Building CXX object src/CMakeFiles/openvr_api.dir/vrcommon/vrpathregistry_public.cpp.o
[INFO] [stderr]   [100%] Linking CXX static library /opt/rustwide/cargo-home/registry/src/github.com-1ecc6299db9ec823/openvr_sys-2.0.3/openvr/bin/linux64/libopenvr_api.a
[INFO] [stderr] 
[INFO] [stderr]   --- stderr
[INFO] [stderr]   CMake Warning:
[INFO] [stderr]     Manually-specified variables were not used by the project:
[INFO] [stderr] 
[INFO] [stderr]       CMAKE_ASM_COMPILER
[INFO] [stderr]       CMAKE_ASM_FLAGS
[INFO] [stderr] 
[INFO] [stderr] 
[INFO] [stderr]   /usr/bin/ar: /opt/rustwide/cargo-home/registry/src/github.com-1ecc6299db9ec823/openvr_sys-2.0.3/openvr/bin/linux64/libopenvr_api.a: No such file or directory
[INFO] [stderr]   make[2]: *** [src/CMakeFiles/openvr_api.dir/build.make:205: /opt/rustwide/cargo-home/registry/src/github.com-1ecc6299db9ec823/openvr_sys-2.0.3/openvr/bin/linux64/libopenvr_api.a] Error 1
[INFO] [stderr]   make[1]: *** [CMakeFiles/Makefile2:94: src/CMakeFiles/openvr_api.dir/all] Error 2
[INFO] [stderr]   make: *** [Makefile:130: all] Error 2
[INFO] [stderr]   thread 'main' panicked at '
[INFO] [stderr]   command did not execute successfully, got: exit code: 2
[INFO] [stderr] 
[INFO] [stderr]   build script failed, must exit now', /opt/rustwide/cargo-home/registry/src/github.com-1ecc6299db9ec823/cmake-0.1.44/src/lib.rs:885:5
[INFO] [stderr]   stack backtrace:
[INFO] [stderr]      0:     0x555e78cda3d5 - backtrace::backtrace::libunwind::trace::h5e2646fa3eddf2ea
[INFO] [stderr]                                  at /cargo/registry/src/github.com-1ecc6299db9ec823/backtrace-0.3.46/src/backtrace/libunwind.rs:86
[INFO] [stderr]      1:     0x555e78cda3d5 - backtrace::backtrace::trace_unsynchronized::hb95dd7f77ce47877
[INFO] [stderr]                                  at /cargo/registry/src/github.com-1ecc6299db9ec823/backtrace-0.3.46/src/backtrace/mod.rs:66
[INFO] [stderr]      2:     0x555e78cda3d5 - std::sys_common::backtrace::_print_fmt::h5e71b67af43fd70d
[INFO] [stderr]                                  at src/libstd/sys_common/backtrace.rs:78
[INFO] [stderr]      3:     0x555e78cda3d5 - <std::sys_common::backtrace::_print::DisplayBacktrace as core::fmt::Display>::fmt::hdb4a83d2b61107e5
[INFO] [stderr]                                  at src/libstd/sys_common/backtrace.rs:59
[INFO] [stderr]      4:     0x555e78cfe5dc - core::fmt::write::ha20e7262fa3e8a7a
[INFO] [stderr]                                  at src/libcore/fmt/mod.rs:1076
[INFO] [stderr]      5:     0x555e78cd6a72 - std::io::Write::write_fmt::h1aebfe8a5a79e36d
[INFO] [stderr]                                  at src/libstd/io/mod.rs:1537
[INFO] [stderr]      6:     0x555e78cdcf00 - std::sys_common::backtrace::_print::h9c07314cc66ba539
[INFO] [stderr]                                  at src/libstd/sys_common/backtrace.rs:62
[INFO] [stderr]      7:     0x555e78cdcf00 - std::sys_common::backtrace::print::hd1fd65f49a2d8544
[INFO] [stderr]                                  at src/libstd/sys_common/backtrace.rs:49
[INFO] [stderr]      8:     0x555e78cdcf00 - std::panicking::default_hook::{{closure}}::h222da46485ab36fc
[INFO] [stderr]                                  at src/libstd/panicking.rs:198
[INFO] [stderr]      9:     0x555e78cdcc4c - std::panicking::default_hook::hc5868949d129ed00
[INFO] [stderr]                                  at src/libstd/panicking.rs:217
[INFO] [stderr]     10:     0x555e78cdd543 - std::panicking::rust_panic_with_hook::h26a6ab8b0993c0c8
[INFO] [stderr]                                  at src/libstd/panicking.rs:526
[INFO] [stderr]     11:     0x555e78cdd13b - rust_begin_unwind
[INFO] [stderr]                                  at src/libstd/panicking.rs:437
[INFO] [stderr]     12:     0x555e78cdd0ab - std::panicking::begin_panic_fmt::h2ff295231415d4a6
[INFO] [stderr]                                  at src/libstd/panicking.rs:391
[INFO] [stderr]     13:     0x555e78c722c7 - cmake::fail::hf0f3f19e1ff44c4b
[INFO] [stderr]                                  at /opt/rustwide/cargo-home/registry/src/github.com-1ecc6299db9ec823/cmake-0.1.44/src/lib.rs:885
[INFO] [stderr]     14:     0x555e78c71c0e - cmake::run::hbfa9e03c3139de5a
[INFO] [stderr]                                  at /opt/rustwide/cargo-home/registry/src/github.com-1ecc6299db9ec823/cmake-0.1.44/src/lib.rs:863
[INFO] [stderr]     15:     0x555e78c6e330 - cmake::Config::build::h91a3fd6d1f201449
[INFO] [stderr]                                  at /opt/rustwide/cargo-home/registry/src/github.com-1ecc6299db9ec823/cmake-0.1.44/src/lib.rs:769
[INFO] [stderr]     16:     0x555e78c6950a - build_script_build::main::h4b9518e01ca9840f
[INFO] [stderr]                                  at /opt/rustwide/cargo-home/registry/src/github.com-1ecc6299db9ec823/openvr_sys-2.0.3/build.rs:19
[INFO] [stderr]     17:     0x555e78c692cb - std::rt::lang_start::{{closure}}::h44e0e2d13213828e
[INFO] [stderr]                                  at /rustc/6f959902b3103c49ca981fbc01871589c3498489/src/libstd/rt.rs:67
[INFO] [stderr]     18:     0x555e78cdd913 - std::rt::lang_start_internal::{{closure}}::h84a998219831fa70
[INFO] [stderr]                                  at src/libstd/rt.rs:52
[INFO] [stderr]     19:     0x555e78cdd913 - std::panicking::try::do_call::he8e1d689a3e26def
[INFO] [stderr]                                  at src/libstd/panicking.rs:348
[INFO] [stderr]     20:     0x555e78cdd913 - std::panicking::try::h264b6eebc2fa7bbf
[INFO] [stderr]                                  at src/libstd/panicking.rs:325
[INFO] [stderr]     21:     0x555e78cdd913 - std::panic::catch_unwind::hbf28fafa723b2128
[INFO] [stderr]                                  at src/libstd/panic.rs:394
[INFO] [stderr]     22:     0x555e78cdd913 - std::rt::lang_start_internal::he959aa59bc3ec202
[INFO] [stderr]                                  at src/libstd/rt.rs:51
[INFO] [stderr]     23:     0x555e78c692a7 - std::rt::lang_start::hc1833556208435f4
[INFO] [stderr]                                  at /rustc/6f959902b3103c49ca981fbc01871589c3498489/src/libstd/rt.rs:67
[INFO] [stderr]     24:     0x555e78c698ea - main
[INFO] [stderr]     25:     0x7f9f94d400b3 - __libc_start_main
[INFO] [stderr]     26:     0x555e78c6919e - _start
[INFO] [stderr]     27:                0x0 - <unknown>
[INFO] [stderr] warning: build failed, waiting for other jobs to finish...
[INFO] [stderr] error: build failed
[INFO] running `Command { std: "docker" "inspect" "12701ca7f3b60c3e2984d271d8490b8f9a4d35fbffe0e266a70c10bce1c7c4a1", kill_on_drop: false }`
[INFO] running `Command { std: "docker" "rm" "-f" "12701ca7f3b60c3e2984d271d8490b8f9a4d35fbffe0e266a70c10bce1c7c4a1", kill_on_drop: false }`
[INFO] [stdout] 12701ca7f3b60c3e2984d271d8490b8f9a4d35fbffe0e266a70c10bce1c7c4a1
