[INFO] cloning repository https://github.com/Ragnaroek/mithril
[INFO] running `Command { std: "git" "-c" "credential.helper=" "-c" "credential.helper=/workspace/cargo-home/bin/git-credential-null" "clone" "--bare" "https://github.com/Ragnaroek/mithril" "/workspace/cache/git-repos/https%3A%2F%2Fgithub.com%2FRagnaroek%2Fmithril", kill_on_drop: false }`
[INFO] [stderr] Cloning into bare repository '/workspace/cache/git-repos/https%3A%2F%2Fgithub.com%2FRagnaroek%2Fmithril'...
[INFO] running `Command { std: "git" "rev-parse" "HEAD", kill_on_drop: false }`
[INFO] [stdout] dc5ae9f3cb2a5ad80b4a67882174adcd3b60f486
[INFO] checking Ragnaroek/mithril against beta-2020-07-24 for pr-75494-beta
[INFO] running `Command { std: "git" "clone" "/workspace/cache/git-repos/https%3A%2F%2Fgithub.com%2FRagnaroek%2Fmithril" "/workspace/builds/worker-2/source", kill_on_drop: false }`
[INFO] [stderr] Cloning into '/workspace/builds/worker-2/source'...
[INFO] [stderr] done.
[INFO] validating manifest of git repo https://github.com/Ragnaroek/mithril on toolchain beta-2020-07-24
[INFO] running `Command { std: "/workspace/cargo-home/bin/cargo" "+beta-2020-07-24" "read-manifest" "--manifest-path" "Cargo.toml", kill_on_drop: false }`
[INFO] started tweaking git repo https://github.com/Ragnaroek/mithril
[INFO] finished tweaking git repo https://github.com/Ragnaroek/mithril
[INFO] tweaked toml for git repo https://github.com/Ragnaroek/mithril written to /workspace/builds/worker-2/source/Cargo.toml
[INFO] crate git repo https://github.com/Ragnaroek/mithril already has a lockfile, it will not be regenerated
[INFO] running `Command { std: "/workspace/cargo-home/bin/cargo" "+beta-2020-07-24" "fetch" "--locked" "--manifest-path" "Cargo.toml", kill_on_drop: false }`
[INFO] [stderr]     Blocking waiting for file lock on package cache
[INFO] running `Command { std: "docker" "create" "-v" "/var/lib/crater-agent-workspace/builds/worker-2/target:/opt/rustwide/target:rw,Z" "-v" "/var/lib/crater-agent-workspace/builds/worker-2/source:/opt/rustwide/workdir:ro,Z" "-v" "/var/lib/crater-agent-workspace/cargo-home:/opt/rustwide/cargo-home:ro,Z" "-v" "/var/lib/crater-agent-workspace/rustup-home:/opt/rustwide/rustup-home:ro,Z" "-e" "SOURCE_DIR=/opt/rustwide/workdir" "-e" "CARGO_TARGET_DIR=/opt/rustwide/target" "-e" "CARGO_HOME=/opt/rustwide/cargo-home" "-e" "RUSTUP_HOME=/opt/rustwide/rustup-home" "-w" "/opt/rustwide/workdir" "-m" "1610612736" "--user" "0:0" "--network" "none" "rustops/crates-build-env@sha256:a636fd89d022f18117e1dc8fb37a0a009933cdbbe082814857f0e2024962d47c" "/opt/rustwide/cargo-home/bin/cargo" "+beta-2020-07-24" "metadata" "--no-deps" "--format-version=1", kill_on_drop: false }`
[INFO] [stdout] 027f7336a5fbd2c4fb67e94087aacccca4ba48bb918a157d27fc671b7a23ac45
[INFO] [stderr] WARNING: Your kernel does not support swap limit capabilities or the cgroup is not mounted. Memory limited without swap.
[INFO] running `Command { std: "docker" "start" "-a" "027f7336a5fbd2c4fb67e94087aacccca4ba48bb918a157d27fc671b7a23ac45", kill_on_drop: false }`
[INFO] running `Command { std: "docker" "inspect" "027f7336a5fbd2c4fb67e94087aacccca4ba48bb918a157d27fc671b7a23ac45", kill_on_drop: false }`
[INFO] running `Command { std: "docker" "rm" "-f" "027f7336a5fbd2c4fb67e94087aacccca4ba48bb918a157d27fc671b7a23ac45", kill_on_drop: false }`
[INFO] [stdout] 027f7336a5fbd2c4fb67e94087aacccca4ba48bb918a157d27fc671b7a23ac45
[INFO] running `Command { std: "docker" "create" "-v" "/var/lib/crater-agent-workspace/builds/worker-2/target:/opt/rustwide/target:rw,Z" "-v" "/var/lib/crater-agent-workspace/builds/worker-2/source:/opt/rustwide/workdir:ro,Z" "-v" "/var/lib/crater-agent-workspace/cargo-home:/opt/rustwide/cargo-home:ro,Z" "-v" "/var/lib/crater-agent-workspace/rustup-home:/opt/rustwide/rustup-home:ro,Z" "-e" "SOURCE_DIR=/opt/rustwide/workdir" "-e" "CARGO_TARGET_DIR=/opt/rustwide/target" "-e" "CARGO_INCREMENTAL=0" "-e" "RUST_BACKTRACE=full" "-e" "RUSTFLAGS=--cap-lints=forbid" "-e" "CARGO_HOME=/opt/rustwide/cargo-home" "-e" "RUSTUP_HOME=/opt/rustwide/rustup-home" "-w" "/opt/rustwide/workdir" "-m" "1610612736" "--user" "0:0" "--network" "none" "rustops/crates-build-env@sha256:a636fd89d022f18117e1dc8fb37a0a009933cdbbe082814857f0e2024962d47c" "/opt/rustwide/cargo-home/bin/cargo" "+beta-2020-07-24" "check" "--frozen" "--all" "--all-targets" "--message-format=json", kill_on_drop: false }`
[INFO] [stdout] 0cd3ccea15c134ed02e3a593c511c9b5c8a350d594eb5e729ce4478ff8a01fe5
[INFO] [stderr] WARNING: Your kernel does not support swap limit capabilities or the cgroup is not mounted. Memory limited without swap.
[INFO] running `Command { std: "docker" "start" "-a" "0cd3ccea15c134ed02e3a593c511c9b5c8a350d594eb5e729ce4478ff8a01fe5", kill_on_drop: false }`
[INFO] [stderr]     Checking libc v0.2.43
[INFO] [stderr]    Compiling version_check v0.1.5
[INFO] [stderr]     Checking cfg-if v0.1.6
[INFO] [stderr]    Compiling proc-macro2 v0.4.21
[INFO] [stderr]    Compiling serde v1.0.89
[INFO] [stderr]    Compiling cc v1.0.26
[INFO] [stderr]    Compiling unicode-xid v0.1.0
[INFO] [stderr]    Compiling regex v1.0.6
[INFO] [stderr]     Checking ucd-util v0.1.2
[INFO] [stderr]     Checking lazy_static v1.2.0
[INFO] [stderr]    Compiling ryu v0.2.6
[INFO] [stderr]     Checking serde v0.8.23
[INFO] [stderr]     Checking utf8-ranges v1.0.2
[INFO] [stderr]    Compiling crunchy v0.1.6
[INFO] [stderr]    Compiling gcc v0.3.55
[INFO] [stderr]     Checking byte-tools v0.3.0
[INFO] [stderr]     Checking itoa v0.4.3
[INFO] [stderr]     Checking quick-error v1.2.2
[INFO] [stderr]     Checking linked-hash-map v0.5.1
[INFO] [stderr]     Checking termcolor v1.0.4
[INFO] [stderr]     Checking rust-ini v0.13.0
[INFO] [stderr]     Checking opaque-debug v0.2.1
[INFO] [stderr]    Compiling typenum v1.10.0
[INFO] [stderr]    Compiling byteorder v1.3.1
[INFO] [stderr]     Checking log v0.4.6
[INFO] [stderr]     Checking thread_local v0.3.6
[INFO] [stderr]     Checking rand_core v0.2.2
[INFO] [stderr]     Checking block-padding v0.1.2
[INFO] [stderr]     Checking regex-syntax v0.6.3
[INFO] [stderr]     Checking humantime v1.1.1
[INFO] [stderr]     Checking yaml-rust v0.4.2
[INFO] [stderr]     Checking rand v0.5.5
[INFO] [stderr]     Checking atty v0.2.11
[INFO] [stderr]     Checking num_cpus v1.10.0
[INFO] [stderr]     Checking dirs v1.0.5
[INFO] [stderr]    Compiling memchr v2.1.1
[INFO] [stderr]     Checking tiny-keccak v1.4.2
[INFO] [stderr]    Compiling quote v0.6.10
[INFO] [stderr]    Compiling jh-ffi v0.5.0
[INFO] [stderr]    Compiling skein-ffi v0.5.0
[INFO] [stderr]    Compiling syn v0.15.23
[INFO] [stderr]    Compiling blake v2.0.0
[INFO] [stderr]     Checking generic-array v0.12.0
[INFO] [stderr]     Checking aho-corasick v0.6.9
[INFO] [stderr]     Checking nom v4.1.1
[INFO] [stderr]     Checking block-buffer v0.7.0
[INFO] [stderr]     Checking digest v0.8.0
[INFO] [stdout] error[E0554]: `#![feature]` may not be used on the beta release channel
[INFO] [stdout]  --> /opt/rustwide/cargo-home/registry/src/github.com-1ecc6299db9ec823/jh-ffi-0.5.0/src/lib.rs:1:1
[INFO] [stdout]   |
[INFO] [stdout] 1 | #![feature(rustc_private)]
[INFO] [stdout]   | ^^^^^^^^^^^^^^^^^^^^^^^^^^
[INFO] [stdout] 
[INFO] [stdout] 
[INFO] [stdout] error[E0554]: `#![feature]` may not be used on the beta release channel
[INFO] [stdout]  --> /opt/rustwide/cargo-home/registry/src/github.com-1ecc6299db9ec823/jh-ffi-0.5.0/src/lib.rs:2:1
[INFO] [stdout]   |
[INFO] [stdout] 2 | #![feature(libc)]
[INFO] [stdout]   | ^^^^^^^^^^^^^^^^^
[INFO] [stdout] 
[INFO] [stdout] 
[INFO] [stdout] error: aborting due to 2 previous errors
[INFO] [stdout] 
[INFO] [stdout] 
[INFO] [stdout] For more information about this error, try `rustc --explain E0554`.
[INFO] [stdout] 
[INFO] [stdout] error[E0554]: `#![feature]` may not be used on the beta release channel
[INFO] [stdout]  --> /opt/rustwide/cargo-home/registry/src/github.com-1ecc6299db9ec823/skein-ffi-0.5.0/src/lib.rs:1:1
[INFO] [stdout]   |
[INFO] [stdout] 1 | #![feature(rustc_private)]
[INFO] [stdout]   | ^^^^^^^^^^^^^^^^^^^^^^^^^^
[INFO] [stdout] 
[INFO] [stdout] 
[INFO] [stdout] error[E0554]: `#![feature]` may not be used on the beta release channel
[INFO] [stdout]  --> /opt/rustwide/cargo-home/registry/src/github.com-1ecc6299db9ec823/skein-ffi-0.5.0/src/lib.rs:2:1
[INFO] [stdout]   |
[INFO] [stdout] 2 | #![feature(libc)]
[INFO] [stdout]   | ^^^^^^^^^^^^^^^^^
[INFO] [stdout] 
[INFO] [stdout] 
[INFO] [stderr] error: could not compile `jh-ffi`.
[INFO] [stderr] 
[INFO] [stderr] To learn more, run the command again with --verbose.
[INFO] [stderr] warning: build failed, waiting for other jobs to finish...
[INFO] [stdout] error: aborting due to 2 previous errors
[INFO] [stdout] 
[INFO] [stdout] 
[INFO] [stdout] For more information about this error, try `rustc --explain E0554`.
[INFO] [stdout] 
[INFO] [stderr] error: build failed
[INFO] running `Command { std: "docker" "inspect" "0cd3ccea15c134ed02e3a593c511c9b5c8a350d594eb5e729ce4478ff8a01fe5", kill_on_drop: false }`
[INFO] running `Command { std: "docker" "rm" "-f" "0cd3ccea15c134ed02e3a593c511c9b5c8a350d594eb5e729ce4478ff8a01fe5", kill_on_drop: false }`
[INFO] [stdout] 0cd3ccea15c134ed02e3a593c511c9b5c8a350d594eb5e729ce4478ff8a01fe5
