[INFO] cloning repository https://github.com/Prior99/opus-sys
[INFO] running `Command { std: "git" "-c" "credential.helper=" "-c" "credential.helper=/workspace/cargo-home/bin/git-credential-null" "clone" "--bare" "https://github.com/Prior99/opus-sys" "/workspace/cache/git-repos/https%3A%2F%2Fgithub.com%2FPrior99%2Fopus-sys", kill_on_drop: false }`
[INFO] [stderr] Cloning into bare repository '/workspace/cache/git-repos/https%3A%2F%2Fgithub.com%2FPrior99%2Fopus-sys'...
[INFO] running `Command { std: "git" "rev-parse" "HEAD", kill_on_drop: false }`
[INFO] [stdout] 9a629f404a4f80045e5c71857ce27bd6069a7476
[INFO] checking Prior99/opus-sys against beta-2020-07-24 for pr-75494-beta
[INFO] running `Command { std: "git" "clone" "/workspace/cache/git-repos/https%3A%2F%2Fgithub.com%2FPrior99%2Fopus-sys" "/workspace/builds/worker-7/source", kill_on_drop: false }`
[INFO] [stderr] Cloning into '/workspace/builds/worker-7/source'...
[INFO] [stderr] done.
[INFO] validating manifest of git repo https://github.com/Prior99/opus-sys on toolchain beta-2020-07-24
[INFO] running `Command { std: "/workspace/cargo-home/bin/cargo" "+beta-2020-07-24" "read-manifest" "--manifest-path" "Cargo.toml", kill_on_drop: false }`
[INFO] started tweaking git repo https://github.com/Prior99/opus-sys
[INFO] finished tweaking git repo https://github.com/Prior99/opus-sys
[INFO] tweaked toml for git repo https://github.com/Prior99/opus-sys written to /workspace/builds/worker-7/source/Cargo.toml
[INFO] crate git repo https://github.com/Prior99/opus-sys already has a lockfile, it will not be regenerated
[INFO] running `Command { std: "/workspace/cargo-home/bin/cargo" "+beta-2020-07-24" "fetch" "--locked" "--manifest-path" "Cargo.toml", kill_on_drop: false }`
[INFO] running `Command { std: "docker" "create" "-v" "/var/lib/crater-agent-workspace/builds/worker-7/target:/opt/rustwide/target:rw,Z" "-v" "/var/lib/crater-agent-workspace/builds/worker-7/source:/opt/rustwide/workdir:ro,Z" "-v" "/var/lib/crater-agent-workspace/cargo-home:/opt/rustwide/cargo-home:ro,Z" "-v" "/var/lib/crater-agent-workspace/rustup-home:/opt/rustwide/rustup-home:ro,Z" "-e" "SOURCE_DIR=/opt/rustwide/workdir" "-e" "CARGO_TARGET_DIR=/opt/rustwide/target" "-e" "CARGO_HOME=/opt/rustwide/cargo-home" "-e" "RUSTUP_HOME=/opt/rustwide/rustup-home" "-w" "/opt/rustwide/workdir" "-m" "1610612736" "--user" "0:0" "--network" "none" "rustops/crates-build-env@sha256:a636fd89d022f18117e1dc8fb37a0a009933cdbbe082814857f0e2024962d47c" "/opt/rustwide/cargo-home/bin/cargo" "+beta-2020-07-24" "metadata" "--no-deps" "--format-version=1", kill_on_drop: false }`
[INFO] [stdout] 05168d5d1678c64677b641225f2d1cdf08a57cd2a74f7d82addea9193fcfbb42
[INFO] [stderr] WARNING: Your kernel does not support swap limit capabilities or the cgroup is not mounted. Memory limited without swap.
[INFO] running `Command { std: "docker" "start" "-a" "05168d5d1678c64677b641225f2d1cdf08a57cd2a74f7d82addea9193fcfbb42", kill_on_drop: false }`
[INFO] running `Command { std: "docker" "inspect" "05168d5d1678c64677b641225f2d1cdf08a57cd2a74f7d82addea9193fcfbb42", kill_on_drop: false }`
[INFO] running `Command { std: "docker" "rm" "-f" "05168d5d1678c64677b641225f2d1cdf08a57cd2a74f7d82addea9193fcfbb42", kill_on_drop: false }`
[INFO] [stdout] 05168d5d1678c64677b641225f2d1cdf08a57cd2a74f7d82addea9193fcfbb42
[INFO] running `Command { std: "docker" "create" "-v" "/var/lib/crater-agent-workspace/builds/worker-7/target:/opt/rustwide/target:rw,Z" "-v" "/var/lib/crater-agent-workspace/builds/worker-7/source:/opt/rustwide/workdir:ro,Z" "-v" "/var/lib/crater-agent-workspace/cargo-home:/opt/rustwide/cargo-home:ro,Z" "-v" "/var/lib/crater-agent-workspace/rustup-home:/opt/rustwide/rustup-home:ro,Z" "-e" "SOURCE_DIR=/opt/rustwide/workdir" "-e" "CARGO_TARGET_DIR=/opt/rustwide/target" "-e" "CARGO_INCREMENTAL=0" "-e" "RUST_BACKTRACE=full" "-e" "RUSTFLAGS=--cap-lints=forbid" "-e" "CARGO_HOME=/opt/rustwide/cargo-home" "-e" "RUSTUP_HOME=/opt/rustwide/rustup-home" "-w" "/opt/rustwide/workdir" "-m" "1610612736" "--user" "0:0" "--network" "none" "rustops/crates-build-env@sha256:a636fd89d022f18117e1dc8fb37a0a009933cdbbe082814857f0e2024962d47c" "/opt/rustwide/cargo-home/bin/cargo" "+beta-2020-07-24" "check" "--frozen" "--all" "--all-targets" "--message-format=json", kill_on_drop: false }`
[INFO] [stderr] WARNING: Your kernel does not support swap limit capabilities or the cgroup is not mounted. Memory limited without swap.
[INFO] [stdout] 3f9e3d8b42a02e2d0a4c46d3b10a7fd5f7355a267ce99f7b116c5d33317780cb
[INFO] running `Command { std: "docker" "start" "-a" "3f9e3d8b42a02e2d0a4c46d3b10a7fd5f7355a267ce99f7b116c5d33317780cb", kill_on_drop: false }`
[INFO] [stderr]    Compiling version_check v0.1.5
[INFO] [stderr]    Compiling cfg-if v0.1.6
[INFO] [stderr]    Compiling ucd-util v0.1.2
[INFO] [stderr]    Compiling regex v1.0.5
[INFO] [stderr]    Compiling unicode-width v0.1.5
[INFO] [stderr]    Compiling unicode-xid v0.1.0
[INFO] [stderr]    Compiling quick-error v1.2.2
[INFO] [stderr]    Compiling utf8-ranges v1.0.2
[INFO] [stderr]    Compiling strsim v0.7.0
[INFO] [stderr]    Compiling bitflags v1.0.4
[INFO] [stderr]    Compiling termcolor v1.0.4
[INFO] [stderr]    Compiling vec_map v0.8.1
[INFO] [stderr]    Compiling bindgen v0.43.0
[INFO] [stderr]    Compiling libloading v0.5.0
[INFO] [stderr]    Compiling clang-sys v0.26.1
[INFO] [stderr]    Compiling atty v0.2.11
[INFO] [stderr]    Compiling which v1.0.5
[INFO] [stderr]    Compiling log v0.4.6
[INFO] [stderr]    Compiling humantime v1.1.1
[INFO] [stderr]    Compiling textwrap v0.10.0
[INFO] [stderr]    Compiling proc-macro2 v0.3.5
[INFO] [stderr]    Compiling regex-syntax v0.6.2
[INFO] [stderr]    Compiling clap v2.32.0
[INFO] [stderr]    Compiling memchr v2.1.1
[INFO] [stderr]    Compiling lazy_static v1.1.0
[INFO] [stderr]    Compiling quote v0.5.2
[INFO] [stderr]    Compiling thread_local v0.3.6
[INFO] [stderr]    Compiling aho-corasick v0.6.9
[INFO] [stderr]    Compiling nom v4.1.1
[INFO] [stderr]    Compiling cexpr v0.3.3
[INFO] [stderr]    Compiling env_logger v0.5.13
[INFO] [stderr]    Compiling opus-sys v0.1.0 (/opt/rustwide/workdir)
[INFO] [stderr] The following warnings were emitted during compilation:
[INFO] [stderr] 
[INFO] [stderr] warning: cc: error: /opt/rustwide/workdir/opus/celt/bands.c: No such file or directory
[INFO] [stderr] warning: cc: fatal error: no input files
[INFO] [stderr] warning: compilation terminated.
[INFO] [stderr] 
[INFO] [stderr] error: failed to run custom build command for `opus-sys v0.1.0 (/opt/rustwide/workdir)`
[INFO] [stderr] 
[INFO] [stderr] Caused by:
[INFO] [stderr]   process didn't exit successfully: `/opt/rustwide/target/debug/build/opus-sys-c3d3bac4815c1ad5/build-script-build` (exit code: 101)
[INFO] [stderr]   --- stdout
[INFO] [stderr]   TARGET = Some("x86_64-unknown-linux-gnu")
[INFO] [stderr]   HOST = Some("x86_64-unknown-linux-gnu")
[INFO] [stderr]   CC_x86_64-unknown-linux-gnu = None
[INFO] [stderr]   CC_x86_64_unknown_linux_gnu = None
[INFO] [stderr]   HOST_CC = None
[INFO] [stderr]   CC = None
[INFO] [stderr]   CFLAGS_x86_64-unknown-linux-gnu = None
[INFO] [stderr]   CFLAGS_x86_64_unknown_linux_gnu = None
[INFO] [stderr]   HOST_CFLAGS = None
[INFO] [stderr]   CFLAGS = None
[INFO] [stderr]   DEBUG = Some("true")
[INFO] [stderr]   running: "cc" "-O3" "-ffunction-sections" "-fdata-sections" "-fPIC" "-g" "-fno-omit-frame-pointer" "-m64" "-I" "/opt/rustwide/workdir/opus/include" "-I" "/opt/rustwide/workdir/opus/silk" "-I" "/opt/rustwide/workdir/opus/silk/float" "-I" "/opt/rustwide/workdir/opus/src" "-I" "/opt/rustwide/workdir/opus/celt" "-I" "/opt/rustwide/workdir/opus" "-I" "/opt/rustwide/workdir/opus/silk/x86" "-Wall" "-Wextra" "-msse" "-msse2" "-msse4.1" "-DUSE_ALLOCA=ON" "-DOPUS_BUILD=ON" "-DHAVE_LRINTF=ON" "-o" "/opt/rustwide/target/debug/build/opus-sys-4d64e13a0643a18f/out/bands.o" "-c" "/opt/rustwide/workdir/opus/celt/bands.c"
[INFO] [stderr]   cargo:warning=cc: error: /opt/rustwide/workdir/opus/celt/bands.c: No such file or directory
[INFO] [stderr]   cargo:warning=cc: fatal error: no input files
[INFO] [stderr]   cargo:warning=compilation terminated.
[INFO] [stderr]   exit code: 1
[INFO] [stderr] 
[INFO] [stderr]   --- stderr
[INFO] [stderr]   thread 'main' panicked at '
[INFO] [stderr] 
[INFO] [stderr]   Internal error occurred: Command "cc" "-O3" "-ffunction-sections" "-fdata-sections" "-fPIC" "-g" "-fno-omit-frame-pointer" "-m64" "-I" "/opt/rustwide/workdir/opus/include" "-I" "/opt/rustwide/workdir/opus/silk" "-I" "/opt/rustwide/workdir/opus/silk/float" "-I" "/opt/rustwide/workdir/opus/src" "-I" "/opt/rustwide/workdir/opus/celt" "-I" "/opt/rustwide/workdir/opus" "-I" "/opt/rustwide/workdir/opus/silk/x86" "-Wall" "-Wextra" "-msse" "-msse2" "-msse4.1" "-DUSE_ALLOCA=ON" "-DOPUS_BUILD=ON" "-DHAVE_LRINTF=ON" "-o" "/opt/rustwide/target/debug/build/opus-sys-4d64e13a0643a18f/out/bands.o" "-c" "/opt/rustwide/workdir/opus/celt/bands.c" with args "cc" did not execute successfully (status code exit code: 1).
[INFO] [stderr] 
[INFO] [stderr]   ', /opt/rustwide/cargo-home/registry/src/github.com-1ecc6299db9ec823/cc-1.0.25/src/lib.rs:2260:5
[INFO] [stderr]   stack backtrace:
[INFO] [stderr]      0:     0x55c1cf0636b5 - backtrace::backtrace::libunwind::trace::h5e2646fa3eddf2ea
[INFO] [stderr]                                  at /cargo/registry/src/github.com-1ecc6299db9ec823/backtrace-0.3.46/src/backtrace/libunwind.rs:86
[INFO] [stderr]      1:     0x55c1cf0636b5 - backtrace::backtrace::trace_unsynchronized::hb95dd7f77ce47877
[INFO] [stderr]                                  at /cargo/registry/src/github.com-1ecc6299db9ec823/backtrace-0.3.46/src/backtrace/mod.rs:66
[INFO] [stderr]      2:     0x55c1cf0636b5 - std::sys_common::backtrace::_print_fmt::h5e71b67af43fd70d
[INFO] [stderr]                                  at src/libstd/sys_common/backtrace.rs:78
[INFO] [stderr]      3:     0x55c1cf0636b5 - <std::sys_common::backtrace::_print::DisplayBacktrace as core::fmt::Display>::fmt::hdb4a83d2b61107e5
[INFO] [stderr]                                  at src/libstd/sys_common/backtrace.rs:59
[INFO] [stderr]      4:     0x55c1cf08e77c - core::fmt::write::ha20e7262fa3e8a7a
[INFO] [stderr]                                  at src/libcore/fmt/mod.rs:1076
[INFO] [stderr]      5:     0x55c1cf05f312 - std::io::Write::write_fmt::h1aebfe8a5a79e36d
[INFO] [stderr]                                  at src/libstd/io/mod.rs:1537
[INFO] [stderr]      6:     0x55c1cf065e90 - std::sys_common::backtrace::_print::h9c07314cc66ba539
[INFO] [stderr]                                  at src/libstd/sys_common/backtrace.rs:62
[INFO] [stderr]      7:     0x55c1cf065e90 - std::sys_common::backtrace::print::hd1fd65f49a2d8544
[INFO] [stderr]                                  at src/libstd/sys_common/backtrace.rs:49
[INFO] [stderr]      8:     0x55c1cf065e90 - std::panicking::default_hook::{{closure}}::h222da46485ab36fc
[INFO] [stderr]                                  at src/libstd/panicking.rs:198
[INFO] [stderr]      9:     0x55c1cf065bdc - std::panicking::default_hook::hc5868949d129ed00
[INFO] [stderr]                                  at src/libstd/panicking.rs:217
[INFO] [stderr]     10:     0x55c1cf0664d3 - std::panicking::rust_panic_with_hook::h26a6ab8b0993c0c8
[INFO] [stderr]                                  at src/libstd/panicking.rs:526
[INFO] [stderr]     11:     0x55c1cf0660cb - rust_begin_unwind
[INFO] [stderr]                                  at src/libstd/panicking.rs:437
[INFO] [stderr]     12:     0x55c1cf06603b - std::panicking::begin_panic_fmt::h2ff295231415d4a6
[INFO] [stderr]                                  at src/libstd/panicking.rs:391
[INFO] [stderr]     13:     0x55c1ceb09557 - cc::fail::hf59a78481b441a0b
[INFO] [stderr]                                  at /opt/rustwide/cargo-home/registry/src/github.com-1ecc6299db9ec823/cc-1.0.25/src/lib.rs:2260
[INFO] [stderr]     14:     0x55c1ceaf6d0e - cc::Build::compile::h9e24f9327cd0d04d
[INFO] [stderr]                                  at /opt/rustwide/cargo-home/registry/src/github.com-1ecc6299db9ec823/cc-1.0.25/src/lib.rs:933
[INFO] [stderr]     15:     0x55c1ceaec4b3 - build_script_build::build::h2189582311f926c4
[INFO] [stderr]                                  at /opt/rustwide/workdir/build.rs:226
[INFO] [stderr]     16:     0x55c1ceaec955 - build_script_build::main::hd7bac9f6fb8eb5a8
[INFO] [stderr]                                  at /opt/rustwide/workdir/build.rs:236
[INFO] [stderr]     17:     0x55c1ceaeea4b - std::rt::lang_start::{{closure}}::h442391f449814606
[INFO] [stderr]                                  at /rustc/6f959902b3103c49ca981fbc01871589c3498489/src/libstd/rt.rs:67
[INFO] [stderr]     18:     0x55c1cf0668a3 - std::rt::lang_start_internal::{{closure}}::h84a998219831fa70
[INFO] [stderr]                                  at src/libstd/rt.rs:52
[INFO] [stderr]     19:     0x55c1cf0668a3 - std::panicking::try::do_call::he8e1d689a3e26def
[INFO] [stderr]                                  at src/libstd/panicking.rs:348
[INFO] [stderr]     20:     0x55c1cf0668a3 - std::panicking::try::h264b6eebc2fa7bbf
[INFO] [stderr]                                  at src/libstd/panicking.rs:325
[INFO] [stderr]     21:     0x55c1cf0668a3 - std::panic::catch_unwind::hbf28fafa723b2128
[INFO] [stderr]                                  at src/libstd/panic.rs:394
[INFO] [stderr]     22:     0x55c1cf0668a3 - std::rt::lang_start_internal::he959aa59bc3ec202
[INFO] [stderr]                                  at src/libstd/rt.rs:51
[INFO] [stderr]     23:     0x55c1ceaeea27 - std::rt::lang_start::hb1cc6262b74c5f7c
[INFO] [stderr]                                  at /rustc/6f959902b3103c49ca981fbc01871589c3498489/src/libstd/rt.rs:67
[INFO] [stderr]     24:     0x55c1ceaecbea - main
[INFO] [stderr]     25:     0x7ff0b2ad80b3 - __libc_start_main
[INFO] [stderr]     26:     0x55c1ceaea1ae - _start
[INFO] [stderr]     27:                0x0 - <unknown>
[INFO] running `Command { std: "docker" "inspect" "3f9e3d8b42a02e2d0a4c46d3b10a7fd5f7355a267ce99f7b116c5d33317780cb", kill_on_drop: false }`
[INFO] running `Command { std: "docker" "rm" "-f" "3f9e3d8b42a02e2d0a4c46d3b10a7fd5f7355a267ce99f7b116c5d33317780cb", kill_on_drop: false }`
[INFO] [stdout] 3f9e3d8b42a02e2d0a4c46d3b10a7fd5f7355a267ce99f7b116c5d33317780cb
