[INFO] cloning repository https://github.com/PolyMeilex/dirbkm
[INFO] running `Command { std: "git" "-c" "credential.helper=" "-c" "credential.helper=/workspace/cargo-home/bin/git-credential-null" "clone" "--bare" "https://github.com/PolyMeilex/dirbkm" "/workspace/cache/git-repos/https%3A%2F%2Fgithub.com%2FPolyMeilex%2Fdirbkm", kill_on_drop: false }`
[INFO] [stderr] Cloning into bare repository '/workspace/cache/git-repos/https%3A%2F%2Fgithub.com%2FPolyMeilex%2Fdirbkm'...
[INFO] running `Command { std: "git" "rev-parse" "HEAD", kill_on_drop: false }`
[INFO] [stdout] 1fce6813187374f0325b7bae76ec52c0ad0e4041
[INFO] checking PolyMeilex/dirbkm against beta-2020-07-24 for pr-75494-beta
[INFO] running `Command { std: "git" "clone" "/workspace/cache/git-repos/https%3A%2F%2Fgithub.com%2FPolyMeilex%2Fdirbkm" "/workspace/builds/worker-0/source", kill_on_drop: false }`
[INFO] [stderr] Cloning into '/workspace/builds/worker-0/source'...
[INFO] [stderr] done.
[INFO] validating manifest of git repo https://github.com/PolyMeilex/dirbkm on toolchain beta-2020-07-24
[INFO] running `Command { std: "/workspace/cargo-home/bin/cargo" "+beta-2020-07-24" "read-manifest" "--manifest-path" "Cargo.toml", kill_on_drop: false }`
[INFO] started tweaking git repo https://github.com/PolyMeilex/dirbkm
[INFO] removed path dependency dialoguer from git repo https://github.com/PolyMeilex/dirbkm
[INFO] finished tweaking git repo https://github.com/PolyMeilex/dirbkm
[INFO] tweaked toml for git repo https://github.com/PolyMeilex/dirbkm written to /workspace/builds/worker-0/source/Cargo.toml
[INFO] crate git repo https://github.com/PolyMeilex/dirbkm already has a lockfile, it will not be regenerated
[INFO] running `Command { std: "/workspace/cargo-home/bin/cargo" "+beta-2020-07-24" "fetch" "--locked" "--manifest-path" "Cargo.toml", kill_on_drop: false }`
[INFO] [stderr] warning: dependency (dialoguer) specified without providing a local path, Git repository, or version to use. This will be considered an error in future versions
[INFO] [stderr]     Blocking waiting for file lock on package cache
[INFO] [stderr]     Updating crates.io index
[INFO] [stderr] error: the lock file /workspace/builds/worker-0/source/Cargo.lock needs to be updated but --locked was passed to prevent this
[INFO] [stderr] If you want to try to generate the lock file without accessing the network, use the --offline flag.
[INFO] the lockfile is outdated, regenerating it
[INFO] running `Command { std: "/workspace/cargo-home/bin/cargo" "+beta-2020-07-24" "generate-lockfile" "--manifest-path" "Cargo.toml" "-Zno-index-update", kill_on_drop: false }`
[INFO] running `Command { std: "/workspace/cargo-home/bin/cargo" "+beta-2020-07-24" "fetch" "--locked" "--manifest-path" "Cargo.toml", kill_on_drop: false }`
[INFO] [stderr] warning: dependency (dialoguer) specified without providing a local path, Git repository, or version to use. This will be considered an error in future versions
[INFO] running `Command { std: "docker" "create" "-v" "/var/lib/crater-agent-workspace/builds/worker-0/target:/opt/rustwide/target:rw,Z" "-v" "/var/lib/crater-agent-workspace/builds/worker-0/source:/opt/rustwide/workdir:ro,Z" "-v" "/var/lib/crater-agent-workspace/cargo-home:/opt/rustwide/cargo-home:ro,Z" "-v" "/var/lib/crater-agent-workspace/rustup-home:/opt/rustwide/rustup-home:ro,Z" "-e" "SOURCE_DIR=/opt/rustwide/workdir" "-e" "CARGO_TARGET_DIR=/opt/rustwide/target" "-e" "CARGO_HOME=/opt/rustwide/cargo-home" "-e" "RUSTUP_HOME=/opt/rustwide/rustup-home" "-w" "/opt/rustwide/workdir" "-m" "1610612736" "--user" "0:0" "--network" "none" "rustops/crates-build-env@sha256:a636fd89d022f18117e1dc8fb37a0a009933cdbbe082814857f0e2024962d47c" "/opt/rustwide/cargo-home/bin/cargo" "+beta-2020-07-24" "metadata" "--no-deps" "--format-version=1", kill_on_drop: false }`
[INFO] [stdout] e1782ec788ee2b85bfa228ca1ecb6e8d4691314489af5ac865429bb21bcc6c1f
[INFO] [stderr] WARNING: Your kernel does not support swap limit capabilities or the cgroup is not mounted. Memory limited without swap.
[INFO] running `Command { std: "docker" "start" "-a" "e1782ec788ee2b85bfa228ca1ecb6e8d4691314489af5ac865429bb21bcc6c1f", kill_on_drop: false }`
[INFO] running `Command { std: "docker" "inspect" "e1782ec788ee2b85bfa228ca1ecb6e8d4691314489af5ac865429bb21bcc6c1f", kill_on_drop: false }`
[INFO] running `Command { std: "docker" "rm" "-f" "e1782ec788ee2b85bfa228ca1ecb6e8d4691314489af5ac865429bb21bcc6c1f", kill_on_drop: false }`
[INFO] [stdout] e1782ec788ee2b85bfa228ca1ecb6e8d4691314489af5ac865429bb21bcc6c1f
[INFO] running `Command { std: "docker" "create" "-v" "/var/lib/crater-agent-workspace/builds/worker-0/target:/opt/rustwide/target:rw,Z" "-v" "/var/lib/crater-agent-workspace/builds/worker-0/source:/opt/rustwide/workdir:ro,Z" "-v" "/var/lib/crater-agent-workspace/cargo-home:/opt/rustwide/cargo-home:ro,Z" "-v" "/var/lib/crater-agent-workspace/rustup-home:/opt/rustwide/rustup-home:ro,Z" "-e" "SOURCE_DIR=/opt/rustwide/workdir" "-e" "CARGO_TARGET_DIR=/opt/rustwide/target" "-e" "CARGO_INCREMENTAL=0" "-e" "RUST_BACKTRACE=full" "-e" "RUSTFLAGS=--cap-lints=forbid" "-e" "CARGO_HOME=/opt/rustwide/cargo-home" "-e" "RUSTUP_HOME=/opt/rustwide/rustup-home" "-w" "/opt/rustwide/workdir" "-m" "1610612736" "--user" "0:0" "--network" "none" "rustops/crates-build-env@sha256:a636fd89d022f18117e1dc8fb37a0a009933cdbbe082814857f0e2024962d47c" "/opt/rustwide/cargo-home/bin/cargo" "+beta-2020-07-24" "check" "--frozen" "--all" "--all-targets" "--message-format=json", kill_on_drop: false }`
[INFO] [stderr] WARNING: Your kernel does not support swap limit capabilities or the cgroup is not mounted. Memory limited without swap.
[INFO] [stdout] 5950a2a8d07f9cadb4624746af688c81589d5d22c62794cec9ae674396d70280
[INFO] running `Command { std: "docker" "start" "-a" "5950a2a8d07f9cadb4624746af688c81589d5d22c62794cec9ae674396d70280", kill_on_drop: false }`
[INFO] [stderr] warning: dependency (dialoguer) specified without providing a local path, Git repository, or version to use. This will be considered an error in future versions
[INFO] [stderr]    Compiling proc-macro2 v1.0.19
[INFO] [stderr]     Checking ppv-lite86 v0.2.9
[INFO] [stderr]    Compiling unicode-xid v0.2.1
[INFO] [stderr]    Compiling syn v1.0.39
[INFO] [stderr]     Checking regex-syntax v0.6.18
[INFO] [stderr]     Checking unicode-width v0.1.8
[INFO] [stderr]     Checking remove_dir_all v0.5.3
[INFO] [stderr]     Checking lazy_static v1.4.0
[INFO] [stderr]    Compiling libc v0.2.76
[INFO] [stderr]     Checking getrandom v0.1.14
[INFO] [stderr]     Checking terminal_size v0.1.13
[INFO] [stderr]     Checking termios v0.3.2
[INFO] [stderr]     Checking rand_core v0.5.1
[INFO] [stderr]    Compiling quote v1.0.7
[INFO] [stderr]     Checking rand_chacha v0.2.2
[INFO] [stderr]     Checking rand v0.7.3
[INFO] [stderr]     Checking regex v1.3.9
[INFO] [stderr]     Checking tempfile v3.1.0
[INFO] [stderr]     Checking console v0.11.3
[INFO] [stderr]     Checking dialoguer v0.6.2
[INFO] [stderr]    Compiling serde_derive v1.0.115
[INFO] [stderr]     Checking dirbkm v0.1.0 (/opt/rustwide/workdir)
[INFO] [stdout] error[E0432]: unresolved import `dialoguer::select`
[INFO] [stdout]  --> src/select.rs:1:17
[INFO] [stdout]   |
[INFO] [stdout] 1 | use dialoguer::{select, theme::ColorfulTheme};
[INFO] [stdout]   |                 ^^^^^^
[INFO] [stdout]   |                 |
[INFO] [stdout]   |                 no `select` in the root
[INFO] [stdout]   |                 help: a similar name exists in the module (notice the capitalization): `Select`
[INFO] [stdout] 
[INFO] [stdout] 
[INFO] [stdout] error[E0432]: unresolved import `dialoguer::select`
[INFO] [stdout]  --> src/select.rs:1:17
[INFO] [stdout]   |
[INFO] [stdout] 1 | use dialoguer::{select, theme::ColorfulTheme};
[INFO] [stdout]   |                 ^^^^^^
[INFO] [stdout]   |                 |
[INFO] [stdout]   |                 no `select` in the root
[INFO] [stdout]   |                 help: a similar name exists in the module (notice the capitalization): `Select`
[INFO] [stdout] 
[INFO] [stdout] 
[INFO] [stdout] error[E0433]: failed to resolve: could not find `Confirmation` in `prompts`
[INFO] [stdout]   --> src/main.rs:21:40
[INFO] [stdout]    |
[INFO] [stdout] 21 |                 if dialoguer::prompts::Confirmation::new()
[INFO] [stdout]    |                                        ^^^^^^^^^^^^ could not find `Confirmation` in `prompts`
[INFO] [stdout] 
[INFO] [stdout] 
[INFO] [stdout] error[E0603]: module `prompts` is private
[INFO] [stdout]   --> src/main.rs:21:31
[INFO] [stdout]    |
[INFO] [stdout] 21 |                 if dialoguer::prompts::Confirmation::new()
[INFO] [stdout]    |                               ^^^^^^^ private module
[INFO] [stdout]    |
[INFO] [stdout] note: the module `prompts` is defined here
[INFO] [stdout]   --> /opt/rustwide/cargo-home/registry/src/github.com-1ecc6299db9ec823/dialoguer-0.6.2/src/lib.rs:27:1
[INFO] [stdout]    |
[INFO] [stdout] 27 | mod prompts;
[INFO] [stdout]    | ^^^^^^^^^^^^
[INFO] [stdout] 
[INFO] [stdout] 
[INFO] [stdout] error[E0433]: failed to resolve: could not find `Confirmation` in `prompts`
[INFO] [stdout]   --> src/main.rs:21:40
[INFO] [stdout]    |
[INFO] [stdout] 21 |                 if dialoguer::prompts::Confirmation::new()
[INFO] [stdout]    |                                        ^^^^^^^^^^^^ could not find `Confirmation` in `prompts`
[INFO] [stdout] 
[INFO] [stdout] 
[INFO] [stdout] error[E0603]: module `prompts` is private
[INFO] [stdout]   --> src/main.rs:21:31
[INFO] [stdout]    |
[INFO] [stdout] 21 |                 if dialoguer::prompts::Confirmation::new()
[INFO] [stdout]    |                               ^^^^^^^ private module
[INFO] [stdout]    |
[INFO] [stdout] note: the module `prompts` is defined here
[INFO] [stdout]   --> /opt/rustwide/cargo-home/registry/src/github.com-1ecc6299db9ec823/dialoguer-0.6.2/src/lib.rs:27:1
[INFO] [stdout]    |
[INFO] [stdout] 27 | mod prompts;
[INFO] [stdout]    | ^^^^^^^^^^^^
[INFO] [stdout] 
[INFO] [stdout] 
[INFO] [stdout] error: aborting due to 3 previous errors
[INFO] [stdout] 
[INFO] [stdout] 
[INFO] [stdout] Some errors have detailed explanations: E0432, E0433, E0603.
[INFO] [stdout] 
[INFO] [stdout] For more information about an error, try `rustc --explain E0432`.
[INFO] [stdout] 
[INFO] [stderr] error: could not compile `dirbkm`.
[INFO] [stderr] 
[INFO] [stderr] To learn more, run the command again with --verbose.
[INFO] [stderr] warning: build failed, waiting for other jobs to finish...
[INFO] [stdout] error: aborting due to 3 previous errors
[INFO] [stdout] 
[INFO] [stdout] 
[INFO] [stdout] Some errors have detailed explanations: E0432, E0433, E0603.
[INFO] [stdout] 
[INFO] [stdout] For more information about an error, try `rustc --explain E0432`.
[INFO] [stdout] 
[INFO] [stderr] error: build failed
[INFO] running `Command { std: "docker" "inspect" "5950a2a8d07f9cadb4624746af688c81589d5d22c62794cec9ae674396d70280", kill_on_drop: false }`
[INFO] running `Command { std: "docker" "rm" "-f" "5950a2a8d07f9cadb4624746af688c81589d5d22c62794cec9ae674396d70280", kill_on_drop: false }`
[INFO] [stdout] 5950a2a8d07f9cadb4624746af688c81589d5d22c62794cec9ae674396d70280
