[INFO] cloning repository https://github.com/Phantomical/httpencode
[INFO] running `Command { std: "git" "-c" "credential.helper=" "-c" "credential.helper=/workspace/cargo-home/bin/git-credential-null" "clone" "--bare" "https://github.com/Phantomical/httpencode" "/workspace/cache/git-repos/https%3A%2F%2Fgithub.com%2FPhantomical%2Fhttpencode", kill_on_drop: false }`
[INFO] [stderr] Cloning into bare repository '/workspace/cache/git-repos/https%3A%2F%2Fgithub.com%2FPhantomical%2Fhttpencode'...
[INFO] running `Command { std: "git" "rev-parse" "HEAD", kill_on_drop: false }`
[INFO] [stdout] 1632aae5c82ac0b35f4b16afe82e53b3e558d766
[INFO] checking Phantomical/httpencode against beta-2020-07-24 for pr-75494-beta
[INFO] running `Command { std: "git" "clone" "/workspace/cache/git-repos/https%3A%2F%2Fgithub.com%2FPhantomical%2Fhttpencode" "/workspace/builds/worker-3/source", kill_on_drop: false }`
[INFO] [stderr] Cloning into '/workspace/builds/worker-3/source'...
[INFO] [stderr] done.
[INFO] validating manifest of git repo https://github.com/Phantomical/httpencode on toolchain beta-2020-07-24
[INFO] running `Command { std: "/workspace/cargo-home/bin/cargo" "+beta-2020-07-24" "read-manifest" "--manifest-path" "Cargo.toml", kill_on_drop: false }`
[INFO] started tweaking git repo https://github.com/Phantomical/httpencode
[INFO] finished tweaking git repo https://github.com/Phantomical/httpencode
[INFO] tweaked toml for git repo https://github.com/Phantomical/httpencode written to /workspace/builds/worker-3/source/Cargo.toml
[INFO] crate git repo https://github.com/Phantomical/httpencode already has a lockfile, it will not be regenerated
[INFO] running `Command { std: "/workspace/cargo-home/bin/cargo" "+beta-2020-07-24" "fetch" "--locked" "--manifest-path" "Cargo.toml", kill_on_drop: false }`
[INFO] running `Command { std: "docker" "create" "-v" "/var/lib/crater-agent-workspace/builds/worker-3/target:/opt/rustwide/target:rw,Z" "-v" "/var/lib/crater-agent-workspace/builds/worker-3/source:/opt/rustwide/workdir:ro,Z" "-v" "/var/lib/crater-agent-workspace/cargo-home:/opt/rustwide/cargo-home:ro,Z" "-v" "/var/lib/crater-agent-workspace/rustup-home:/opt/rustwide/rustup-home:ro,Z" "-e" "SOURCE_DIR=/opt/rustwide/workdir" "-e" "CARGO_TARGET_DIR=/opt/rustwide/target" "-e" "CARGO_HOME=/opt/rustwide/cargo-home" "-e" "RUSTUP_HOME=/opt/rustwide/rustup-home" "-w" "/opt/rustwide/workdir" "-m" "1610612736" "--user" "0:0" "--network" "none" "rustops/crates-build-env@sha256:a636fd89d022f18117e1dc8fb37a0a009933cdbbe082814857f0e2024962d47c" "/opt/rustwide/cargo-home/bin/cargo" "+beta-2020-07-24" "metadata" "--no-deps" "--format-version=1", kill_on_drop: false }`
[INFO] [stderr] WARNING: Your kernel does not support swap limit capabilities or the cgroup is not mounted. Memory limited without swap.
[INFO] [stdout] 9d09ae626532aafca0b59c8fd9320289c076c3647b9be68ef8305dce3769e1ed
[INFO] running `Command { std: "docker" "start" "-a" "9d09ae626532aafca0b59c8fd9320289c076c3647b9be68ef8305dce3769e1ed", kill_on_drop: false }`
[INFO] running `Command { std: "docker" "inspect" "9d09ae626532aafca0b59c8fd9320289c076c3647b9be68ef8305dce3769e1ed", kill_on_drop: false }`
[INFO] running `Command { std: "docker" "rm" "-f" "9d09ae626532aafca0b59c8fd9320289c076c3647b9be68ef8305dce3769e1ed", kill_on_drop: false }`
[INFO] [stdout] 9d09ae626532aafca0b59c8fd9320289c076c3647b9be68ef8305dce3769e1ed
[INFO] running `Command { std: "docker" "create" "-v" "/var/lib/crater-agent-workspace/builds/worker-3/target:/opt/rustwide/target:rw,Z" "-v" "/var/lib/crater-agent-workspace/builds/worker-3/source:/opt/rustwide/workdir:ro,Z" "-v" "/var/lib/crater-agent-workspace/cargo-home:/opt/rustwide/cargo-home:ro,Z" "-v" "/var/lib/crater-agent-workspace/rustup-home:/opt/rustwide/rustup-home:ro,Z" "-e" "SOURCE_DIR=/opt/rustwide/workdir" "-e" "CARGO_TARGET_DIR=/opt/rustwide/target" "-e" "CARGO_INCREMENTAL=0" "-e" "RUST_BACKTRACE=full" "-e" "RUSTFLAGS=--cap-lints=forbid" "-e" "CARGO_HOME=/opt/rustwide/cargo-home" "-e" "RUSTUP_HOME=/opt/rustwide/rustup-home" "-w" "/opt/rustwide/workdir" "-m" "1610612736" "--user" "0:0" "--network" "none" "rustops/crates-build-env@sha256:a636fd89d022f18117e1dc8fb37a0a009933cdbbe082814857f0e2024962d47c" "/opt/rustwide/cargo-home/bin/cargo" "+beta-2020-07-24" "check" "--frozen" "--all" "--all-targets" "--message-format=json", kill_on_drop: false }`
[INFO] [stdout] 93a009a75ec561070e1ae1f6c6b373bd0eab709402f0684dfe88832513e46c9a
[INFO] [stderr] WARNING: Your kernel does not support swap limit capabilities or the cgroup is not mounted. Memory limited without swap.
[INFO] running `Command { std: "docker" "start" "-a" "93a009a75ec561070e1ae1f6c6b373bd0eab709402f0684dfe88832513e46c9a", kill_on_drop: false }`
[INFO] [stderr]    Compiling memchr v2.3.3
[INFO] [stderr]    Compiling autocfg v1.0.0
[INFO] [stderr]     Checking bytes v0.5.6
[INFO] [stderr]    Compiling httpencode v0.1.0 (/opt/rustwide/workdir)
[INFO] [stdout] error[E0554]: `#![feature]` may not be used on the beta release channel
[INFO] [stdout]  --> benches/benches.rs:1:1
[INFO] [stdout]   |
[INFO] [stdout] 1 | #![feature(test)]
[INFO] [stdout]   | ^^^^^^^^^^^^^^^^^
[INFO] [stdout] 
[INFO] [stdout] 
[INFO] [stdout] error: aborting due to previous error
[INFO] [stdout] 
[INFO] [stdout] 
[INFO] [stdout] For more information about this error, try `rustc --explain E0554`.
[INFO] [stdout] 
[INFO] [stderr] error: could not compile `httpencode`.
[INFO] [stderr] 
[INFO] [stderr] To learn more, run the command again with --verbose.
[INFO] [stderr] warning: build failed, waiting for other jobs to finish...
[INFO] [stdout] error[E0277]: arrays only have std trait implementations for lengths 0..=32
[INFO] [stdout]    --> tests/encode-test.rs:122:3
[INFO] [stdout]     |
[INFO] [stdout] 122 | /   assert_eq!(
[INFO] [stdout] 123 | |     output,
[INFO] [stdout] 124 | |     b"\
[INFO] [stdout] 125 | |     GET /wp-content/uploads/2010/03/hello-kitty-darth-vader-pink.jpg HTTP/1.1\r\n\
[INFO] [stdout] ...   |
[INFO] [stdout] 135 | |     \r\n"
[INFO] [stdout] 136 | |   );
[INFO] [stdout]     | |____^ the trait `std::array::LengthAtMost32` is not implemented for `[u8; 720]`
[INFO] [stdout]     |
[INFO] [stdout]     = note: required because of the requirements on the impl of `std::cmp::PartialEq<&[u8; 720]>` for `std::vec::Vec<u8>`
[INFO] [stdout]     = note: this error originates in a macro (in Nightly builds, run with -Z macro-backtrace for more info)
[INFO] [stdout] 
[INFO] [stdout] 
[INFO] [stdout] error[E0277]: arrays only have std trait implementations for lengths 0..=32
[INFO] [stdout]    --> tests/encode-test.rs:122:3
[INFO] [stdout]     |
[INFO] [stdout] 122 | /   assert_eq!(
[INFO] [stdout] 123 | |     output,
[INFO] [stdout] 124 | |     b"\
[INFO] [stdout] 125 | |     GET /wp-content/uploads/2010/03/hello-kitty-darth-vader-pink.jpg HTTP/1.1\r\n\
[INFO] [stdout] ...   |
[INFO] [stdout] 135 | |     \r\n"
[INFO] [stdout] 136 | |   );
[INFO] [stdout]     | |____^ the trait `std::array::LengthAtMost32` is not implemented for `[u8; 720]`
[INFO] [stdout]     |
[INFO] [stdout]     = note: required because of the requirements on the impl of `std::fmt::Debug` for `[u8; 720]`
[INFO] [stdout]     = note: required because of the requirements on the impl of `std::fmt::Debug` for `&[u8; 720]`
[INFO] [stdout]     = note: required because of the requirements on the impl of `std::fmt::Debug` for `&&[u8; 720]`
[INFO] [stdout]     = note: required by `std::fmt::Debug::fmt`
[INFO] [stdout]     = note: this error originates in a macro (in Nightly builds, run with -Z macro-backtrace for more info)
[INFO] [stdout] 
[INFO] [stdout] 
[INFO] [stdout] error: aborting due to 2 previous errors
[INFO] [stdout] 
[INFO] [stdout] 
[INFO] [stdout] For more information about this error, try `rustc --explain E0277`.
[INFO] [stdout] 
[INFO] [stderr] error: build failed
[INFO] running `Command { std: "docker" "inspect" "93a009a75ec561070e1ae1f6c6b373bd0eab709402f0684dfe88832513e46c9a", kill_on_drop: false }`
[INFO] running `Command { std: "docker" "rm" "-f" "93a009a75ec561070e1ae1f6c6b373bd0eab709402f0684dfe88832513e46c9a", kill_on_drop: false }`
[INFO] [stdout] 93a009a75ec561070e1ae1f6c6b373bd0eab709402f0684dfe88832513e46c9a
