[INFO] cloning repository https://github.com/Pawel82S/tetris-rs
[INFO] running `Command { std: "git" "-c" "credential.helper=" "-c" "credential.helper=/workspace/cargo-home/bin/git-credential-null" "clone" "--bare" "https://github.com/Pawel82S/tetris-rs" "/workspace/cache/git-repos/https%3A%2F%2Fgithub.com%2FPawel82S%2Ftetris-rs", kill_on_drop: false }`
[INFO] [stderr] Cloning into bare repository '/workspace/cache/git-repos/https%3A%2F%2Fgithub.com%2FPawel82S%2Ftetris-rs'...
[INFO] running `Command { std: "git" "rev-parse" "HEAD", kill_on_drop: false }`
[INFO] [stdout] 9d1ee9143f1c5325d09c501f0f68cce7bc9070d0
[INFO] checking Pawel82S/tetris-rs against beta-2020-07-24 for pr-75494-beta
[INFO] running `Command { std: "git" "clone" "/workspace/cache/git-repos/https%3A%2F%2Fgithub.com%2FPawel82S%2Ftetris-rs" "/workspace/builds/worker-8/source", kill_on_drop: false }`
[INFO] [stderr] Cloning into '/workspace/builds/worker-8/source'...
[INFO] [stderr] done.
[INFO] validating manifest of git repo https://github.com/Pawel82S/tetris-rs on toolchain beta-2020-07-24
[INFO] running `Command { std: "/workspace/cargo-home/bin/cargo" "+beta-2020-07-24" "read-manifest" "--manifest-path" "Cargo.toml", kill_on_drop: false }`
[INFO] started tweaking git repo https://github.com/Pawel82S/tetris-rs
[INFO] finished tweaking git repo https://github.com/Pawel82S/tetris-rs
[INFO] tweaked toml for git repo https://github.com/Pawel82S/tetris-rs written to /workspace/builds/worker-8/source/Cargo.toml
[INFO] running `Command { std: "/workspace/cargo-home/bin/cargo" "+beta-2020-07-24" "generate-lockfile" "--manifest-path" "Cargo.toml" "-Zno-index-update", kill_on_drop: false }`
[INFO] running `Command { std: "/workspace/cargo-home/bin/cargo" "+beta-2020-07-24" "fetch" "--locked" "--manifest-path" "Cargo.toml", kill_on_drop: false }`
[INFO] [stderr] warning: unused manifest key: dependencies.glfw.feature
[INFO] [stderr]     Blocking waiting for file lock on package cache
[INFO] [stderr]     Blocking waiting for file lock on package cache
[INFO] running `Command { std: "docker" "create" "-v" "/var/lib/crater-agent-workspace/builds/worker-8/target:/opt/rustwide/target:rw,Z" "-v" "/var/lib/crater-agent-workspace/builds/worker-8/source:/opt/rustwide/workdir:ro,Z" "-v" "/var/lib/crater-agent-workspace/cargo-home:/opt/rustwide/cargo-home:ro,Z" "-v" "/var/lib/crater-agent-workspace/rustup-home:/opt/rustwide/rustup-home:ro,Z" "-e" "SOURCE_DIR=/opt/rustwide/workdir" "-e" "CARGO_TARGET_DIR=/opt/rustwide/target" "-e" "CARGO_HOME=/opt/rustwide/cargo-home" "-e" "RUSTUP_HOME=/opt/rustwide/rustup-home" "-w" "/opt/rustwide/workdir" "-m" "1610612736" "--user" "0:0" "--network" "none" "rustops/crates-build-env@sha256:a636fd89d022f18117e1dc8fb37a0a009933cdbbe082814857f0e2024962d47c" "/opt/rustwide/cargo-home/bin/cargo" "+beta-2020-07-24" "metadata" "--no-deps" "--format-version=1", kill_on_drop: false }`
[INFO] [stdout] 2f15f1f6c253787d5454afab51f917c71104b3b24348ce3344959cea19c79441
[INFO] [stderr] WARNING: Your kernel does not support swap limit capabilities or the cgroup is not mounted. Memory limited without swap.
[INFO] running `Command { std: "docker" "start" "-a" "2f15f1f6c253787d5454afab51f917c71104b3b24348ce3344959cea19c79441", kill_on_drop: false }`
[INFO] running `Command { std: "docker" "inspect" "2f15f1f6c253787d5454afab51f917c71104b3b24348ce3344959cea19c79441", kill_on_drop: false }`
[INFO] running `Command { std: "docker" "rm" "-f" "2f15f1f6c253787d5454afab51f917c71104b3b24348ce3344959cea19c79441", kill_on_drop: false }`
[INFO] [stdout] 2f15f1f6c253787d5454afab51f917c71104b3b24348ce3344959cea19c79441
[INFO] running `Command { std: "docker" "create" "-v" "/var/lib/crater-agent-workspace/builds/worker-8/target:/opt/rustwide/target:rw,Z" "-v" "/var/lib/crater-agent-workspace/builds/worker-8/source:/opt/rustwide/workdir:ro,Z" "-v" "/var/lib/crater-agent-workspace/cargo-home:/opt/rustwide/cargo-home:ro,Z" "-v" "/var/lib/crater-agent-workspace/rustup-home:/opt/rustwide/rustup-home:ro,Z" "-e" "SOURCE_DIR=/opt/rustwide/workdir" "-e" "CARGO_TARGET_DIR=/opt/rustwide/target" "-e" "CARGO_INCREMENTAL=0" "-e" "RUST_BACKTRACE=full" "-e" "RUSTFLAGS=--cap-lints=forbid" "-e" "CARGO_HOME=/opt/rustwide/cargo-home" "-e" "RUSTUP_HOME=/opt/rustwide/rustup-home" "-w" "/opt/rustwide/workdir" "-m" "1610612736" "--user" "0:0" "--network" "none" "rustops/crates-build-env@sha256:a636fd89d022f18117e1dc8fb37a0a009933cdbbe082814857f0e2024962d47c" "/opt/rustwide/cargo-home/bin/cargo" "+beta-2020-07-24" "check" "--frozen" "--all" "--all-targets" "--message-format=json", kill_on_drop: false }`
[INFO] [stdout] cce2b6a243f5571067927c300a125abd4414370346b32a3772f9ed2c3f7d2619
[INFO] [stderr] WARNING: Your kernel does not support swap limit capabilities or the cgroup is not mounted. Memory limited without swap.
[INFO] running `Command { std: "docker" "start" "-a" "cce2b6a243f5571067927c300a125abd4414370346b32a3772f9ed2c3f7d2619", kill_on_drop: false }`
[INFO] [stderr] warning: unused manifest key: dependencies.glfw.feature
[INFO] [stderr]    Compiling rayon-core v1.7.1
[INFO] [stderr]    Compiling xml-rs v0.8.3
[INFO] [stderr]    Compiling crc32fast v1.2.0
[INFO] [stderr]     Checking lzw v0.10.0
[INFO] [stderr]     Checking either v1.6.0
[INFO] [stderr]     Checking color_quant v1.0.1
[INFO] [stderr]     Checking bytemuck v1.3.1
[INFO] [stderr]     Checking scoped_threadpool v0.1.9
[INFO] [stderr]    Compiling cmake v0.1.44
[INFO] [stderr]    Compiling num-traits v0.2.12
[INFO] [stderr]    Compiling num-integer v0.1.43
[INFO] [stderr]    Compiling rayon v1.3.1
[INFO] [stderr]    Compiling num-iter v0.1.41
[INFO] [stderr]    Compiling num-rational v0.3.0
[INFO] [stderr]     Checking miniz_oxide v0.3.7
[INFO] [stderr]     Checking semver v0.9.0
[INFO] [stderr]    Compiling log v0.4.11
[INFO] [stderr]     Checking num_cpus v1.13.0
[INFO] [stderr]     Checking raw-window-handle v0.3.3
[INFO] [stderr]     Checking deflate v0.8.6
[INFO] [stderr]     Checking gif v0.10.3
[INFO] [stderr]    Compiling glfw-sys v3.3.2
[INFO] [stderr]    Compiling gl_generator v0.14.0
[INFO] [stderr]     Checking tiff v0.5.0
[INFO] [stderr]     Checking png v0.16.7
[INFO] [stderr]    Compiling gl v0.14.0
[INFO] [stderr]     Checking glfw v0.37.0
[INFO] [stderr]     Checking jpeg-decoder v0.1.20
[INFO] [stderr]     Checking image v0.23.8
[INFO] [stderr]     Checking tetris v0.0.1 (/opt/rustwide/workdir)
[INFO] [stdout] error[E0308]: mismatched types
[INFO] [stdout]   --> src/main.rs:62:27
[INFO] [stdout]    |
[INFO] [stdout] 62 |         gl::GenBuffers(1, &vbo);
[INFO] [stdout]    |                           ^^^^ types differ in mutability
[INFO] [stdout]    |
[INFO] [stdout]    = note: expected raw pointer `*mut u32`
[INFO] [stdout]                 found reference `&{integer}`
[INFO] [stdout] 
[INFO] [stdout] 
[INFO] [stdout] error[E0308]: mismatched types
[INFO] [stdout]   --> src/main.rs:64:42
[INFO] [stdout]    |
[INFO] [stdout] 64 |         gl::BufferData(gl::ARRAY_BUFFER, vertices.len(), vertices, gl::STATIC_DRAW);
[INFO] [stdout]    |                                          ^^^^^^^^^^^^^^ expected `isize`, found `usize`
[INFO] [stdout]    |
[INFO] [stdout] help: you can convert an `usize` to `isize` and panic if the converted value wouldn't fit
[INFO] [stdout]    |
[INFO] [stdout] 64 |         gl::BufferData(gl::ARRAY_BUFFER, vertices.len().try_into().unwrap(), vertices, gl::STATIC_DRAW);
[INFO] [stdout]    |                                          ^^^^^^^^^^^^^^^^^^^^^^^^^^^^^^^^^^
[INFO] [stdout] 
[INFO] [stdout] 
[INFO] [stdout] error[E0308]: mismatched types
[INFO] [stdout]   --> src/main.rs:62:27
[INFO] [stdout]    |
[INFO] [stdout] 62 |         gl::GenBuffers(1, &vbo);
[INFO] [stdout]    |                           ^^^^ types differ in mutability
[INFO] [stdout]    |
[INFO] [stdout]    = note: expected raw pointer `*mut u32`
[INFO] [stdout]                 found reference `&{integer}`
[INFO] [stdout] 
[INFO] [stdout] 
[INFO] [stdout] error[E0308]: mismatched types
[INFO] [stdout]   --> src/main.rs:64:42
[INFO] [stdout]    |
[INFO] [stdout] 64 |         gl::BufferData(gl::ARRAY_BUFFER, vertices.len(), vertices, gl::STATIC_DRAW);
[INFO] [stdout]    |                                          ^^^^^^^^^^^^^^ expected `isize`, found `usize`
[INFO] [stdout]    |
[INFO] [stdout] help: you can convert an `usize` to `isize` and panic if the converted value wouldn't fit
[INFO] [stdout]    |
[INFO] [stdout] 64 |         gl::BufferData(gl::ARRAY_BUFFER, vertices.len().try_into().unwrap(), vertices, gl::STATIC_DRAW);
[INFO] [stdout]    |                                          ^^^^^^^^^^^^^^^^^^^^^^^^^^^^^^^^^^
[INFO] [stdout] 
[INFO] [stdout] 
[INFO] [stdout] error[E0308]: mismatched types
[INFO] [stdout]   --> src/main.rs:64:58
[INFO] [stdout]    |
[INFO] [stdout] 64 |         gl::BufferData(gl::ARRAY_BUFFER, vertices.len(), vertices, gl::STATIC_DRAW);
[INFO] [stdout]    |                                                          ^^^^^^^^ expected *-ptr, found array `[f32; 9]`
[INFO] [stdout]    |
[INFO] [stdout]    = note: expected raw pointer `*const std::ffi::c_void`
[INFO] [stdout]                     found array `[f32; 9]`
[INFO] [stdout] 
[INFO] [stdout] 
[INFO] [stdout] error: aborting due to 3 previous errors
[INFO] [stdout] 
[INFO] [stdout] 
[INFO] [stdout] For more information about this error, try `rustc --explain E0308`.
[INFO] [stdout] 
[INFO] [stderr] error: could not compile `tetris`.
[INFO] [stderr] 
[INFO] [stderr] To learn more, run the command again with --verbose.
[INFO] [stderr] warning: build failed, waiting for other jobs to finish...
[INFO] [stdout] error[E0308]: mismatched types
[INFO] [stdout]   --> src/main.rs:64:58
[INFO] [stdout]    |
[INFO] [stdout] 64 |         gl::BufferData(gl::ARRAY_BUFFER, vertices.len(), vertices, gl::STATIC_DRAW);
[INFO] [stdout]    |                                                          ^^^^^^^^ expected *-ptr, found array `[f32; 9]`
[INFO] [stdout]    |
[INFO] [stdout]    = note: expected raw pointer `*const std::ffi::c_void`
[INFO] [stdout]                     found array `[f32; 9]`
[INFO] [stdout] 
[INFO] [stdout] 
[INFO] [stdout] error: aborting due to 3 previous errors
[INFO] [stdout] 
[INFO] [stdout] 
[INFO] [stdout] For more information about this error, try `rustc --explain E0308`.
[INFO] [stdout] 
[INFO] [stderr] error: build failed
[INFO] running `Command { std: "docker" "inspect" "cce2b6a243f5571067927c300a125abd4414370346b32a3772f9ed2c3f7d2619", kill_on_drop: false }`
[INFO] running `Command { std: "docker" "rm" "-f" "cce2b6a243f5571067927c300a125abd4414370346b32a3772f9ed2c3f7d2619", kill_on_drop: false }`
[INFO] [stdout] cce2b6a243f5571067927c300a125abd4414370346b32a3772f9ed2c3f7d2619
