[INFO] cloning repository https://github.com/Myrannas/lightweight-v8-runtime
[INFO] running `Command { std: "git" "-c" "credential.helper=" "-c" "credential.helper=/workspace/cargo-home/bin/git-credential-null" "clone" "--bare" "https://github.com/Myrannas/lightweight-v8-runtime" "/workspace/cache/git-repos/https%3A%2F%2Fgithub.com%2FMyrannas%2Flightweight-v8-runtime", kill_on_drop: false }`
[INFO] [stderr] Cloning into bare repository '/workspace/cache/git-repos/https%3A%2F%2Fgithub.com%2FMyrannas%2Flightweight-v8-runtime'...
[INFO] running `Command { std: "git" "rev-parse" "HEAD", kill_on_drop: false }`
[INFO] [stdout] d1dd66bde506e6fa2bc959b0179bdbde3f8448e1
[INFO] checking Myrannas/lightweight-v8-runtime against beta-2020-07-24 for pr-75494-beta
[INFO] running `Command { std: "git" "clone" "/workspace/cache/git-repos/https%3A%2F%2Fgithub.com%2FMyrannas%2Flightweight-v8-runtime" "/workspace/builds/worker-7/source", kill_on_drop: false }`
[INFO] [stderr] Cloning into '/workspace/builds/worker-7/source'...
[INFO] [stderr] done.
[INFO] validating manifest of git repo https://github.com/Myrannas/lightweight-v8-runtime on toolchain beta-2020-07-24
[INFO] running `Command { std: "/workspace/cargo-home/bin/cargo" "+beta-2020-07-24" "read-manifest" "--manifest-path" "Cargo.toml", kill_on_drop: false }`
[INFO] started tweaking git repo https://github.com/Myrannas/lightweight-v8-runtime
[INFO] removed path dependency rusty_v8 from git repo https://github.com/Myrannas/lightweight-v8-runtime
[INFO] finished tweaking git repo https://github.com/Myrannas/lightweight-v8-runtime
[INFO] tweaked toml for git repo https://github.com/Myrannas/lightweight-v8-runtime written to /workspace/builds/worker-7/source/Cargo.toml
[INFO] crate git repo https://github.com/Myrannas/lightweight-v8-runtime already has a lockfile, it will not be regenerated
[INFO] running `Command { std: "/workspace/cargo-home/bin/cargo" "+beta-2020-07-24" "fetch" "--locked" "--manifest-path" "Cargo.toml", kill_on_drop: false }`
[INFO] [stderr] warning: dependency (rusty_v8) specified without providing a local path, Git repository, or version to use. This will be considered an error in future versions
[INFO] [stderr]     Updating crates.io index
[INFO] [stderr] error: the lock file /workspace/builds/worker-7/source/Cargo.lock needs to be updated but --locked was passed to prevent this
[INFO] [stderr] If you want to try to generate the lock file without accessing the network, use the --offline flag.
[INFO] the lockfile is outdated, regenerating it
[INFO] running `Command { std: "/workspace/cargo-home/bin/cargo" "+beta-2020-07-24" "generate-lockfile" "--manifest-path" "Cargo.toml" "-Zno-index-update", kill_on_drop: false }`
[INFO] running `Command { std: "/workspace/cargo-home/bin/cargo" "+beta-2020-07-24" "fetch" "--locked" "--manifest-path" "Cargo.toml", kill_on_drop: false }`
[INFO] [stderr] warning: dependency (rusty_v8) specified without providing a local path, Git repository, or version to use. This will be considered an error in future versions
[INFO] running `Command { std: "docker" "create" "-v" "/var/lib/crater-agent-workspace/builds/worker-7/target:/opt/rustwide/target:rw,Z" "-v" "/var/lib/crater-agent-workspace/builds/worker-7/source:/opt/rustwide/workdir:ro,Z" "-v" "/var/lib/crater-agent-workspace/cargo-home:/opt/rustwide/cargo-home:ro,Z" "-v" "/var/lib/crater-agent-workspace/rustup-home:/opt/rustwide/rustup-home:ro,Z" "-e" "SOURCE_DIR=/opt/rustwide/workdir" "-e" "CARGO_TARGET_DIR=/opt/rustwide/target" "-e" "CARGO_HOME=/opt/rustwide/cargo-home" "-e" "RUSTUP_HOME=/opt/rustwide/rustup-home" "-w" "/opt/rustwide/workdir" "-m" "1610612736" "--user" "0:0" "--network" "none" "rustops/crates-build-env@sha256:a636fd89d022f18117e1dc8fb37a0a009933cdbbe082814857f0e2024962d47c" "/opt/rustwide/cargo-home/bin/cargo" "+beta-2020-07-24" "metadata" "--no-deps" "--format-version=1", kill_on_drop: false }`
[INFO] [stderr] WARNING: Your kernel does not support swap limit capabilities or the cgroup is not mounted. Memory limited without swap.
[INFO] [stdout] 914562b6d47d478cb38f451327aaba5faf1486edbb785e993efaed50d9963bad
[INFO] running `Command { std: "docker" "start" "-a" "914562b6d47d478cb38f451327aaba5faf1486edbb785e993efaed50d9963bad", kill_on_drop: false }`
[INFO] running `Command { std: "docker" "inspect" "914562b6d47d478cb38f451327aaba5faf1486edbb785e993efaed50d9963bad", kill_on_drop: false }`
[INFO] running `Command { std: "docker" "rm" "-f" "914562b6d47d478cb38f451327aaba5faf1486edbb785e993efaed50d9963bad", kill_on_drop: false }`
[INFO] [stdout] 914562b6d47d478cb38f451327aaba5faf1486edbb785e993efaed50d9963bad
[INFO] running `Command { std: "docker" "create" "-v" "/var/lib/crater-agent-workspace/builds/worker-7/target:/opt/rustwide/target:rw,Z" "-v" "/var/lib/crater-agent-workspace/builds/worker-7/source:/opt/rustwide/workdir:ro,Z" "-v" "/var/lib/crater-agent-workspace/cargo-home:/opt/rustwide/cargo-home:ro,Z" "-v" "/var/lib/crater-agent-workspace/rustup-home:/opt/rustwide/rustup-home:ro,Z" "-e" "SOURCE_DIR=/opt/rustwide/workdir" "-e" "CARGO_TARGET_DIR=/opt/rustwide/target" "-e" "CARGO_INCREMENTAL=0" "-e" "RUST_BACKTRACE=full" "-e" "RUSTFLAGS=--cap-lints=forbid" "-e" "CARGO_HOME=/opt/rustwide/cargo-home" "-e" "RUSTUP_HOME=/opt/rustwide/rustup-home" "-w" "/opt/rustwide/workdir" "-m" "1610612736" "--user" "0:0" "--network" "none" "rustops/crates-build-env@sha256:a636fd89d022f18117e1dc8fb37a0a009933cdbbe082814857f0e2024962d47c" "/opt/rustwide/cargo-home/bin/cargo" "+beta-2020-07-24" "check" "--frozen" "--all" "--all-targets" "--message-format=json", kill_on_drop: false }`
[INFO] [stdout] 548778639f848c8d958e99bc3d14aee2d458893e90f53283583082ea7ef9d928
[INFO] [stderr] WARNING: Your kernel does not support swap limit capabilities or the cgroup is not mounted. Memory limited without swap.
[INFO] running `Command { std: "docker" "start" "-a" "548778639f848c8d958e99bc3d14aee2d458893e90f53283583082ea7ef9d928", kill_on_drop: false }`
[INFO] [stderr] warning: dependency (rusty_v8) specified without providing a local path, Git repository, or version to use. This will be considered an error in future versions
[INFO] [stderr]    Compiling proc-macro2 v1.0.19
[INFO] [stderr]    Compiling unicode-xid v0.2.1
[INFO] [stderr]    Compiling syn v1.0.39
[INFO] [stderr]     Checking cfg-if v0.1.10
[INFO] [stderr]    Compiling log v0.4.11
[INFO] [stderr]     Checking futures-core v0.3.5
[INFO] [stderr]    Compiling pin-project-internal v0.4.23
[INFO] [stderr]    Compiling memchr v2.3.3
[INFO] [stderr]     Checking slab v0.4.2
[INFO] [stderr]     Checking futures-sink v0.3.5
[INFO] [stderr]     Checking bytes v0.5.6
[INFO] [stderr]    Compiling proc-macro-hack v0.5.18
[INFO] [stderr]     Checking fnv v1.0.7
[INFO] [stderr]     Checking pin-utils v0.1.0
[INFO] [stderr]     Checking itoa v0.4.6
[INFO] [stderr]    Compiling serde_derive v1.0.115
[INFO] [stderr]     Checking pin-project-lite v0.1.7
[INFO] [stderr]     Checking gimli v0.22.0
[INFO] [stderr]    Compiling doc-comment v0.3.3
[INFO] [stderr]    Compiling ryu v1.0.5
[INFO] [stderr]    Compiling bitflags v1.2.1
[INFO] [stderr]    Compiling serde v1.0.115
[INFO] [stderr]    Compiling cargo_gn v0.0.15
[INFO] [stderr]     Checking adler v0.2.3
[INFO] [stderr]     Checking try-lock v0.2.3
[INFO] [stderr]     Checking rustc-demangle v0.1.16
[INFO] [stderr]    Compiling serde_json v1.0.57
[INFO] [stderr]     Checking object v0.20.0
[INFO] [stderr]     Checking tower-service v0.3.0
[INFO] [stderr]    Compiling hashbrown v0.8.2
[INFO] [stderr]    Compiling indexmap v1.5.1
[INFO] [stderr]     Checking tracing-core v0.1.14
[INFO] [stderr]     Checking futures-channel v0.3.5
[INFO] [stderr]     Checking miniz_oxide v0.4.1
[INFO] [stderr]    Compiling libc v0.2.76
[INFO] [stderr]     Checking iovec v0.1.4
[INFO] [stderr]     Checking net2 v0.2.34
[INFO] [stderr]     Checking socket2 v0.3.12
[INFO] [stderr]     Checking http v0.2.1
[INFO] [stderr]     Checking want v0.3.0
[INFO] [stderr]     Checking tracing v0.1.19
[INFO] [stderr]     Checking mio v0.6.22
[INFO] [stderr]    Compiling quote v1.0.7
[INFO] [stderr]     Checking http-body v0.3.1
[INFO] [stderr]     Checking addr2line v0.13.0
[INFO] [stderr]     Checking backtrace v0.3.50
[INFO] [stderr]    Compiling futures-macro v0.3.5
[INFO] [stderr]    Compiling thiserror-impl v1.0.20
[INFO] [stderr]    Compiling tokio-macros v0.2.5
[INFO] [stderr]    Compiling snafu-derive v0.6.8
[INFO] [stderr]    Compiling async-trait v0.1.38
[INFO] [stderr]     Checking tokio v0.2.22
[INFO] [stderr]    Compiling thiserror v1.0.20
[INFO] [stderr]    Compiling which v4.0.2
[INFO] [stderr]     Checking pin-project v0.4.23
[INFO] [stderr]     Checking futures-util v0.3.5
[INFO] [stderr]     Checking snafu v0.6.8
[INFO] [stderr]    Compiling rusty_v8 v0.8.1
[INFO] [stderr]     Checking tokio-util v0.3.1
[INFO] [stderr]     Checking h2 v0.2.6
[INFO] [stderr]     Checking futures-executor v0.3.5
[INFO] [stderr]     Checking futures v0.3.5
[INFO] [stderr]     Checking hyper v0.13.7
[INFO] [stderr]     Checking runtime v0.1.0 (/opt/rustwide/workdir)
[INFO] [stdout] error: expected one of `.`, `;`, `?`, `}`, or an operator, found keyword `match`
[INFO] [stdout]   --> src/main.rs:62:5
[INFO] [stdout]    |
[INFO] [stdout] 60 |     p.then()
[INFO] [stdout]    |             - expected one of `.`, `;`, `?`, `}`, or an operator
[INFO] [stdout] 61 | 
[INFO] [stdout] 62 |     match result {
[INFO] [stdout]    |     ^^^^^ unexpected token
[INFO] [stdout] 
[INFO] [stdout] 
[INFO] [stdout] error: expected one of `.`, `;`, `?`, `}`, or an operator, found keyword `match`
[INFO] [stdout]   --> src/main.rs:62:5
[INFO] [stdout]    |
[INFO] [stdout] 60 |     p.then()
[INFO] [stdout]    |             - expected one of `.`, `;`, `?`, `}`, or an operator
[INFO] [stdout] 61 | 
[INFO] [stdout] 62 |     match result {
[INFO] [stdout]    |     ^^^^^ unexpected token
[INFO] [stdout] 
[INFO] [stdout] 
[INFO] [stdout] error[E0432]: unresolved import `rusty_v8::ToLocal`
[INFO] [stdout]  --> src/main.rs:5:32
[INFO] [stdout]   |
[INFO] [stdout] 5 | use rusty_v8::{Isolate, Local, ToLocal, Value};
[INFO] [stdout]   |                                ^^^^^^^
[INFO] [stdout]   |                                |
[INFO] [stdout]   |                                no `ToLocal` in the root
[INFO] [stdout]   |                                help: a similar name exists in the module: `Local`
[INFO] [stdout] 
[INFO] [stdout] 
[INFO] [stdout] error[E0405]: cannot find trait `ToLocal` in crate `v8`
[INFO] [stdout]   --> src/main.rs:14:22
[INFO] [stdout]    |
[INFO] [stdout] 14 |     s: &mut impl v8::ToLocal<'a>,
[INFO] [stdout]    |                      ^^^^^^^ not found in `v8`
[INFO] [stdout] 
[INFO] [stdout] 
[INFO] [stdout] error[E0405]: cannot find trait `ToLocal` in crate `v8`
[INFO] [stdout]   --> src/main.rs:39:26
[INFO] [stdout]    |
[INFO] [stdout] 39 |     scope: &mut impl v8::ToLocal<'s>,
[INFO] [stdout]    |                          ^^^^^^^ not found in `v8`
[INFO] [stdout] 
[INFO] [stdout] 
[INFO] [stdout] error[E0425]: cannot find function `pump_message_loop` in crate `v8`
[INFO] [stdout]   --> src/main.rs:88:13
[INFO] [stdout]    |
[INFO] [stdout] 88 |         v8::pump_message_loop(self.platform, isolate);
[INFO] [stdout]    |             ^^^^^^^^^^^^^^^^^ not found in `v8`
[INFO] [stdout] 
[INFO] [stdout] 
[INFO] [stdout] warning: unused import: `futures_util::TryStreamExt`
[INFO] [stdout]  --> src/aws.rs:3:5
[INFO] [stdout]   |
[INFO] [stdout] 3 | use futures_util::TryStreamExt;
[INFO] [stdout]   |     ^^^^^^^^^^^^^^^^^^^^^^^^^^
[INFO] [stdout]   |
[INFO] [stdout]   = note: `#[warn(unused_imports)]` on by default
[INFO] [stdout] 
[INFO] [stdout] 
[INFO] [stdout] warning: unused import: `serde::export::fmt::Error`
[INFO] [stdout]  --> src/aws.rs:7:5
[INFO] [stdout]   |
[INFO] [stdout] 7 | use serde::export::fmt::Error;
[INFO] [stdout]   |     ^^^^^^^^^^^^^^^^^^^^^^^^^
[INFO] [stdout] 
[INFO] [stdout] 
[INFO] [stdout] warning: unused import: `Deserialize`
[INFO] [stdout]  --> src/aws.rs:9:13
[INFO] [stdout]   |
[INFO] [stdout] 9 | use serde::{Deserialize, Serialize};
[INFO] [stdout]   |             ^^^^^^^^^^^
[INFO] [stdout] 
[INFO] [stdout] 
[INFO] [stdout] warning: unused import: `std::io::Bytes`
[INFO] [stdout]   --> src/aws.rs:13:5
[INFO] [stdout]    |
[INFO] [stdout] 13 | use std::io::Bytes;
[INFO] [stdout]    |     ^^^^^^^^^^^^^^
[INFO] [stdout] 
[INFO] [stdout] 
[INFO] [stdout] warning: unused import: `Isolate`
[INFO] [stdout]  --> src/tasks.rs:2:25
[INFO] [stdout]   |
[INFO] [stdout] 2 | use rusty_v8::{Context, Isolate, Local, OwnedIsolate};
[INFO] [stdout]   |                         ^^^^^^^
[INFO] [stdout] 
[INFO] [stdout] 
[INFO] [stdout] error: aborting due to 5 previous errors; 5 warnings emitted
[INFO] [stdout] 
[INFO] [stdout] 
[INFO] [stdout] Some errors have detailed explanations: E0405, E0425, E0432.
[INFO] [stdout] 
[INFO] [stdout] For more information about an error, try `rustc --explain E0405`.
[INFO] [stdout] 
[INFO] [stderr] error: could not compile `runtime`.
[INFO] [stderr] 
[INFO] [stderr] To learn more, run the command again with --verbose.
[INFO] [stderr] warning: build failed, waiting for other jobs to finish...
[INFO] [stdout] error[E0432]: unresolved import `rusty_v8::ToLocal`
[INFO] [stdout]  --> src/main.rs:5:32
[INFO] [stdout]   |
[INFO] [stdout] 5 | use rusty_v8::{Isolate, Local, ToLocal, Value};
[INFO] [stdout]   |                                ^^^^^^^
[INFO] [stdout]   |                                |
[INFO] [stdout]   |                                no `ToLocal` in the root
[INFO] [stdout]   |                                help: a similar name exists in the module: `Local`
[INFO] [stdout] 
[INFO] [stdout] 
[INFO] [stdout] error[E0405]: cannot find trait `ToLocal` in crate `v8`
[INFO] [stdout]   --> src/main.rs:14:22
[INFO] [stdout]    |
[INFO] [stdout] 14 |     s: &mut impl v8::ToLocal<'a>,
[INFO] [stdout]    |                      ^^^^^^^ not found in `v8`
[INFO] [stdout] 
[INFO] [stdout] 
[INFO] [stdout] error[E0405]: cannot find trait `ToLocal` in crate `v8`
[INFO] [stdout]   --> src/main.rs:39:26
[INFO] [stdout]    |
[INFO] [stdout] 39 |     scope: &mut impl v8::ToLocal<'s>,
[INFO] [stdout]    |                          ^^^^^^^ not found in `v8`
[INFO] [stdout] 
[INFO] [stdout] 
[INFO] [stdout] error[E0425]: cannot find function `pump_message_loop` in crate `v8`
[INFO] [stdout]   --> src/main.rs:88:13
[INFO] [stdout]    |
[INFO] [stdout] 88 |         v8::pump_message_loop(self.platform, isolate);
[INFO] [stdout]    |             ^^^^^^^^^^^^^^^^^ not found in `v8`
[INFO] [stdout] 
[INFO] [stdout] 
[INFO] [stdout] warning: unused import: `futures_util::TryStreamExt`
[INFO] [stdout]  --> src/aws.rs:3:5
[INFO] [stdout]   |
[INFO] [stdout] 3 | use futures_util::TryStreamExt;
[INFO] [stdout]   |     ^^^^^^^^^^^^^^^^^^^^^^^^^^
[INFO] [stdout]   |
[INFO] [stdout]   = note: `#[warn(unused_imports)]` on by default
[INFO] [stdout] 
[INFO] [stdout] 
[INFO] [stdout] warning: unused import: `serde::export::fmt::Error`
[INFO] [stdout]  --> src/aws.rs:7:5
[INFO] [stdout]   |
[INFO] [stdout] 7 | use serde::export::fmt::Error;
[INFO] [stdout]   |     ^^^^^^^^^^^^^^^^^^^^^^^^^
[INFO] [stdout] 
[INFO] [stdout] 
[INFO] [stdout] warning: unused import: `Deserialize`
[INFO] [stdout]  --> src/aws.rs:9:13
[INFO] [stdout]   |
[INFO] [stdout] 9 | use serde::{Deserialize, Serialize};
[INFO] [stdout]   |             ^^^^^^^^^^^
[INFO] [stdout] 
[INFO] [stdout] 
[INFO] [stdout] warning: unused import: `std::io::Bytes`
[INFO] [stdout]   --> src/aws.rs:13:5
[INFO] [stdout]    |
[INFO] [stdout] 13 | use std::io::Bytes;
[INFO] [stdout]    |     ^^^^^^^^^^^^^^
[INFO] [stdout] 
[INFO] [stdout] 
[INFO] [stdout] warning: unused import: `Isolate`
[INFO] [stdout]  --> src/tasks.rs:2:25
[INFO] [stdout]   |
[INFO] [stdout] 2 | use rusty_v8::{Context, Isolate, Local, OwnedIsolate};
[INFO] [stdout]   |                         ^^^^^^^
[INFO] [stdout] 
[INFO] [stdout] 
[INFO] [stdout] error: aborting due to 5 previous errors; 5 warnings emitted
[INFO] [stdout] 
[INFO] [stdout] 
[INFO] [stdout] Some errors have detailed explanations: E0405, E0425, E0432.
[INFO] [stdout] 
[INFO] [stdout] For more information about an error, try `rustc --explain E0405`.
[INFO] [stdout] 
[INFO] [stderr] error: build failed
[INFO] running `Command { std: "docker" "inspect" "548778639f848c8d958e99bc3d14aee2d458893e90f53283583082ea7ef9d928", kill_on_drop: false }`
[INFO] running `Command { std: "docker" "rm" "-f" "548778639f848c8d958e99bc3d14aee2d458893e90f53283583082ea7ef9d928", kill_on_drop: false }`
[INFO] [stdout] 548778639f848c8d958e99bc3d14aee2d458893e90f53283583082ea7ef9d928
