[INFO] cloning repository https://github.com/Muream/advent-of-code-2019
[INFO] running `Command { std: "git" "-c" "credential.helper=" "-c" "credential.helper=/workspace/cargo-home/bin/git-credential-null" "clone" "--bare" "https://github.com/Muream/advent-of-code-2019" "/workspace/cache/git-repos/https%3A%2F%2Fgithub.com%2FMuream%2Fadvent-of-code-2019", kill_on_drop: false }`
[INFO] [stderr] Cloning into bare repository '/workspace/cache/git-repos/https%3A%2F%2Fgithub.com%2FMuream%2Fadvent-of-code-2019'...
[INFO] running `Command { std: "git" "rev-parse" "HEAD", kill_on_drop: false }`
[INFO] [stdout] b429ebb984de7f24d7773c09c147f030b2d3e482
[INFO] checking Muream/advent-of-code-2019 against beta-2020-07-24 for pr-75494-beta
[INFO] running `Command { std: "git" "clone" "/workspace/cache/git-repos/https%3A%2F%2Fgithub.com%2FMuream%2Fadvent-of-code-2019" "/workspace/builds/worker-3/source", kill_on_drop: false }`
[INFO] [stderr] Cloning into '/workspace/builds/worker-3/source'...
[INFO] [stderr] done.
[INFO] validating manifest of git repo https://github.com/Muream/advent-of-code-2019 on toolchain beta-2020-07-24
[INFO] running `Command { std: "/workspace/cargo-home/bin/cargo" "+beta-2020-07-24" "read-manifest" "--manifest-path" "Cargo.toml", kill_on_drop: false }`
[INFO] started tweaking git repo https://github.com/Muream/advent-of-code-2019
[INFO] finished tweaking git repo https://github.com/Muream/advent-of-code-2019
[INFO] tweaked toml for git repo https://github.com/Muream/advent-of-code-2019 written to /workspace/builds/worker-3/source/Cargo.toml
[INFO] crate git repo https://github.com/Muream/advent-of-code-2019 already has a lockfile, it will not be regenerated
[INFO] running `Command { std: "/workspace/cargo-home/bin/cargo" "+beta-2020-07-24" "fetch" "--locked" "--manifest-path" "Cargo.toml", kill_on_drop: false }`
[INFO] running `Command { std: "docker" "create" "-v" "/var/lib/crater-agent-workspace/builds/worker-3/target:/opt/rustwide/target:rw,Z" "-v" "/var/lib/crater-agent-workspace/builds/worker-3/source:/opt/rustwide/workdir:ro,Z" "-v" "/var/lib/crater-agent-workspace/cargo-home:/opt/rustwide/cargo-home:ro,Z" "-v" "/var/lib/crater-agent-workspace/rustup-home:/opt/rustwide/rustup-home:ro,Z" "-e" "SOURCE_DIR=/opt/rustwide/workdir" "-e" "CARGO_TARGET_DIR=/opt/rustwide/target" "-e" "CARGO_HOME=/opt/rustwide/cargo-home" "-e" "RUSTUP_HOME=/opt/rustwide/rustup-home" "-w" "/opt/rustwide/workdir" "-m" "1610612736" "--user" "0:0" "--network" "none" "rustops/crates-build-env@sha256:a636fd89d022f18117e1dc8fb37a0a009933cdbbe082814857f0e2024962d47c" "/opt/rustwide/cargo-home/bin/cargo" "+beta-2020-07-24" "metadata" "--no-deps" "--format-version=1", kill_on_drop: false }`
[INFO] [stdout] 68eb347c578f03fb9abe7cbf6d4a472682a462ce6a065e611fe356823e40a31e
[INFO] [stderr] WARNING: Your kernel does not support swap limit capabilities or the cgroup is not mounted. Memory limited without swap.
[INFO] running `Command { std: "docker" "start" "-a" "68eb347c578f03fb9abe7cbf6d4a472682a462ce6a065e611fe356823e40a31e", kill_on_drop: false }`
[INFO] running `Command { std: "docker" "inspect" "68eb347c578f03fb9abe7cbf6d4a472682a462ce6a065e611fe356823e40a31e", kill_on_drop: false }`
[INFO] running `Command { std: "docker" "rm" "-f" "68eb347c578f03fb9abe7cbf6d4a472682a462ce6a065e611fe356823e40a31e", kill_on_drop: false }`
[INFO] [stdout] 68eb347c578f03fb9abe7cbf6d4a472682a462ce6a065e611fe356823e40a31e
[INFO] running `Command { std: "docker" "create" "-v" "/var/lib/crater-agent-workspace/builds/worker-3/target:/opt/rustwide/target:rw,Z" "-v" "/var/lib/crater-agent-workspace/builds/worker-3/source:/opt/rustwide/workdir:ro,Z" "-v" "/var/lib/crater-agent-workspace/cargo-home:/opt/rustwide/cargo-home:ro,Z" "-v" "/var/lib/crater-agent-workspace/rustup-home:/opt/rustwide/rustup-home:ro,Z" "-e" "SOURCE_DIR=/opt/rustwide/workdir" "-e" "CARGO_TARGET_DIR=/opt/rustwide/target" "-e" "CARGO_INCREMENTAL=0" "-e" "RUST_BACKTRACE=full" "-e" "RUSTFLAGS=--cap-lints=forbid" "-e" "CARGO_HOME=/opt/rustwide/cargo-home" "-e" "RUSTUP_HOME=/opt/rustwide/rustup-home" "-w" "/opt/rustwide/workdir" "-m" "1610612736" "--user" "0:0" "--network" "none" "rustops/crates-build-env@sha256:a636fd89d022f18117e1dc8fb37a0a009933cdbbe082814857f0e2024962d47c" "/opt/rustwide/cargo-home/bin/cargo" "+beta-2020-07-24" "check" "--frozen" "--all" "--all-targets" "--message-format=json", kill_on_drop: false }`
[INFO] [stdout] da3fe094b4aeed6ef8df036de353d4177dc7bdb8641498b667a48d6a87c06165
[INFO] [stderr] WARNING: Your kernel does not support swap limit capabilities or the cgroup is not mounted. Memory limited without swap.
[INFO] running `Command { std: "docker" "start" "-a" "da3fe094b4aeed6ef8df036de353d4177dc7bdb8641498b667a48d6a87c06165", kill_on_drop: false }`
[INFO] [stderr]     Checking advent-of-code-2019 v0.1.0 (/opt/rustwide/workdir)
[INFO] [stdout] error[E0308]: mismatched types
[INFO] [stdout]   --> src/day1/mod.rs:65:42
[INFO] [stdout]    |
[INFO] [stdout] 65 |         assert_eq!(compute_fuel_for_mass(12), 2);
[INFO] [stdout]    |                                          ^^
[INFO] [stdout]    |                                          |
[INFO] [stdout]    |                                          expected `&i32`, found integer
[INFO] [stdout]    |                                          help: consider borrowing here: `&12`
[INFO] [stdout] 
[INFO] [stdout] 
[INFO] [stdout] error[E0308]: mismatched types
[INFO] [stdout]   --> src/day1/mod.rs:69:42
[INFO] [stdout]    |
[INFO] [stdout] 69 |         assert_eq!(compute_fuel_for_mass(14), 2);
[INFO] [stdout]    |                                          ^^
[INFO] [stdout]    |                                          |
[INFO] [stdout]    |                                          expected `&i32`, found integer
[INFO] [stdout]    |                                          help: consider borrowing here: `&14`
[INFO] [stdout] 
[INFO] [stdout] 
[INFO] [stdout] error[E0308]: mismatched types
[INFO] [stdout]   --> src/day1/mod.rs:73:42
[INFO] [stdout]    |
[INFO] [stdout] 73 |         assert_eq!(compute_fuel_for_mass(1969), 654);
[INFO] [stdout]    |                                          ^^^^
[INFO] [stdout]    |                                          |
[INFO] [stdout]    |                                          expected `&i32`, found integer
[INFO] [stdout]    |                                          help: consider borrowing here: `&1969`
[INFO] [stdout] 
[INFO] [stdout] 
[INFO] [stdout] error[E0308]: mismatched types
[INFO] [stdout]   --> src/day1/mod.rs:77:42
[INFO] [stdout]    |
[INFO] [stdout] 77 |         assert_eq!(compute_fuel_for_mass(100756), 33583);
[INFO] [stdout]    |                                          ^^^^^^
[INFO] [stdout]    |                                          |
[INFO] [stdout]    |                                          expected `&i32`, found integer
[INFO] [stdout]    |                                          help: consider borrowing here: `&100756`
[INFO] [stdout] 
[INFO] [stdout] 
[INFO] [stdout] error[E0308]: mismatched types
[INFO] [stdout]   --> src/day1/mod.rs:82:44
[INFO] [stdout]    |
[INFO] [stdout] 82 |         assert_eq!(compute_fuel_for_module(12), 2);
[INFO] [stdout]    |                                            ^^
[INFO] [stdout]    |                                            |
[INFO] [stdout]    |                                            expected `&i32`, found integer
[INFO] [stdout]    |                                            help: consider borrowing here: `&12`
[INFO] [stdout] 
[INFO] [stdout] 
[INFO] [stdout] error[E0308]: mismatched types
[INFO] [stdout]   --> src/day1/mod.rs:86:44
[INFO] [stdout]    |
[INFO] [stdout] 86 |         assert_eq!(compute_fuel_for_module(1969), 966);
[INFO] [stdout]    |                                            ^^^^
[INFO] [stdout]    |                                            |
[INFO] [stdout]    |                                            expected `&i32`, found integer
[INFO] [stdout]    |                                            help: consider borrowing here: `&1969`
[INFO] [stdout] 
[INFO] [stdout] 
[INFO] [stdout] error[E0308]: mismatched types
[INFO] [stdout]   --> src/day1/mod.rs:90:44
[INFO] [stdout]    |
[INFO] [stdout] 90 |         assert_eq!(compute_fuel_for_module(100756), 50346);
[INFO] [stdout]    |                                            ^^^^^^
[INFO] [stdout]    |                                            |
[INFO] [stdout]    |                                            expected `&i32`, found integer
[INFO] [stdout]    |                                            help: consider borrowing here: `&100756`
[INFO] [stdout] 
[INFO] [stdout] 
[INFO] [stdout] error: aborting due to 7 previous errors
[INFO] [stdout] 
[INFO] [stdout] 
[INFO] [stdout] For more information about this error, try `rustc --explain E0308`.
[INFO] [stdout] 
[INFO] [stderr] error: could not compile `advent-of-code-2019`.
[INFO] [stderr] 
[INFO] [stderr] To learn more, run the command again with --verbose.
[INFO] running `Command { std: "docker" "inspect" "da3fe094b4aeed6ef8df036de353d4177dc7bdb8641498b667a48d6a87c06165", kill_on_drop: false }`
[INFO] running `Command { std: "docker" "rm" "-f" "da3fe094b4aeed6ef8df036de353d4177dc7bdb8641498b667a48d6a87c06165", kill_on_drop: false }`
[INFO] [stdout] da3fe094b4aeed6ef8df036de353d4177dc7bdb8641498b667a48d6a87c06165
