[INFO] cloning repository https://github.com/MaxInertia/Rusty
[INFO] running `Command { std: "git" "-c" "credential.helper=" "-c" "credential.helper=/workspace/cargo-home/bin/git-credential-null" "clone" "--bare" "https://github.com/MaxInertia/Rusty" "/workspace/cache/git-repos/https%3A%2F%2Fgithub.com%2FMaxInertia%2FRusty", kill_on_drop: false }`
[INFO] [stderr] Cloning into bare repository '/workspace/cache/git-repos/https%3A%2F%2Fgithub.com%2FMaxInertia%2FRusty'...
[INFO] running `Command { std: "git" "rev-parse" "HEAD", kill_on_drop: false }`
[INFO] [stdout] bb3e8d6a4cfe71895911d44d1dc8efbbcba9d1ba
[INFO] checking MaxInertia/Rusty against beta-2020-07-24 for pr-75494-beta
[INFO] running `Command { std: "git" "clone" "/workspace/cache/git-repos/https%3A%2F%2Fgithub.com%2FMaxInertia%2FRusty" "/workspace/builds/worker-12/source", kill_on_drop: false }`
[INFO] [stderr] Cloning into '/workspace/builds/worker-12/source'...
[INFO] [stderr] done.
[INFO] validating manifest of git repo https://github.com/MaxInertia/Rusty on toolchain beta-2020-07-24
[INFO] running `Command { std: "/workspace/cargo-home/bin/cargo" "+beta-2020-07-24" "read-manifest" "--manifest-path" "Cargo.toml", kill_on_drop: false }`
[INFO] started tweaking git repo https://github.com/MaxInertia/Rusty
[INFO] finished tweaking git repo https://github.com/MaxInertia/Rusty
[INFO] tweaked toml for git repo https://github.com/MaxInertia/Rusty written to /workspace/builds/worker-12/source/Cargo.toml
[INFO] crate git repo https://github.com/MaxInertia/Rusty already has a lockfile, it will not be regenerated
[INFO] running `Command { std: "/workspace/cargo-home/bin/cargo" "+beta-2020-07-24" "fetch" "--locked" "--manifest-path" "Cargo.toml", kill_on_drop: false }`
[INFO] running `Command { std: "docker" "create" "-v" "/var/lib/crater-agent-workspace/builds/worker-12/target:/opt/rustwide/target:rw,Z" "-v" "/var/lib/crater-agent-workspace/builds/worker-12/source:/opt/rustwide/workdir:ro,Z" "-v" "/var/lib/crater-agent-workspace/cargo-home:/opt/rustwide/cargo-home:ro,Z" "-v" "/var/lib/crater-agent-workspace/rustup-home:/opt/rustwide/rustup-home:ro,Z" "-e" "SOURCE_DIR=/opt/rustwide/workdir" "-e" "CARGO_TARGET_DIR=/opt/rustwide/target" "-e" "CARGO_HOME=/opt/rustwide/cargo-home" "-e" "RUSTUP_HOME=/opt/rustwide/rustup-home" "-w" "/opt/rustwide/workdir" "-m" "1610612736" "--user" "0:0" "--network" "none" "rustops/crates-build-env@sha256:a636fd89d022f18117e1dc8fb37a0a009933cdbbe082814857f0e2024962d47c" "/opt/rustwide/cargo-home/bin/cargo" "+beta-2020-07-24" "metadata" "--no-deps" "--format-version=1", kill_on_drop: false }`
[INFO] [stdout] bacd853dff7374ce05ee1e6aeea61cd56aff1d9bf7d32a1d650aae443124db81
[INFO] [stderr] WARNING: Your kernel does not support swap limit capabilities or the cgroup is not mounted. Memory limited without swap.
[INFO] running `Command { std: "docker" "start" "-a" "bacd853dff7374ce05ee1e6aeea61cd56aff1d9bf7d32a1d650aae443124db81", kill_on_drop: false }`
[INFO] running `Command { std: "docker" "inspect" "bacd853dff7374ce05ee1e6aeea61cd56aff1d9bf7d32a1d650aae443124db81", kill_on_drop: false }`
[INFO] running `Command { std: "docker" "rm" "-f" "bacd853dff7374ce05ee1e6aeea61cd56aff1d9bf7d32a1d650aae443124db81", kill_on_drop: false }`
[INFO] [stdout] bacd853dff7374ce05ee1e6aeea61cd56aff1d9bf7d32a1d650aae443124db81
[INFO] running `Command { std: "docker" "create" "-v" "/var/lib/crater-agent-workspace/builds/worker-12/target:/opt/rustwide/target:rw,Z" "-v" "/var/lib/crater-agent-workspace/builds/worker-12/source:/opt/rustwide/workdir:ro,Z" "-v" "/var/lib/crater-agent-workspace/cargo-home:/opt/rustwide/cargo-home:ro,Z" "-v" "/var/lib/crater-agent-workspace/rustup-home:/opt/rustwide/rustup-home:ro,Z" "-e" "SOURCE_DIR=/opt/rustwide/workdir" "-e" "CARGO_TARGET_DIR=/opt/rustwide/target" "-e" "CARGO_INCREMENTAL=0" "-e" "RUST_BACKTRACE=full" "-e" "RUSTFLAGS=--cap-lints=forbid" "-e" "CARGO_HOME=/opt/rustwide/cargo-home" "-e" "RUSTUP_HOME=/opt/rustwide/rustup-home" "-w" "/opt/rustwide/workdir" "-m" "1610612736" "--user" "0:0" "--network" "none" "rustops/crates-build-env@sha256:a636fd89d022f18117e1dc8fb37a0a009933cdbbe082814857f0e2024962d47c" "/opt/rustwide/cargo-home/bin/cargo" "+beta-2020-07-24" "check" "--frozen" "--all" "--all-targets" "--message-format=json", kill_on_drop: false }`
[INFO] [stderr] WARNING: Your kernel does not support swap limit capabilities or the cgroup is not mounted. Memory limited without swap.
[INFO] [stdout] c974fe167c06207aff2e81f11c9e01d97dc65679c97f55e580f5b56aa52aac84
[INFO] running `Command { std: "docker" "start" "-a" "c974fe167c06207aff2e81f11c9e01d97dc65679c97f55e580f5b56aa52aac84", kill_on_drop: false }`
[INFO] [stderr]     Blocking waiting for file lock on package cache
[INFO] [stderr]     Checking rusty v0.1.0 (/opt/rustwide/workdir)
[INFO] [stdout] error[E0432]: unresolved import `super::line_sweep::LineSegment`
[INFO] [stdout]  --> src/algorithms/line_sweep/mod.rs:3:5
[INFO] [stdout]   |
[INFO] [stdout] 3 | use super::line_sweep::LineSegment;
[INFO] [stdout]   |     ^^^^^^^^^^^^^^^^^^^^^^^^^^^^^^ no `LineSegment` in `algorithms::line_sweep`
[INFO] [stdout] 
[INFO] [stdout] 
[INFO] [stdout] error[E0432]: unresolved import `super::line_sweep::LineSegment`
[INFO] [stdout]  --> src/algorithms/line_sweep/mod.rs:3:5
[INFO] [stdout]   |
[INFO] [stdout] 3 | use super::line_sweep::LineSegment;
[INFO] [stdout]   |     ^^^^^^^^^^^^^^^^^^^^^^^^^^^^^^ no `LineSegment` in `algorithms::line_sweep`
[INFO] [stdout] 
[INFO] [stdout] 
[INFO] [stdout] error[E0412]: cannot find type `Point` in this scope
[INFO] [stdout]  --> src/algorithms/line_sweep/mod.rs:8:14
[INFO] [stdout]   |
[INFO] [stdout] 8 |     overlap: Point,
[INFO] [stdout]   |              ^^^^^ not found in this scope
[INFO] [stdout] 
[INFO] [stdout] 
[INFO] [stdout] error[E0412]: cannot find type `Point` in this scope
[INFO] [stdout]  --> src/algorithms/line_sweep/mod.rs:8:14
[INFO] [stdout]   |
[INFO] [stdout] 8 |     overlap: Point,
[INFO] [stdout]   |              ^^^^^ not found in this scope
[INFO] [stdout] 
[INFO] [stdout] 
[INFO] [stdout] error: aborting due to 2 previous errors
[INFO] [stdout] 
[INFO] [stdout] 
[INFO] [stdout] Some errors have detailed explanations: E0412, E0432.
[INFO] [stdout] 
[INFO] [stdout] For more information about an error, try `rustc --explain E0412`.
[INFO] [stdout] 
[INFO] [stderr] error: could not compile `rusty`.
[INFO] [stderr] 
[INFO] [stderr] To learn more, run the command again with --verbose.
[INFO] [stderr] warning: build failed, waiting for other jobs to finish...
[INFO] [stdout] error[E0282]: type annotations needed for `std::collections::BinaryHeap<T>`
[INFO] [stdout]   --> src/algorithms/line_sweep/mod.rs:28:17
[INFO] [stdout]    |
[INFO] [stdout] 28 |     let lines = BinaryHeap::new();
[INFO] [stdout]    |         -----   ^^^^^^^^^^^^^^^ cannot infer type for type parameter `T`
[INFO] [stdout]    |         |
[INFO] [stdout]    |         consider giving `lines` the explicit type `std::collections::BinaryHeap<T>`, where the type parameter `T` is specified
[INFO] [stdout] 
[INFO] [stdout] 
[INFO] [stdout] error: aborting due to 3 previous errors
[INFO] [stdout] 
[INFO] [stdout] 
[INFO] [stdout] Some errors have detailed explanations: E0282, E0412, E0432.
[INFO] [stdout] 
[INFO] [stdout] For more information about an error, try `rustc --explain E0282`.
[INFO] [stdout] 
[INFO] [stderr] error: build failed
[INFO] running `Command { std: "docker" "inspect" "c974fe167c06207aff2e81f11c9e01d97dc65679c97f55e580f5b56aa52aac84", kill_on_drop: false }`
[INFO] running `Command { std: "docker" "rm" "-f" "c974fe167c06207aff2e81f11c9e01d97dc65679c97f55e580f5b56aa52aac84", kill_on_drop: false }`
[INFO] [stdout] c974fe167c06207aff2e81f11c9e01d97dc65679c97f55e580f5b56aa52aac84
