[INFO] cloning repository https://github.com/MattX/peroxide-discord
[INFO] running `Command { std: "git" "-c" "credential.helper=" "-c" "credential.helper=/workspace/cargo-home/bin/git-credential-null" "clone" "--bare" "https://github.com/MattX/peroxide-discord" "/workspace/cache/git-repos/https%3A%2F%2Fgithub.com%2FMattX%2Fperoxide-discord", kill_on_drop: false }`
[INFO] [stderr] Cloning into bare repository '/workspace/cache/git-repos/https%3A%2F%2Fgithub.com%2FMattX%2Fperoxide-discord'...
[INFO] running `Command { std: "git" "rev-parse" "HEAD", kill_on_drop: false }`
[INFO] [stdout] 914f5b1b9f97be6cb5de43972dc1ffa5bfb01a93
[INFO] checking MattX/peroxide-discord against beta-2020-07-24 for pr-75494-beta
[INFO] running `Command { std: "git" "clone" "/workspace/cache/git-repos/https%3A%2F%2Fgithub.com%2FMattX%2Fperoxide-discord" "/workspace/builds/worker-9/source", kill_on_drop: false }`
[INFO] [stderr] Cloning into '/workspace/builds/worker-9/source'...
[INFO] [stderr] done.
[INFO] validating manifest of git repo https://github.com/MattX/peroxide-discord on toolchain beta-2020-07-24
[INFO] running `Command { std: "/workspace/cargo-home/bin/cargo" "+beta-2020-07-24" "read-manifest" "--manifest-path" "Cargo.toml", kill_on_drop: false }`
[INFO] started tweaking git repo https://github.com/MattX/peroxide-discord
[INFO] removed path dependency peroxide from git repo https://github.com/MattX/peroxide-discord
[INFO] finished tweaking git repo https://github.com/MattX/peroxide-discord
[INFO] tweaked toml for git repo https://github.com/MattX/peroxide-discord written to /workspace/builds/worker-9/source/Cargo.toml
[INFO] crate git repo https://github.com/MattX/peroxide-discord already has a lockfile, it will not be regenerated
[INFO] running `Command { std: "/workspace/cargo-home/bin/cargo" "+beta-2020-07-24" "fetch" "--locked" "--manifest-path" "Cargo.toml", kill_on_drop: false }`
[INFO] [stderr] warning: dependency (peroxide) specified without providing a local path, Git repository, or version to use. This will be considered an error in future versions
[INFO] [stderr]     Updating crates.io index
[INFO] [stderr] error: the lock file /workspace/builds/worker-9/source/Cargo.lock needs to be updated but --locked was passed to prevent this
[INFO] [stderr] If you want to try to generate the lock file without accessing the network, use the --offline flag.
[INFO] the lockfile is outdated, regenerating it
[INFO] running `Command { std: "/workspace/cargo-home/bin/cargo" "+beta-2020-07-24" "generate-lockfile" "--manifest-path" "Cargo.toml" "-Zno-index-update", kill_on_drop: false }`
[INFO] running `Command { std: "/workspace/cargo-home/bin/cargo" "+beta-2020-07-24" "fetch" "--locked" "--manifest-path" "Cargo.toml", kill_on_drop: false }`
[INFO] [stderr] warning: dependency (peroxide) specified without providing a local path, Git repository, or version to use. This will be considered an error in future versions
[INFO] running `Command { std: "docker" "create" "-v" "/var/lib/crater-agent-workspace/builds/worker-9/target:/opt/rustwide/target:rw,Z" "-v" "/var/lib/crater-agent-workspace/builds/worker-9/source:/opt/rustwide/workdir:ro,Z" "-v" "/var/lib/crater-agent-workspace/cargo-home:/opt/rustwide/cargo-home:ro,Z" "-v" "/var/lib/crater-agent-workspace/rustup-home:/opt/rustwide/rustup-home:ro,Z" "-e" "SOURCE_DIR=/opt/rustwide/workdir" "-e" "CARGO_TARGET_DIR=/opt/rustwide/target" "-e" "CARGO_HOME=/opt/rustwide/cargo-home" "-e" "RUSTUP_HOME=/opt/rustwide/rustup-home" "-w" "/opt/rustwide/workdir" "-m" "1610612736" "--user" "0:0" "--network" "none" "rustops/crates-build-env@sha256:a636fd89d022f18117e1dc8fb37a0a009933cdbbe082814857f0e2024962d47c" "/opt/rustwide/cargo-home/bin/cargo" "+beta-2020-07-24" "metadata" "--no-deps" "--format-version=1", kill_on_drop: false }`
[INFO] [stderr] WARNING: Your kernel does not support swap limit capabilities or the cgroup is not mounted. Memory limited without swap.
[INFO] [stdout] f85c485c615ca19f8a59cadc07db24def4c2a1c92f749a35202ad7779fa8c38f
[INFO] running `Command { std: "docker" "start" "-a" "f85c485c615ca19f8a59cadc07db24def4c2a1c92f749a35202ad7779fa8c38f", kill_on_drop: false }`
[INFO] running `Command { std: "docker" "inspect" "f85c485c615ca19f8a59cadc07db24def4c2a1c92f749a35202ad7779fa8c38f", kill_on_drop: false }`
[INFO] running `Command { std: "docker" "rm" "-f" "f85c485c615ca19f8a59cadc07db24def4c2a1c92f749a35202ad7779fa8c38f", kill_on_drop: false }`
[INFO] [stdout] f85c485c615ca19f8a59cadc07db24def4c2a1c92f749a35202ad7779fa8c38f
[INFO] running `Command { std: "docker" "create" "-v" "/var/lib/crater-agent-workspace/builds/worker-9/target:/opt/rustwide/target:rw,Z" "-v" "/var/lib/crater-agent-workspace/builds/worker-9/source:/opt/rustwide/workdir:ro,Z" "-v" "/var/lib/crater-agent-workspace/cargo-home:/opt/rustwide/cargo-home:ro,Z" "-v" "/var/lib/crater-agent-workspace/rustup-home:/opt/rustwide/rustup-home:ro,Z" "-e" "SOURCE_DIR=/opt/rustwide/workdir" "-e" "CARGO_TARGET_DIR=/opt/rustwide/target" "-e" "CARGO_INCREMENTAL=0" "-e" "RUST_BACKTRACE=full" "-e" "RUSTFLAGS=--cap-lints=forbid" "-e" "CARGO_HOME=/opt/rustwide/cargo-home" "-e" "RUSTUP_HOME=/opt/rustwide/rustup-home" "-w" "/opt/rustwide/workdir" "-m" "1610612736" "--user" "0:0" "--network" "none" "rustops/crates-build-env@sha256:a636fd89d022f18117e1dc8fb37a0a009933cdbbe082814857f0e2024962d47c" "/opt/rustwide/cargo-home/bin/cargo" "+beta-2020-07-24" "check" "--frozen" "--all" "--all-targets" "--message-format=json", kill_on_drop: false }`
[INFO] [stdout] 45c6e1750d5db4477fc842a96f87957be3ebd7e0f68e9f8032691486e159a416
[INFO] [stderr] WARNING: Your kernel does not support swap limit capabilities or the cgroup is not mounted. Memory limited without swap.
[INFO] running `Command { std: "docker" "start" "-a" "45c6e1750d5db4477fc842a96f87957be3ebd7e0f68e9f8032691486e159a416", kill_on_drop: false }`
[INFO] [stderr] warning: dependency (peroxide) specified without providing a local path, Git repository, or version to use. This will be considered an error in future versions
[INFO] [stderr]    Compiling libc v0.2.76
[INFO] [stderr]     Checking cfg-if v0.1.10
[INFO] [stderr]    Compiling log v0.4.11
[INFO] [stderr]     Checking lazy_static v1.4.0
[INFO] [stderr]     Checking once_cell v1.4.1
[INFO] [stderr]     Checking bytes v0.5.6
[INFO] [stderr]    Compiling cc v1.0.59
[INFO] [stderr]     Checking itoa v0.4.6
[INFO] [stderr]     Checking fnv v1.0.7
[INFO] [stderr]    Compiling serde v1.0.115
[INFO] [stderr]     Checking untrusted v0.7.1
[INFO] [stderr]    Compiling getrandom v0.1.14
[INFO] [stderr]    Compiling byteorder v1.3.4
[INFO] [stderr]    Compiling typenum v1.12.0
[INFO] [stderr]     Checking pin-project-lite v0.1.7
[INFO] [stderr]    Compiling ryu v1.0.5
[INFO] [stderr]     Checking tinyvec v0.3.4
[INFO] [stderr]     Checking futures-sink v0.3.5
[INFO] [stderr]     Checking futures-io v0.3.5
[INFO] [stderr]     Checking base64 v0.12.3
[INFO] [stderr]     Checking try-lock v0.2.3
[INFO] [stderr]    Compiling serde_json v1.0.57
[INFO] [stderr]    Compiling bitflags v1.2.1
[INFO] [stderr]     Checking scopeguard v1.1.0
[INFO] [stderr]     Checking opaque-debug v0.3.0
[INFO] [stderr]     Checking smallvec v1.4.2
[INFO] [stderr]     Checking instant v0.1.6
[INFO] [stderr]     Checking cpuid-bool v0.1.2
[INFO] [stderr]     Checking mime v0.3.16
[INFO] [stderr]     Checking adler v0.2.3
[INFO] [stderr]    Compiling peroxide v0.25.7
[INFO] [stderr]    Compiling serenity v0.8.7
[INFO] [stderr]     Checking base64 v0.11.0
[INFO] [stderr]     Checking ipnet v2.3.0
[INFO] [stderr]     Checking puruspe v0.1.4
[INFO] [stderr]     Checking uwl v0.6.0
[INFO] [stderr]     Checking order-stat v0.1.3
[INFO] [stderr]    Compiling peroxide-ad v0.1.4
[INFO] [stderr]    Compiling unicase v2.6.0
[INFO] [stderr]    Compiling generic-array v0.14.4
[INFO] [stderr]    Compiling hashbrown v0.8.2
[INFO] [stderr]    Compiling indexmap v1.5.1
[INFO] [stderr]    Compiling num-traits v0.2.12
[INFO] [stderr]    Compiling num-integer v0.1.43
[INFO] [stderr]     Checking futures-channel v0.3.5
[INFO] [stderr]     Checking tracing-core v0.1.14
[INFO] [stderr]     Checking thread_local v1.0.1
[INFO] [stderr]     Checking futures-task v0.3.5
[INFO] [stderr]     Checking lock_api v0.4.1
[INFO] [stderr]     Checking miniz_oxide v0.4.1
[INFO] [stderr]     Checking unicode-normalization v0.1.13
[INFO] [stderr]     Checking http v0.2.1
[INFO] [stderr]     Checking input_buffer v0.3.1
[INFO] [stderr]     Checking crc32fast v1.2.0
[INFO] [stderr]     Checking encoding_rs v0.8.23
[INFO] [stderr]     Checking csv-core v0.1.10
[INFO] [stderr]     Checking regex v1.3.9
[INFO] [stderr]    Compiling command_attr v0.2.0
[INFO] [stderr]     Checking want v0.3.0
[INFO] [stderr]     Checking tracing v0.1.19
[INFO] [stderr]     Checking futures-util v0.3.5
[INFO] [stderr]     Checking regex-automata v0.1.9
[INFO] [stderr]    Compiling mime_guess v2.0.3
[INFO] [stderr]     Checking num_cpus v1.13.0
[INFO] [stderr]     Checking iovec v0.1.4
[INFO] [stderr]     Checking net2 v0.2.34
[INFO] [stderr]     Checking time v0.1.43
[INFO] [stderr]     Checking socket2 v0.3.12
[INFO] [stderr]     Checking parking_lot_core v0.8.0
[INFO] [stderr]     Checking flate2 v1.0.17
[INFO] [stderr]    Compiling ring v0.16.15
[INFO] [stderr]     Checking idna v0.2.0
[INFO] [stderr]     Checking threadpool v1.8.1
[INFO] [stderr]     Checking mio v0.6.22
[INFO] [stderr]     Checking rand_core v0.5.1
[INFO] [stderr]     Checking parking_lot v0.11.0
[INFO] [stderr]     Checking rand_chacha v0.2.2
[INFO] [stderr]     Checking rand v0.7.3
[INFO] [stderr]     Checking url v2.1.1
[INFO] [stderr]     Checking digest v0.9.0
[INFO] [stderr]     Checking block-buffer v0.9.0
[INFO] [stderr]     Checking sha-1 v0.9.1
[INFO] [stderr]     Checking tokio v0.2.22
[INFO] [stderr]     Checking http-body v0.3.1
[INFO] [stderr]     Checking tungstenite v0.11.1
[INFO] [stderr]     Checking rand_distr v0.2.2
[INFO] [stderr]     Checking webpki v0.21.3
[INFO] [stderr]     Checking sct v0.6.0
[INFO] [stderr]     Checking rustls v0.18.1
[INFO] [stderr]     Checking webpki-roots v0.19.0
[INFO] [stderr]     Checking rustls v0.17.0
[INFO] [stderr]     Checking serde_urlencoded v0.6.1
[INFO] [stderr]     Checking bstr v0.2.13
[INFO] [stderr]     Checking chrono v0.4.15
[INFO] [stderr]     Checking tokio-util v0.3.1
[INFO] [stderr]     Checking h2 v0.2.6
[INFO] [stderr]     Checking tokio-rustls v0.14.0
[INFO] [stderr]     Checking csv v1.1.3
[INFO] [stderr]     Checking hyper v0.13.7
[INFO] [stderr]     Checking hyper-rustls v0.21.0
[INFO] [stderr]     Checking reqwest v0.10.7
[INFO] [stderr]     Checking peroxide-discord v0.1.0 (/opt/rustwide/workdir)
[INFO] [stdout] error[E0432]: unresolved import `peroxide::Interpreter`
[INFO] [stdout]  --> src/main.rs:6:5
[INFO] [stdout]   |
[INFO] [stdout] 6 | use peroxide::Interpreter;
[INFO] [stdout]   |     ^^^^^^^^^^^^^^^^^^^^^ no `Interpreter` in the root
[INFO] [stdout] 
[INFO] [stdout] 
[INFO] [stdout] error[E0433]: failed to resolve: could not find `read` in `peroxide`
[INFO] [stdout]   --> src/main.rs:32:30
[INFO] [stdout]    |
[INFO] [stdout] 32 |         let read = peroxide::read::read(&self.interpreter.arena, command)
[INFO] [stdout]    |                              ^^^^ could not find `read` in `peroxide`
[INFO] [stdout] 
[INFO] [stdout] 
[INFO] [stdout] error: aborting due to 2 previous errors
[INFO] [stdout] 
[INFO] [stdout] 
[INFO] [stdout] Some errors have detailed explanations: E0432, E0433.
[INFO] [stdout] 
[INFO] [stdout] For more information about an error, try `rustc --explain E0432`.
[INFO] [stdout] 
[INFO] [stderr] error: could not compile `peroxide-discord`.
[INFO] [stderr] 
[INFO] [stderr] To learn more, run the command again with --verbose.
[INFO] [stderr] warning: build failed, waiting for other jobs to finish...
[INFO] [stdout] error[E0432]: unresolved import `peroxide::Interpreter`
[INFO] [stdout]  --> src/main.rs:6:5
[INFO] [stdout]   |
[INFO] [stdout] 6 | use peroxide::Interpreter;
[INFO] [stdout]   |     ^^^^^^^^^^^^^^^^^^^^^ no `Interpreter` in the root
[INFO] [stdout] 
[INFO] [stdout] 
[INFO] [stdout] error[E0433]: failed to resolve: could not find `read` in `peroxide`
[INFO] [stdout]   --> src/main.rs:32:30
[INFO] [stdout]    |
[INFO] [stdout] 32 |         let read = peroxide::read::read(&self.interpreter.arena, command)
[INFO] [stdout]    |                              ^^^^ could not find `read` in `peroxide`
[INFO] [stdout] 
[INFO] [stdout] 
[INFO] [stdout] error: aborting due to 2 previous errors
[INFO] [stdout] 
[INFO] [stdout] 
[INFO] [stdout] Some errors have detailed explanations: E0432, E0433.
[INFO] [stdout] 
[INFO] [stdout] For more information about an error, try `rustc --explain E0432`.
[INFO] [stdout] 
[INFO] [stderr] error: build failed
[INFO] running `Command { std: "docker" "inspect" "45c6e1750d5db4477fc842a96f87957be3ebd7e0f68e9f8032691486e159a416", kill_on_drop: false }`
[INFO] running `Command { std: "docker" "rm" "-f" "45c6e1750d5db4477fc842a96f87957be3ebd7e0f68e9f8032691486e159a416", kill_on_drop: false }`
[INFO] [stdout] 45c6e1750d5db4477fc842a96f87957be3ebd7e0f68e9f8032691486e159a416
