[INFO] cloning repository https://github.com/Kane-Sendgrid/proc_macro_test
[INFO] running `Command { std: "git" "-c" "credential.helper=" "-c" "credential.helper=/workspace/cargo-home/bin/git-credential-null" "clone" "--bare" "https://github.com/Kane-Sendgrid/proc_macro_test" "/workspace/cache/git-repos/https%3A%2F%2Fgithub.com%2FKane-Sendgrid%2Fproc_macro_test", kill_on_drop: false }`
[INFO] [stderr] Cloning into bare repository '/workspace/cache/git-repos/https%3A%2F%2Fgithub.com%2FKane-Sendgrid%2Fproc_macro_test'...
[INFO] running `Command { std: "git" "rev-parse" "HEAD", kill_on_drop: false }`
[INFO] [stdout] e2446a94592975dccbbdbfcd0aa34ce6953854c9
[INFO] checking Kane-Sendgrid/proc_macro_test against beta-2020-07-24 for pr-75494-beta
[INFO] running `Command { std: "git" "clone" "/workspace/cache/git-repos/https%3A%2F%2Fgithub.com%2FKane-Sendgrid%2Fproc_macro_test" "/workspace/builds/worker-3/source", kill_on_drop: false }`
[INFO] [stderr] Cloning into '/workspace/builds/worker-3/source'...
[INFO] [stderr] done.
[INFO] validating manifest of git repo https://github.com/Kane-Sendgrid/proc_macro_test on toolchain beta-2020-07-24
[INFO] running `Command { std: "/workspace/cargo-home/bin/cargo" "+beta-2020-07-24" "read-manifest" "--manifest-path" "Cargo.toml", kill_on_drop: false }`
[INFO] started tweaking git repo https://github.com/Kane-Sendgrid/proc_macro_test
[INFO] finished tweaking git repo https://github.com/Kane-Sendgrid/proc_macro_test
[INFO] tweaked toml for git repo https://github.com/Kane-Sendgrid/proc_macro_test written to /workspace/builds/worker-3/source/Cargo.toml
[INFO] crate git repo https://github.com/Kane-Sendgrid/proc_macro_test already has a lockfile, it will not be regenerated
[INFO] running `Command { std: "/workspace/cargo-home/bin/cargo" "+beta-2020-07-24" "fetch" "--locked" "--manifest-path" "Cargo.toml", kill_on_drop: false }`
[INFO] running `Command { std: "docker" "create" "-v" "/var/lib/crater-agent-workspace/builds/worker-3/target:/opt/rustwide/target:rw,Z" "-v" "/var/lib/crater-agent-workspace/builds/worker-3/source:/opt/rustwide/workdir:ro,Z" "-v" "/var/lib/crater-agent-workspace/cargo-home:/opt/rustwide/cargo-home:ro,Z" "-v" "/var/lib/crater-agent-workspace/rustup-home:/opt/rustwide/rustup-home:ro,Z" "-e" "SOURCE_DIR=/opt/rustwide/workdir" "-e" "CARGO_TARGET_DIR=/opt/rustwide/target" "-e" "CARGO_HOME=/opt/rustwide/cargo-home" "-e" "RUSTUP_HOME=/opt/rustwide/rustup-home" "-w" "/opt/rustwide/workdir" "-m" "1610612736" "--user" "0:0" "--network" "none" "rustops/crates-build-env@sha256:a636fd89d022f18117e1dc8fb37a0a009933cdbbe082814857f0e2024962d47c" "/opt/rustwide/cargo-home/bin/cargo" "+beta-2020-07-24" "metadata" "--no-deps" "--format-version=1", kill_on_drop: false }`
[INFO] [stdout] dea33482f4fe0920719850d16370e2ce2a55ce15004c82d7c9f5fc28ead31fb8
[INFO] [stderr] WARNING: Your kernel does not support swap limit capabilities or the cgroup is not mounted. Memory limited without swap.
[INFO] running `Command { std: "docker" "start" "-a" "dea33482f4fe0920719850d16370e2ce2a55ce15004c82d7c9f5fc28ead31fb8", kill_on_drop: false }`
[INFO] running `Command { std: "docker" "inspect" "dea33482f4fe0920719850d16370e2ce2a55ce15004c82d7c9f5fc28ead31fb8", kill_on_drop: false }`
[INFO] running `Command { std: "docker" "rm" "-f" "dea33482f4fe0920719850d16370e2ce2a55ce15004c82d7c9f5fc28ead31fb8", kill_on_drop: false }`
[INFO] [stdout] dea33482f4fe0920719850d16370e2ce2a55ce15004c82d7c9f5fc28ead31fb8
[INFO] running `Command { std: "docker" "create" "-v" "/var/lib/crater-agent-workspace/builds/worker-3/target:/opt/rustwide/target:rw,Z" "-v" "/var/lib/crater-agent-workspace/builds/worker-3/source:/opt/rustwide/workdir:ro,Z" "-v" "/var/lib/crater-agent-workspace/cargo-home:/opt/rustwide/cargo-home:ro,Z" "-v" "/var/lib/crater-agent-workspace/rustup-home:/opt/rustwide/rustup-home:ro,Z" "-e" "SOURCE_DIR=/opt/rustwide/workdir" "-e" "CARGO_TARGET_DIR=/opt/rustwide/target" "-e" "CARGO_INCREMENTAL=0" "-e" "RUST_BACKTRACE=full" "-e" "RUSTFLAGS=--cap-lints=forbid" "-e" "CARGO_HOME=/opt/rustwide/cargo-home" "-e" "RUSTUP_HOME=/opt/rustwide/rustup-home" "-w" "/opt/rustwide/workdir" "-m" "1610612736" "--user" "0:0" "--network" "none" "rustops/crates-build-env@sha256:a636fd89d022f18117e1dc8fb37a0a009933cdbbe082814857f0e2024962d47c" "/opt/rustwide/cargo-home/bin/cargo" "+beta-2020-07-24" "check" "--frozen" "--all" "--all-targets" "--message-format=json", kill_on_drop: false }`
[INFO] [stderr] WARNING: Your kernel does not support swap limit capabilities or the cgroup is not mounted. Memory limited without swap.
[INFO] [stdout] d7c692c3db22f6017ea621f65155d6ddf248ef49f2cc6f44bb65d7cc71aceac6
[INFO] running `Command { std: "docker" "start" "-a" "d7c692c3db22f6017ea621f65155d6ddf248ef49f2cc6f44bb65d7cc71aceac6", kill_on_drop: false }`
[INFO] [stderr]     Blocking waiting for file lock on package cache
[INFO] [stderr]     Blocking waiting for file lock on package cache
[INFO] [stderr]    Compiling proc-macro2 v0.4.13
[INFO] [stderr]     Checking quote v0.6.8
[INFO] [stderr]     Checking syn v0.14.9
[INFO] [stderr]     Checking proc_macro_test v0.1.0 (/opt/rustwide/workdir)
[INFO] [stdout] warning: this method call currently resolves to `<&[T] as IntoIterator>::into_iter` (due to autoref coercions), but that might change in the future when `IntoIterator` impls for arrays are added.
[INFO] [stdout]   --> src/lib.rs:16:20
[INFO] [stdout]    |
[INFO] [stdout] 16 |       let expanded = quote! {
[INFO] [stdout]    |  ____________________^
[INFO] [stdout] 17 | |         [#(#table),*]
[INFO] [stdout] 18 | |     };
[INFO] [stdout]    | |_____^
[INFO] [stdout]    |
[INFO] [stdout]    = note: `#[warn(array_into_iter)]` on by default
[INFO] [stdout]    = warning: this was previously accepted by the compiler but is being phased out; it will become a hard error in a future release!
[INFO] [stdout]    = note: for more information, see issue #66145 <https://github.com/rust-lang/rust/issues/66145>
[INFO] [stdout]    = note: this warning originates in a macro (in Nightly builds, run with -Z macro-backtrace for more info)
[INFO] [stdout] 
[INFO] [stdout] 
[INFO] [stdout] warning: this method call currently resolves to `<&[T] as IntoIterator>::into_iter` (due to autoref coercions), but that might change in the future when `IntoIterator` impls for arrays are added.
[INFO] [stdout]   --> src/lib.rs:16:20
[INFO] [stdout]    |
[INFO] [stdout] 16 |       let expanded = quote! {
[INFO] [stdout]    |  ____________________^
[INFO] [stdout] 17 | |         [#(#table),*]
[INFO] [stdout] 18 | |     };
[INFO] [stdout]    | |_____^
[INFO] [stdout]    |
[INFO] [stdout]    = note: `#[warn(array_into_iter)]` on by default
[INFO] [stdout]    = warning: this was previously accepted by the compiler but is being phased out; it will become a hard error in a future release!
[INFO] [stdout]    = note: for more information, see issue #66145 <https://github.com/rust-lang/rust/issues/66145>
[INFO] [stdout]    = note: this warning originates in a macro (in Nightly builds, run with -Z macro-backtrace for more info)
[INFO] [stdout] 
[INFO] [stdout] 
[INFO] [stdout] warning: 1 warning emitted
[INFO] [stdout] 
[INFO] [stdout] 
[INFO] [stdout] warning: 1 warning emitted
[INFO] [stdout] 
[INFO] [stdout] 
[INFO] [stdout] warning: this method call currently resolves to `<&[T] as IntoIterator>::into_iter` (due to autoref coercions), but that might change in the future when `IntoIterator` impls for arrays are added.
[INFO] [stdout]   --> src/lib.rs:16:20
[INFO] [stdout]    |
[INFO] [stdout] 16 |       let expanded = quote! {
[INFO] [stdout]    |  ____________________^
[INFO] [stdout] 17 | |         [#(#table),*]
[INFO] [stdout] 18 | |     };
[INFO] [stdout]    | |_____^
[INFO] [stdout]    |
[INFO] [stdout]    = note: `#[warn(array_into_iter)]` on by default
[INFO] [stdout]    = warning: this was previously accepted by the compiler but is being phased out; it will become a hard error in a future release!
[INFO] [stdout]    = note: for more information, see issue #66145 <https://github.com/rust-lang/rust/issues/66145>
[INFO] [stdout]    = note: this warning originates in a macro (in Nightly builds, run with -Z macro-backtrace for more info)
[INFO] [stdout] 
[INFO] [stdout] 
[INFO] [stdout] warning: 1 warning emitted
[INFO] [stdout] 
[INFO] [stdout] 
[INFO] [stdout] error[E0557]: feature has been removed
[INFO] [stdout]  --> src/main.rs:1:12
[INFO] [stdout]   |
[INFO] [stdout] 1 | #![feature(proc_macro_non_items)]
[INFO] [stdout]   |            ^^^^^^^^^^^^^^^^^^^^ feature has been removed
[INFO] [stdout]   |
[INFO] [stdout]   = note: subsumed by `#![feature(proc_macro_hygiene)]`
[INFO] [stdout] 
[INFO] [stdout] 
[INFO] [stdout] error[E0557]: feature has been removed
[INFO] [stdout]  --> src/main.rs:1:12
[INFO] [stdout]   |
[INFO] [stdout] 1 | #![feature(proc_macro_non_items)]
[INFO] [stdout]   |            ^^^^^^^^^^^^^^^^^^^^ feature has been removed
[INFO] [stdout]   |
[INFO] [stdout]   = note: subsumed by `#![feature(proc_macro_hygiene)]`
[INFO] [stdout] 
[INFO] [stdout] 
[INFO] [stdout] error[E0554]: `#![feature]` may not be used on the beta release channel
[INFO] [stdout]  --> src/main.rs:1:1
[INFO] [stdout]   |
[INFO] [stdout] 1 | #![feature(proc_macro_non_items)]
[INFO] [stdout]   | ^^^^^^^^^^^^^^^^^^^^^^^^^^^^^^^^^
[INFO] [stdout] 
[INFO] [stdout] 
[INFO] [stdout] error: aborting due to 2 previous errors
[INFO] [stdout] 
[INFO] [stdout] 
[INFO] [stdout] Some errors have detailed explanations: E0554, E0557.
[INFO] [stdout] 
[INFO] [stdout] For more information about an error, try `rustc --explain E0554`.
[INFO] [stdout] 
[INFO] [stderr] error: could not compile `proc_macro_test`.
[INFO] [stderr] 
[INFO] [stderr] To learn more, run the command again with --verbose.
[INFO] [stderr] warning: build failed, waiting for other jobs to finish...
[INFO] [stdout] error[E0554]: `#![feature]` may not be used on the beta release channel
[INFO] [stdout]  --> src/main.rs:1:1
[INFO] [stdout]   |
[INFO] [stdout] 1 | #![feature(proc_macro_non_items)]
[INFO] [stdout]   | ^^^^^^^^^^^^^^^^^^^^^^^^^^^^^^^^^
[INFO] [stdout] 
[INFO] [stdout] 
[INFO] [stdout] error: aborting due to 2 previous errors
[INFO] [stdout] 
[INFO] [stdout] 
[INFO] [stdout] Some errors have detailed explanations: E0554, E0557.
[INFO] [stdout] 
[INFO] [stdout] For more information about an error, try `rustc --explain E0554`.
[INFO] [stdout] 
[INFO] [stderr] error: build failed
[INFO] running `Command { std: "docker" "inspect" "d7c692c3db22f6017ea621f65155d6ddf248ef49f2cc6f44bb65d7cc71aceac6", kill_on_drop: false }`
[INFO] running `Command { std: "docker" "rm" "-f" "d7c692c3db22f6017ea621f65155d6ddf248ef49f2cc6f44bb65d7cc71aceac6", kill_on_drop: false }`
[INFO] [stdout] d7c692c3db22f6017ea621f65155d6ddf248ef49f2cc6f44bb65d7cc71aceac6
