[INFO] cloning repository https://github.com/KallDrexx/cryptoquip_solver_rust
[INFO] running `Command { std: "git" "-c" "credential.helper=" "-c" "credential.helper=/workspace/cargo-home/bin/git-credential-null" "clone" "--bare" "https://github.com/KallDrexx/cryptoquip_solver_rust" "/workspace/cache/git-repos/https%3A%2F%2Fgithub.com%2FKallDrexx%2Fcryptoquip_solver_rust", kill_on_drop: false }`
[INFO] [stderr] Cloning into bare repository '/workspace/cache/git-repos/https%3A%2F%2Fgithub.com%2FKallDrexx%2Fcryptoquip_solver_rust'...
[INFO] running `Command { std: "git" "rev-parse" "HEAD", kill_on_drop: false }`
[INFO] [stdout] 0d93020defd2cd032ca413a3ffbec340ffa53394
[INFO] checking KallDrexx/cryptoquip_solver_rust against beta-2020-07-24 for pr-75494-beta
[INFO] running `Command { std: "git" "clone" "/workspace/cache/git-repos/https%3A%2F%2Fgithub.com%2FKallDrexx%2Fcryptoquip_solver_rust" "/workspace/builds/worker-4/source", kill_on_drop: false }`
[INFO] [stderr] Cloning into '/workspace/builds/worker-4/source'...
[INFO] [stderr] done.
[INFO] validating manifest of git repo https://github.com/KallDrexx/cryptoquip_solver_rust on toolchain beta-2020-07-24
[INFO] running `Command { std: "/workspace/cargo-home/bin/cargo" "+beta-2020-07-24" "read-manifest" "--manifest-path" "Cargo.toml", kill_on_drop: false }`
[INFO] started tweaking git repo https://github.com/KallDrexx/cryptoquip_solver_rust
[INFO] finished tweaking git repo https://github.com/KallDrexx/cryptoquip_solver_rust
[INFO] tweaked toml for git repo https://github.com/KallDrexx/cryptoquip_solver_rust written to /workspace/builds/worker-4/source/Cargo.toml
[INFO] crate git repo https://github.com/KallDrexx/cryptoquip_solver_rust already has a lockfile, it will not be regenerated
[INFO] running `Command { std: "/workspace/cargo-home/bin/cargo" "+beta-2020-07-24" "fetch" "--locked" "--manifest-path" "Cargo.toml", kill_on_drop: false }`
[INFO] running `Command { std: "docker" "create" "-v" "/var/lib/crater-agent-workspace/builds/worker-4/target:/opt/rustwide/target:rw,Z" "-v" "/var/lib/crater-agent-workspace/builds/worker-4/source:/opt/rustwide/workdir:ro,Z" "-v" "/var/lib/crater-agent-workspace/cargo-home:/opt/rustwide/cargo-home:ro,Z" "-v" "/var/lib/crater-agent-workspace/rustup-home:/opt/rustwide/rustup-home:ro,Z" "-e" "SOURCE_DIR=/opt/rustwide/workdir" "-e" "CARGO_TARGET_DIR=/opt/rustwide/target" "-e" "CARGO_HOME=/opt/rustwide/cargo-home" "-e" "RUSTUP_HOME=/opt/rustwide/rustup-home" "-w" "/opt/rustwide/workdir" "-m" "1610612736" "--user" "0:0" "--network" "none" "rustops/crates-build-env@sha256:a636fd89d022f18117e1dc8fb37a0a009933cdbbe082814857f0e2024962d47c" "/opt/rustwide/cargo-home/bin/cargo" "+beta-2020-07-24" "metadata" "--no-deps" "--format-version=1", kill_on_drop: false }`
[INFO] [stdout] 2b601ad22d43a6437370f298db3eb8dc13cc116cae5fb97795195a56916d85b0
[INFO] [stderr] WARNING: Your kernel does not support swap limit capabilities or the cgroup is not mounted. Memory limited without swap.
[INFO] running `Command { std: "docker" "start" "-a" "2b601ad22d43a6437370f298db3eb8dc13cc116cae5fb97795195a56916d85b0", kill_on_drop: false }`
[INFO] running `Command { std: "docker" "inspect" "2b601ad22d43a6437370f298db3eb8dc13cc116cae5fb97795195a56916d85b0", kill_on_drop: false }`
[INFO] running `Command { std: "docker" "rm" "-f" "2b601ad22d43a6437370f298db3eb8dc13cc116cae5fb97795195a56916d85b0", kill_on_drop: false }`
[INFO] [stdout] 2b601ad22d43a6437370f298db3eb8dc13cc116cae5fb97795195a56916d85b0
[INFO] running `Command { std: "docker" "create" "-v" "/var/lib/crater-agent-workspace/builds/worker-4/target:/opt/rustwide/target:rw,Z" "-v" "/var/lib/crater-agent-workspace/builds/worker-4/source:/opt/rustwide/workdir:ro,Z" "-v" "/var/lib/crater-agent-workspace/cargo-home:/opt/rustwide/cargo-home:ro,Z" "-v" "/var/lib/crater-agent-workspace/rustup-home:/opt/rustwide/rustup-home:ro,Z" "-e" "SOURCE_DIR=/opt/rustwide/workdir" "-e" "CARGO_TARGET_DIR=/opt/rustwide/target" "-e" "CARGO_INCREMENTAL=0" "-e" "RUST_BACKTRACE=full" "-e" "RUSTFLAGS=--cap-lints=forbid" "-e" "CARGO_HOME=/opt/rustwide/cargo-home" "-e" "RUSTUP_HOME=/opt/rustwide/rustup-home" "-w" "/opt/rustwide/workdir" "-m" "1610612736" "--user" "0:0" "--network" "none" "rustops/crates-build-env@sha256:a636fd89d022f18117e1dc8fb37a0a009933cdbbe082814857f0e2024962d47c" "/opt/rustwide/cargo-home/bin/cargo" "+beta-2020-07-24" "check" "--frozen" "--all" "--all-targets" "--message-format=json", kill_on_drop: false }`
[INFO] [stdout] 108d5df229f1c8ff05854972437447015d31b7777e2c72a0527305df946107b5
[INFO] [stderr] WARNING: Your kernel does not support swap limit capabilities or the cgroup is not mounted. Memory limited without swap.
[INFO] running `Command { std: "docker" "start" "-a" "108d5df229f1c8ff05854972437447015d31b7777e2c72a0527305df946107b5", kill_on_drop: false }`
[INFO] [stderr]     Checking cryptoquip_solver v0.0.1 (/opt/rustwide/workdir)
[INFO] [stdout] error[E0554]: `#![feature]` may not be used on the beta release channel
[INFO] [stdout]  --> src/main.rs:1:1
[INFO] [stdout]   |
[INFO] [stdout] 1 | #![feature(std_misc,collections)]
[INFO] [stdout]   | ^^^^^^^^^^^^^^^^^^^^^^^^^^^^^^^^^
[INFO] [stdout] 
[INFO] [stdout] 
[INFO] [stdout] warning: unnecessary parentheses around `for` iterator expression
[INFO] [stdout]  --> src/char_mapping.rs:8:11
[INFO] [stdout]   |
[INFO] [stdout] 8 |     for x in (0..input.len()) {
[INFO] [stdout]   |              ^^^^^^^^^^^^^^^^ help: remove these parentheses
[INFO] [stdout]   |
[INFO] [stdout]   = note: `#[warn(unused_parens)]` on by default
[INFO] [stdout] 
[INFO] [stdout] 
[INFO] [stdout] error[E0601]: `main` function not found in crate `cryptoquip_solver`
[INFO] [stdout]  --> src/main.rs:1:1
[INFO] [stdout]   |
[INFO] [stdout] 1 | / #![feature(std_misc,collections)]
[INFO] [stdout] 2 | |
[INFO] [stdout] 3 | | mod types;
[INFO] [stdout] 4 | | mod fingerprinter;
[INFO] [stdout] 5 | | mod value_readers;
[INFO] [stdout] 6 | | mod char_mapping;
[INFO] [stdout]   | |_________________^ consider adding a `main` function to `src/main.rs`
[INFO] [stdout] 
[INFO] [stdout] 
[INFO] [stdout] error[E0554]: `#![feature]` may not be used on the beta release channel
[INFO] [stdout]  --> src/main.rs:1:1
[INFO] [stdout]   |
[INFO] [stdout] 1 | #![feature(std_misc,collections)]
[INFO] [stdout]   | ^^^^^^^^^^^^^^^^^^^^^^^^^^^^^^^^^
[INFO] [stdout] 
[INFO] [stdout] 
[INFO] [stdout] warning: unnecessary parentheses around `for` iterator expression
[INFO] [stdout]  --> src/char_mapping.rs:8:11
[INFO] [stdout]   |
[INFO] [stdout] 8 |     for x in (0..input.len()) {
[INFO] [stdout]   |              ^^^^^^^^^^^^^^^^ help: remove these parentheses
[INFO] [stdout]   |
[INFO] [stdout]   = note: `#[warn(unused_parens)]` on by default
[INFO] [stdout] 
[INFO] [stdout] 
[INFO] [stdout] error[E0599]: no method named `char_at` found for reference `&str` in the current scope
[INFO] [stdout]  --> src/char_mapping.rs:9:26
[INFO] [stdout]   |
[INFO] [stdout] 9 |         let input_char = input.char_at(x);
[INFO] [stdout]   |                                ^^^^^^^ method not found in `&str`
[INFO] [stdout] 
[INFO] [stdout] 
[INFO] [stdout] error[E0599]: no method named `char_at` found for reference `&str` in the current scope
[INFO] [stdout]   --> src/char_mapping.rs:10:34
[INFO] [stdout]    |
[INFO] [stdout] 10 |         let candidate_char = candidate.char_at(x);
[INFO] [stdout]    |                                        ^^^^^^^ method not found in `&str`
[INFO] [stdout] 
[INFO] [stdout] 
[INFO] [stdout] error: aborting due to 4 previous errors; 1 warning emitted
[INFO] [stdout] 
[INFO] [stdout] 
[INFO] [stdout] Some errors have detailed explanations: E0554, E0599, E0601.
[INFO] [stdout] 
[INFO] [stdout] For more information about an error, try `rustc --explain E0554`.
[INFO] [stdout] 
[INFO] [stderr] error: could not compile `cryptoquip_solver`.
[INFO] [stderr] 
[INFO] [stderr] To learn more, run the command again with --verbose.
[INFO] [stderr] warning: build failed, waiting for other jobs to finish...
[INFO] [stdout] error[E0599]: no method named `char_at` found for reference `&str` in the current scope
[INFO] [stdout]  --> src/char_mapping.rs:9:26
[INFO] [stdout]   |
[INFO] [stdout] 9 |         let input_char = input.char_at(x);
[INFO] [stdout]   |                                ^^^^^^^ method not found in `&str`
[INFO] [stdout] 
[INFO] [stdout] 
[INFO] [stdout] error[E0599]: no method named `char_at` found for reference `&str` in the current scope
[INFO] [stdout]   --> src/char_mapping.rs:10:34
[INFO] [stdout]    |
[INFO] [stdout] 10 |         let candidate_char = candidate.char_at(x);
[INFO] [stdout]    |                                        ^^^^^^^ method not found in `&str`
[INFO] [stdout] 
[INFO] [stdout] 
[INFO] [stdout] error: aborting due to 3 previous errors; 1 warning emitted
[INFO] [stdout] 
[INFO] [stdout] 
[INFO] [stdout] Some errors have detailed explanations: E0554, E0599.
[INFO] [stdout] 
[INFO] [stdout] For more information about an error, try `rustc --explain E0554`.
[INFO] [stdout] 
[INFO] [stderr] error: build failed
[INFO] running `Command { std: "docker" "inspect" "108d5df229f1c8ff05854972437447015d31b7777e2c72a0527305df946107b5", kill_on_drop: false }`
[INFO] running `Command { std: "docker" "rm" "-f" "108d5df229f1c8ff05854972437447015d31b7777e2c72a0527305df946107b5", kill_on_drop: false }`
[INFO] [stdout] 108d5df229f1c8ff05854972437447015d31b7777e2c72a0527305df946107b5
