[INFO] cloning repository https://github.com/Jurnace/Jonitor
[INFO] running `Command { std: "git" "-c" "credential.helper=" "-c" "credential.helper=/workspace/cargo-home/bin/git-credential-null" "clone" "--bare" "https://github.com/Jurnace/Jonitor" "/workspace/cache/git-repos/https%3A%2F%2Fgithub.com%2FJurnace%2FJonitor", kill_on_drop: false }`
[INFO] [stderr] Cloning into bare repository '/workspace/cache/git-repos/https%3A%2F%2Fgithub.com%2FJurnace%2FJonitor'...
[INFO] running `Command { std: "git" "rev-parse" "HEAD", kill_on_drop: false }`
[INFO] [stdout] 7252e8f3a726d407cbd75b1a95afcd57593b4f85
[INFO] checking Jurnace/Jonitor against beta-2020-07-24 for pr-75494-beta
[INFO] running `Command { std: "git" "clone" "/workspace/cache/git-repos/https%3A%2F%2Fgithub.com%2FJurnace%2FJonitor" "/workspace/builds/worker-6/source", kill_on_drop: false }`
[INFO] [stderr] Cloning into '/workspace/builds/worker-6/source'...
[INFO] [stderr] done.
[INFO] validating manifest of git repo https://github.com/Jurnace/Jonitor on toolchain beta-2020-07-24
[INFO] running `Command { std: "/workspace/cargo-home/bin/cargo" "+beta-2020-07-24" "read-manifest" "--manifest-path" "Cargo.toml", kill_on_drop: false }`
[INFO] started tweaking git repo https://github.com/Jurnace/Jonitor
[INFO] finished tweaking git repo https://github.com/Jurnace/Jonitor
[INFO] tweaked toml for git repo https://github.com/Jurnace/Jonitor written to /workspace/builds/worker-6/source/Cargo.toml
[INFO] crate git repo https://github.com/Jurnace/Jonitor already has a lockfile, it will not be regenerated
[INFO] running `Command { std: "/workspace/cargo-home/bin/cargo" "+beta-2020-07-24" "fetch" "--locked" "--manifest-path" "Cargo.toml", kill_on_drop: false }`
[INFO] running `Command { std: "docker" "create" "-v" "/var/lib/crater-agent-workspace/builds/worker-6/target:/opt/rustwide/target:rw,Z" "-v" "/var/lib/crater-agent-workspace/builds/worker-6/source:/opt/rustwide/workdir:ro,Z" "-v" "/var/lib/crater-agent-workspace/cargo-home:/opt/rustwide/cargo-home:ro,Z" "-v" "/var/lib/crater-agent-workspace/rustup-home:/opt/rustwide/rustup-home:ro,Z" "-e" "SOURCE_DIR=/opt/rustwide/workdir" "-e" "CARGO_TARGET_DIR=/opt/rustwide/target" "-e" "CARGO_HOME=/opt/rustwide/cargo-home" "-e" "RUSTUP_HOME=/opt/rustwide/rustup-home" "-w" "/opt/rustwide/workdir" "-m" "1610612736" "--user" "0:0" "--network" "none" "rustops/crates-build-env@sha256:a636fd89d022f18117e1dc8fb37a0a009933cdbbe082814857f0e2024962d47c" "/opt/rustwide/cargo-home/bin/cargo" "+beta-2020-07-24" "metadata" "--no-deps" "--format-version=1", kill_on_drop: false }`
[INFO] [stdout] bb0018c8aa5acf0d4fd7163947320be2ead63c4dc3ce710023894c7c108ea3b7
[INFO] [stderr] WARNING: Your kernel does not support swap limit capabilities or the cgroup is not mounted. Memory limited without swap.
[INFO] running `Command { std: "docker" "start" "-a" "bb0018c8aa5acf0d4fd7163947320be2ead63c4dc3ce710023894c7c108ea3b7", kill_on_drop: false }`
[INFO] running `Command { std: "docker" "inspect" "bb0018c8aa5acf0d4fd7163947320be2ead63c4dc3ce710023894c7c108ea3b7", kill_on_drop: false }`
[INFO] running `Command { std: "docker" "rm" "-f" "bb0018c8aa5acf0d4fd7163947320be2ead63c4dc3ce710023894c7c108ea3b7", kill_on_drop: false }`
[INFO] [stdout] bb0018c8aa5acf0d4fd7163947320be2ead63c4dc3ce710023894c7c108ea3b7
[INFO] running `Command { std: "docker" "create" "-v" "/var/lib/crater-agent-workspace/builds/worker-6/target:/opt/rustwide/target:rw,Z" "-v" "/var/lib/crater-agent-workspace/builds/worker-6/source:/opt/rustwide/workdir:ro,Z" "-v" "/var/lib/crater-agent-workspace/cargo-home:/opt/rustwide/cargo-home:ro,Z" "-v" "/var/lib/crater-agent-workspace/rustup-home:/opt/rustwide/rustup-home:ro,Z" "-e" "SOURCE_DIR=/opt/rustwide/workdir" "-e" "CARGO_TARGET_DIR=/opt/rustwide/target" "-e" "CARGO_INCREMENTAL=0" "-e" "RUST_BACKTRACE=full" "-e" "RUSTFLAGS=--cap-lints=forbid" "-e" "CARGO_HOME=/opt/rustwide/cargo-home" "-e" "RUSTUP_HOME=/opt/rustwide/rustup-home" "-w" "/opt/rustwide/workdir" "-m" "1610612736" "--user" "0:0" "--network" "none" "rustops/crates-build-env@sha256:a636fd89d022f18117e1dc8fb37a0a009933cdbbe082814857f0e2024962d47c" "/opt/rustwide/cargo-home/bin/cargo" "+beta-2020-07-24" "check" "--frozen" "--all" "--all-targets" "--message-format=json", kill_on_drop: false }`
[INFO] [stderr] WARNING: Your kernel does not support swap limit capabilities or the cgroup is not mounted. Memory limited without swap.
[INFO] [stdout] 5177372b7254c372f90c3ddc90fc75fa6960bd30f01c30bb456ec17d079448ce
[INFO] running `Command { std: "docker" "start" "-a" "5177372b7254c372f90c3ddc90fc75fa6960bd30f01c30bb456ec17d079448ce", kill_on_drop: false }`
[INFO] [stderr]    Compiling syn v1.0.33
[INFO] [stderr]    Compiling memchr v2.3.3
[INFO] [stderr]    Compiling autocfg v1.0.0
[INFO] [stderr]    Compiling getrandom v0.1.14
[INFO] [stderr]    Compiling version_check v0.9.2
[INFO] [stderr]     Checking once_cell v1.4.0
[INFO] [stderr]     Checking ppv-lite86 v0.2.8
[INFO] [stderr]    Compiling bitflags v1.2.1
[INFO] [stderr]    Compiling ryu v1.0.5
[INFO] [stderr]     Checking remove_dir_all v0.5.3
[INFO] [stderr]     Checking base64 v0.12.2
[INFO] [stderr]     Checking tower-service v0.3.0
[INFO] [stderr]     Checking urlencoding v1.1.1
[INFO] [stderr]     Checking scoped-tls v1.0.0
[INFO] [stderr]     Checking input_buffer v0.3.1
[INFO] [stderr]    Compiling rand_pcg v0.1.2
[INFO] [stderr]    Compiling proc-macro2 v1.0.18
[INFO] [stderr]    Compiling rand_chacha v0.1.1
[INFO] [stderr]    Compiling rand v0.6.5
[INFO] [stderr]     Checking headers-core v0.2.0
[INFO] [stderr]     Checking http-body v0.3.1
[INFO] [stderr]     Checking net2 v0.2.34
[INFO] [stderr]     Checking rand_os v0.1.3
[INFO] [stderr]     Checking socket2 v0.3.12
[INFO] [stderr]     Checking futures-task v0.3.5
[INFO] [stderr]     Checking log v0.3.9
[INFO] [stderr]     Checking want v0.3.0
[INFO] [stderr]    Compiling unicase v1.4.2
[INFO] [stderr]     Checking digest v0.8.1
[INFO] [stderr]     Checking block-buffer v0.7.3
[INFO] [stderr]     Checking phf_shared v0.7.24
[INFO] [stderr]     Checking mio v0.6.22
[INFO] [stderr]     Checking mime v0.2.6
[INFO] [stderr]     Checking sha-1 v0.8.2
[INFO] [stderr]     Checking rand_core v0.5.1
[INFO] [stderr]     Checking phf v0.7.24
[INFO] [stderr]    Compiling quote v1.0.7
[INFO] [stderr]    Compiling indexmap v1.4.0
[INFO] [stderr]    Compiling num-traits v0.2.12
[INFO] [stderr]    Compiling num-integer v0.1.43
[INFO] [stderr]     Checking headers v0.3.2
[INFO] [stderr]    Compiling unicase v2.6.0
[INFO] [stderr]     Checking rand_chacha v0.2.2
[INFO] [stderr]     Checking twoway v0.1.8
[INFO] [stderr]     Checking buf_redux v0.8.4
[INFO] [stderr]     Checking rand v0.7.3
[INFO] [stderr]    Compiling mime_guess v2.0.3
[INFO] [stderr]    Compiling phf_generator v0.7.24
[INFO] [stderr]    Compiling phf_codegen v0.7.24
[INFO] [stderr]     Checking tempfile v3.1.0
[INFO] [stderr]     Checking tungstenite v0.10.1
[INFO] [stderr]    Compiling mime_guess v1.8.8
[INFO] [stderr]     Checking chrono v0.4.11
[INFO] [stderr]     Checking multipart v0.16.1
[INFO] [stderr]    Compiling pin-project-internal v0.4.22
[INFO] [stderr]    Compiling futures-macro v0.3.5
[INFO] [stderr]    Compiling tokio-macros v0.2.5
[INFO] [stderr]    Compiling serde_derive v1.0.114
[INFO] [stderr]     Checking tokio v0.2.21
[INFO] [stderr]     Checking pin-project v0.4.22
[INFO] [stderr]     Checking futures-util v0.3.5
[INFO] [stderr]     Checking tokio-util v0.3.1
[INFO] [stderr]     Checking serde v1.0.114
[INFO] [stderr]     Checking futures-executor v0.3.5
[INFO] [stderr]     Checking h2 v0.2.5
[INFO] [stderr]     Checking futures v0.3.5
[INFO] [stderr]     Checking tokio-tungstenite v0.10.1
[INFO] [stderr]     Checking hyper v0.13.6
[INFO] [stderr]     Checking serde_json v1.0.55
[INFO] [stderr]     Checking serde_urlencoded v0.6.1
[INFO] [stderr]     Checking warp v0.2.3
[INFO] [stderr]     Checking jonitor v1.0.0 (/opt/rustwide/workdir)
[INFO] [stdout] error[E0583]: file not found for module `hwinfo`
[INFO] [stdout]   --> src/main.rs:30:1
[INFO] [stdout]    |
[INFO] [stdout] 30 | mod hwinfo;
[INFO] [stdout]    | ^^^^^^^^^^^
[INFO] [stdout]    |
[INFO] [stdout]    = help: to create the module `hwinfo`, create file "src/hwinfo.rs"
[INFO] [stdout] 
[INFO] [stdout] 
[INFO] [stdout] error[E0583]: file not found for module `hwinfo`
[INFO] [stdout]   --> src/main.rs:30:1
[INFO] [stdout]    |
[INFO] [stdout] 30 | mod hwinfo;
[INFO] [stdout]    | ^^^^^^^^^^^
[INFO] [stdout]    |
[INFO] [stdout]    = help: to create the module `hwinfo`, create file "src/hwinfo.rs"
[INFO] [stdout] 
[INFO] [stdout] 
[INFO] [stdout] error[E0433]: failed to resolve: could not find `windows` in `os`
[INFO] [stdout]  --> src/main.rs:7:14
[INFO] [stdout]   |
[INFO] [stdout] 7 | use std::os::windows::io::AsRawHandle;
[INFO] [stdout]   |              ^^^^^^^ could not find `windows` in `os`
[INFO] [stdout] 
[INFO] [stdout] 
[INFO] [stdout] error[E0433]: failed to resolve: could not find `SharedMemory` in `hwinfo`
[INFO] [stdout]   --> src/main.rs:71:26
[INFO] [stdout]    |
[INFO] [stdout] 71 |     let hwinfo = hwinfo::SharedMemory::new();
[INFO] [stdout]    |                          ^^^^^^^^^^^^ could not find `SharedMemory` in `hwinfo`
[INFO] [stdout] 
[INFO] [stdout] 
[INFO] [stdout] error[E0433]: failed to resolve: could not find `windows` in `os`
[INFO] [stdout]  --> src/main.rs:7:14
[INFO] [stdout]   |
[INFO] [stdout] 7 | use std::os::windows::io::AsRawHandle;
[INFO] [stdout]   |              ^^^^^^^ could not find `windows` in `os`
[INFO] [stdout] 
[INFO] [stdout] 
[INFO] [stdout] error[E0433]: failed to resolve: could not find `SharedMemory` in `hwinfo`
[INFO] [stdout]   --> src/main.rs:71:26
[INFO] [stdout]    |
[INFO] [stdout] 71 |     let hwinfo = hwinfo::SharedMemory::new();
[INFO] [stdout]    |                          ^^^^^^^^^^^^ could not find `SharedMemory` in `hwinfo`
[INFO] [stdout] 
[INFO] [stdout] 
[INFO] [stdout] error[E0599]: no method named `as_raw_handle` found for struct `std::io::Stdin` in the current scope
[INFO] [stdout]   --> src/main.rs:43:36
[INFO] [stdout]    |
[INFO] [stdout] 43 |     let input_handle = io::stdin().as_raw_handle();
[INFO] [stdout]    |                                    ^^^^^^^^^^^^^ method not found in `std::io::Stdin`
[INFO] [stdout] 
[INFO] [stdout] 
[INFO] [stdout] error[E0599]: no method named `as_raw_handle` found for struct `std::io::Stdin` in the current scope
[INFO] [stdout]   --> src/main.rs:43:36
[INFO] [stdout]    |
[INFO] [stdout] 43 |     let input_handle = io::stdin().as_raw_handle();
[INFO] [stdout]    |                                    ^^^^^^^^^^^^^ method not found in `std::io::Stdin`
[INFO] [stdout] 
[INFO] [stdout] 
[INFO] [stdout] error[E0599]: no method named `as_raw_handle` found for struct `std::io::Stdin` in the current scope
[INFO] [stdout]    --> src/main.rs:231:40
[INFO] [stdout]     |
[INFO] [stdout] 231 |             SetConsoleMode(io::stdin().as_raw_handle(), mode);
[INFO] [stdout]     |                                        ^^^^^^^^^^^^^ method not found in `std::io::Stdin`
[INFO] [stdout] 
[INFO] [stdout] 
[INFO] [stdout] error[E0599]: no method named `as_raw_handle` found for struct `std::io::Stdin` in the current scope
[INFO] [stdout]    --> src/main.rs:325:36
[INFO] [stdout]     |
[INFO] [stdout] 325 |         SetConsoleMode(io::stdin().as_raw_handle(), mode);
[INFO] [stdout]     |                                    ^^^^^^^^^^^^^ method not found in `std::io::Stdin`
[INFO] [stdout] 
[INFO] [stdout] 
[INFO] [stdout] error[E0599]: no method named `as_raw_handle` found for struct `std::io::Stdin` in the current scope
[INFO] [stdout]    --> src/main.rs:231:40
[INFO] [stdout]     |
[INFO] [stdout] 231 |             SetConsoleMode(io::stdin().as_raw_handle(), mode);
[INFO] [stdout]     |                                        ^^^^^^^^^^^^^ method not found in `std::io::Stdin`
[INFO] [stdout] 
[INFO] [stdout] 
[INFO] [stdout] error: aborting due to 6 previous errors
[INFO] [stdout] 
[INFO] [stdout] 
[INFO] [stdout] Some errors have detailed explanations: E0433, E0583, E0599.
[INFO] [stdout] 
[INFO] [stdout] For more information about an error, try `rustc --explain E0433`.
[INFO] [stdout] 
[INFO] [stderr] error: could not compile `jonitor`.
[INFO] [stderr] 
[INFO] [stderr] To learn more, run the command again with --verbose.
[INFO] [stderr] warning: build failed, waiting for other jobs to finish...
[INFO] [stdout] error[E0599]: no method named `as_raw_handle` found for struct `std::io::Stdin` in the current scope
[INFO] [stdout]    --> src/main.rs:325:36
[INFO] [stdout]     |
[INFO] [stdout] 325 |         SetConsoleMode(io::stdin().as_raw_handle(), mode);
[INFO] [stdout]     |                                    ^^^^^^^^^^^^^ method not found in `std::io::Stdin`
[INFO] [stdout] 
[INFO] [stdout] 
[INFO] [stdout] error: aborting due to 6 previous errors
[INFO] [stdout] 
[INFO] [stdout] 
[INFO] [stdout] Some errors have detailed explanations: E0433, E0583, E0599.
[INFO] [stdout] 
[INFO] [stdout] For more information about an error, try `rustc --explain E0433`.
[INFO] [stdout] 
[INFO] [stderr] error: build failed
[INFO] running `Command { std: "docker" "inspect" "5177372b7254c372f90c3ddc90fc75fa6960bd30f01c30bb456ec17d079448ce", kill_on_drop: false }`
[INFO] running `Command { std: "docker" "rm" "-f" "5177372b7254c372f90c3ddc90fc75fa6960bd30f01c30bb456ec17d079448ce", kill_on_drop: false }`
[INFO] [stdout] 5177372b7254c372f90c3ddc90fc75fa6960bd30f01c30bb456ec17d079448ce
