[INFO] cloning repository https://github.com/JunkuiZhang/coronavirus_rust
[INFO] running `Command { std: "git" "-c" "credential.helper=" "-c" "credential.helper=/workspace/cargo-home/bin/git-credential-null" "clone" "--bare" "https://github.com/JunkuiZhang/coronavirus_rust" "/workspace/cache/git-repos/https%3A%2F%2Fgithub.com%2FJunkuiZhang%2Fcoronavirus_rust", kill_on_drop: false }`
[INFO] [stderr] Cloning into bare repository '/workspace/cache/git-repos/https%3A%2F%2Fgithub.com%2FJunkuiZhang%2Fcoronavirus_rust'...
[INFO] running `Command { std: "git" "rev-parse" "HEAD", kill_on_drop: false }`
[INFO] [stdout] 19736715b564d190f8b2737ca7f690e781dc67cc
[INFO] checking JunkuiZhang/coronavirus_rust against beta-2020-07-24 for pr-75494-beta
[INFO] running `Command { std: "git" "clone" "/workspace/cache/git-repos/https%3A%2F%2Fgithub.com%2FJunkuiZhang%2Fcoronavirus_rust" "/workspace/builds/worker-4/source", kill_on_drop: false }`
[INFO] [stderr] Cloning into '/workspace/builds/worker-4/source'...
[INFO] [stderr] done.
[INFO] validating manifest of git repo https://github.com/JunkuiZhang/coronavirus_rust on toolchain beta-2020-07-24
[INFO] running `Command { std: "/workspace/cargo-home/bin/cargo" "+beta-2020-07-24" "read-manifest" "--manifest-path" "Cargo.toml", kill_on_drop: false }`
[INFO] started tweaking git repo https://github.com/JunkuiZhang/coronavirus_rust
[INFO] finished tweaking git repo https://github.com/JunkuiZhang/coronavirus_rust
[INFO] tweaked toml for git repo https://github.com/JunkuiZhang/coronavirus_rust written to /workspace/builds/worker-4/source/Cargo.toml
[INFO] crate git repo https://github.com/JunkuiZhang/coronavirus_rust already has a lockfile, it will not be regenerated
[INFO] running `Command { std: "/workspace/cargo-home/bin/cargo" "+beta-2020-07-24" "fetch" "--locked" "--manifest-path" "Cargo.toml", kill_on_drop: false }`
[INFO] running `Command { std: "docker" "create" "-v" "/var/lib/crater-agent-workspace/builds/worker-4/target:/opt/rustwide/target:rw,Z" "-v" "/var/lib/crater-agent-workspace/builds/worker-4/source:/opt/rustwide/workdir:ro,Z" "-v" "/var/lib/crater-agent-workspace/cargo-home:/opt/rustwide/cargo-home:ro,Z" "-v" "/var/lib/crater-agent-workspace/rustup-home:/opt/rustwide/rustup-home:ro,Z" "-e" "SOURCE_DIR=/opt/rustwide/workdir" "-e" "CARGO_TARGET_DIR=/opt/rustwide/target" "-e" "CARGO_HOME=/opt/rustwide/cargo-home" "-e" "RUSTUP_HOME=/opt/rustwide/rustup-home" "-w" "/opt/rustwide/workdir" "-m" "1610612736" "--user" "0:0" "--network" "none" "rustops/crates-build-env@sha256:a636fd89d022f18117e1dc8fb37a0a009933cdbbe082814857f0e2024962d47c" "/opt/rustwide/cargo-home/bin/cargo" "+beta-2020-07-24" "metadata" "--no-deps" "--format-version=1", kill_on_drop: false }`
[INFO] [stderr] WARNING: Your kernel does not support swap limit capabilities or the cgroup is not mounted. Memory limited without swap.
[INFO] [stdout] b0fbd803de98ab1ecf5681962878ca4ebe5e5a0a0da91318e76f1f549fe1843f
[INFO] running `Command { std: "docker" "start" "-a" "b0fbd803de98ab1ecf5681962878ca4ebe5e5a0a0da91318e76f1f549fe1843f", kill_on_drop: false }`
[INFO] running `Command { std: "docker" "inspect" "b0fbd803de98ab1ecf5681962878ca4ebe5e5a0a0da91318e76f1f549fe1843f", kill_on_drop: false }`
[INFO] running `Command { std: "docker" "rm" "-f" "b0fbd803de98ab1ecf5681962878ca4ebe5e5a0a0da91318e76f1f549fe1843f", kill_on_drop: false }`
[INFO] [stdout] b0fbd803de98ab1ecf5681962878ca4ebe5e5a0a0da91318e76f1f549fe1843f
[INFO] running `Command { std: "docker" "create" "-v" "/var/lib/crater-agent-workspace/builds/worker-4/target:/opt/rustwide/target:rw,Z" "-v" "/var/lib/crater-agent-workspace/builds/worker-4/source:/opt/rustwide/workdir:ro,Z" "-v" "/var/lib/crater-agent-workspace/cargo-home:/opt/rustwide/cargo-home:ro,Z" "-v" "/var/lib/crater-agent-workspace/rustup-home:/opt/rustwide/rustup-home:ro,Z" "-e" "SOURCE_DIR=/opt/rustwide/workdir" "-e" "CARGO_TARGET_DIR=/opt/rustwide/target" "-e" "CARGO_INCREMENTAL=0" "-e" "RUST_BACKTRACE=full" "-e" "RUSTFLAGS=--cap-lints=forbid" "-e" "CARGO_HOME=/opt/rustwide/cargo-home" "-e" "RUSTUP_HOME=/opt/rustwide/rustup-home" "-w" "/opt/rustwide/workdir" "-m" "1610612736" "--user" "0:0" "--network" "none" "rustops/crates-build-env@sha256:a636fd89d022f18117e1dc8fb37a0a009933cdbbe082814857f0e2024962d47c" "/opt/rustwide/cargo-home/bin/cargo" "+beta-2020-07-24" "check" "--frozen" "--all" "--all-targets" "--message-format=json", kill_on_drop: false }`
[INFO] [stdout] 2a49991d0abe945cbd4669e4fed9d23a58b25519b2153a48ae212edd21ac8bce
[INFO] [stderr] WARNING: Your kernel does not support swap limit capabilities or the cgroup is not mounted. Memory limited without swap.
[INFO] running `Command { std: "docker" "start" "-a" "2a49991d0abe945cbd4669e4fed9d23a58b25519b2153a48ae212edd21ac8bce", kill_on_drop: false }`
[INFO] [stderr]    Compiling sfml-build v0.3.0
[INFO] [stderr]    Compiling getrandom v0.1.14
[INFO] [stderr]     Checking ppv-lite86 v0.2.8
[INFO] [stderr]     Checking widestring v0.4.2
[INFO] [stderr]    Compiling crossbeam-utils v0.7.2
[INFO] [stderr]    Compiling memoffset v0.5.5
[INFO] [stderr]    Compiling crossbeam-epoch v0.8.2
[INFO] [stderr]    Compiling rayon v1.3.1
[INFO] [stderr]    Compiling csfml-system-sys v0.5.0
[INFO] [stderr]    Compiling csfml-window-sys v0.5.0
[INFO] [stderr]    Compiling csfml-audio-sys v0.5.0
[INFO] [stderr]    Compiling csfml-graphics-sys v0.5.0
[INFO] [stderr]     Checking rand_core v0.5.1
[INFO] [stderr]     Checking rand_chacha v0.2.2
[INFO] [stderr]     Checking sfml v0.15.1
[INFO] [stderr]     Checking crossbeam-queue v0.2.3
[INFO] [stderr]     Checking rand v0.7.3
[INFO] [stderr]     Checking crossbeam-deque v0.7.3
[INFO] [stderr]     Checking rayon-core v1.7.1
[INFO] [stderr]     Checking rand_distr v0.2.2
[INFO] [stderr]     Checking my_test v0.1.0 (/opt/rustwide/workdir)
[INFO] [stdout] error[E0433]: failed to resolve: could not find `macos` in `os`
[INFO] [stdout]   --> src/game.rs:16:14
[INFO] [stdout]    |
[INFO] [stdout] 16 | use std::os::macos::raw::stat;
[INFO] [stdout]    |              ^^^^^ could not find `macos` in `os`
[INFO] [stdout] 
[INFO] [stdout] 
[INFO] [stdout] error[E0432]: unresolved import `crate::game::entity`
[INFO] [stdout]  --> src/game.rs:8:18
[INFO] [stdout]   |
[INFO] [stdout] 8 | use crate::game::entity::Entity;
[INFO] [stdout]   |                  ^^^^^^ could not find `entity` in `game`
[INFO] [stdout] 
[INFO] [stdout] 
[INFO] [stdout] warning: unused import: `std::thread`
[INFO] [stdout]  --> src/game/systems.rs:3:5
[INFO] [stdout]   |
[INFO] [stdout] 3 | use std::thread;
[INFO] [stdout]   |     ^^^^^^^^^^^
[INFO] [stdout]   |
[INFO] [stdout]   = note: `#[warn(unused_imports)]` on by default
[INFO] [stdout] 
[INFO] [stdout] 
[INFO] [stdout] warning: unused imports: `Arc`, `Mutex`
[INFO] [stdout]  --> src/game/systems.rs:6:17
[INFO] [stdout]   |
[INFO] [stdout] 6 | use std::sync::{Arc, Mutex};
[INFO] [stdout]   |                 ^^^  ^^^^^
[INFO] [stdout] 
[INFO] [stdout] 
[INFO] [stdout] warning: unused import: `std::ops::DerefMut`
[INFO] [stdout]  --> src/game/systems.rs:7:5
[INFO] [stdout]   |
[INFO] [stdout] 7 | use std::ops::DerefMut;
[INFO] [stdout]   |     ^^^^^^^^^^^^^^^^^^
[INFO] [stdout] 
[INFO] [stdout] 
[INFO] [stdout] warning: unused import: `RenderWindow`
[INFO] [stdout]  --> src/game.rs:6:64
[INFO] [stdout]   |
[INFO] [stdout] 6 | use self::sfml::graphics::{RenderTarget, Transformable, Shape, RenderWindow, CircleShape, Color};
[INFO] [stdout]   |                                                                ^^^^^^^^^^^^
[INFO] [stdout] 
[INFO] [stdout] 
[INFO] [stdout] warning: unused import: `crate::settings`
[INFO] [stdout]  --> src/game.rs:7:5
[INFO] [stdout]   |
[INFO] [stdout] 7 | use crate::settings;
[INFO] [stdout]   |     ^^^^^^^^^^^^^^^
[INFO] [stdout] 
[INFO] [stdout] 
[INFO] [stdout] warning: unused import: `std::thread`
[INFO] [stdout]   --> src/game.rs:11:5
[INFO] [stdout]    |
[INFO] [stdout] 11 | use std::thread;
[INFO] [stdout]    |     ^^^^^^^^^^^
[INFO] [stdout] 
[INFO] [stdout] 
[INFO] [stdout] warning: unused import: `Borrow`
[INFO] [stdout]   --> src/game.rs:14:30
[INFO] [stdout]    |
[INFO] [stdout] 14 | use std::borrow::{BorrowMut, Borrow};
[INFO] [stdout]    |                              ^^^^^^
[INFO] [stdout] 
[INFO] [stdout] 
[INFO] [stdout] warning: unused imports: `Arc`, `Mutex`
[INFO] [stdout]   --> src/game.rs:15:17
[INFO] [stdout]    |
[INFO] [stdout] 15 | use std::sync::{Mutex, Arc};
[INFO] [stdout]    |                 ^^^^^  ^^^
[INFO] [stdout] 
[INFO] [stdout] 
[INFO] [stdout] error[E0433]: failed to resolve: could not find `macos` in `os`
[INFO] [stdout]   --> src/game.rs:16:14
[INFO] [stdout]    |
[INFO] [stdout] 16 | use std::os::macos::raw::stat;
[INFO] [stdout]    |              ^^^^^ could not find `macos` in `os`
[INFO] [stdout] 
[INFO] [stdout] 
[INFO] [stdout] error[E0432]: unresolved import `crate::game::entity`
[INFO] [stdout]  --> src/game.rs:8:18
[INFO] [stdout]   |
[INFO] [stdout] 8 | use crate::game::entity::Entity;
[INFO] [stdout]   |                  ^^^^^^ could not find `entity` in `game`
[INFO] [stdout] 
[INFO] [stdout] 
[INFO] [stdout] warning: unused import: `std::thread`
[INFO] [stdout]  --> src/game/systems.rs:3:5
[INFO] [stdout]   |
[INFO] [stdout] 3 | use std::thread;
[INFO] [stdout]   |     ^^^^^^^^^^^
[INFO] [stdout]   |
[INFO] [stdout]   = note: `#[warn(unused_imports)]` on by default
[INFO] [stdout] 
[INFO] [stdout] 
[INFO] [stdout] warning: unused imports: `Arc`, `Mutex`
[INFO] [stdout]  --> src/game/systems.rs:6:17
[INFO] [stdout]   |
[INFO] [stdout] 6 | use std::sync::{Arc, Mutex};
[INFO] [stdout]   |                 ^^^  ^^^^^
[INFO] [stdout] 
[INFO] [stdout] 
[INFO] [stdout] warning: unused import: `std::ops::DerefMut`
[INFO] [stdout]  --> src/game/systems.rs:7:5
[INFO] [stdout]   |
[INFO] [stdout] 7 | use std::ops::DerefMut;
[INFO] [stdout]   |     ^^^^^^^^^^^^^^^^^^
[INFO] [stdout] 
[INFO] [stdout] 
[INFO] [stdout] warning: unused import: `RenderWindow`
[INFO] [stdout]  --> src/game.rs:6:64
[INFO] [stdout]   |
[INFO] [stdout] 6 | use self::sfml::graphics::{RenderTarget, Transformable, Shape, RenderWindow, CircleShape, Color};
[INFO] [stdout]   |                                                                ^^^^^^^^^^^^
[INFO] [stdout] 
[INFO] [stdout] 
[INFO] [stdout] warning: unused import: `crate::settings`
[INFO] [stdout]  --> src/game.rs:7:5
[INFO] [stdout]   |
[INFO] [stdout] 7 | use crate::settings;
[INFO] [stdout]   |     ^^^^^^^^^^^^^^^
[INFO] [stdout] 
[INFO] [stdout] 
[INFO] [stdout] warning: unused import: `std::thread`
[INFO] [stdout]   --> src/game.rs:11:5
[INFO] [stdout]    |
[INFO] [stdout] 11 | use std::thread;
[INFO] [stdout]    |     ^^^^^^^^^^^
[INFO] [stdout] 
[INFO] [stdout] 
[INFO] [stdout] warning: unused import: `Borrow`
[INFO] [stdout]   --> src/game.rs:14:30
[INFO] [stdout]    |
[INFO] [stdout] 14 | use std::borrow::{BorrowMut, Borrow};
[INFO] [stdout]    |                              ^^^^^^
[INFO] [stdout] 
[INFO] [stdout] 
[INFO] [stdout] warning: unused imports: `Arc`, `Mutex`
[INFO] [stdout]   --> src/game.rs:15:17
[INFO] [stdout]    |
[INFO] [stdout] 15 | use std::sync::{Mutex, Arc};
[INFO] [stdout]    |                 ^^^^^  ^^^
[INFO] [stdout] 
[INFO] [stdout] 
[INFO] [stdout] warning: unused import: `rayon::prelude`
[INFO] [stdout]  --> src/game/systems.rs:8:5
[INFO] [stdout]   |
[INFO] [stdout] 8 | use rayon::prelude::*;
[INFO] [stdout]   |     ^^^^^^^^^^^^^^
[INFO] [stdout] 
[INFO] [stdout] 
[INFO] [stdout] error: aborting due to 2 previous errors; 9 warnings emitted
[INFO] [stdout] 
[INFO] [stdout] 
[INFO] [stdout] Some errors have detailed explanations: E0432, E0433.
[INFO] [stdout] 
[INFO] [stdout] For more information about an error, try `rustc --explain E0432`.
[INFO] [stdout] 
[INFO] [stderr] error: could not compile `my_test`.
[INFO] [stderr] 
[INFO] [stderr] To learn more, run the command again with --verbose.
[INFO] [stderr] warning: build failed, waiting for other jobs to finish...
[INFO] [stdout] warning: unused import: `rayon::prelude`
[INFO] [stdout]  --> src/game/systems.rs:8:5
[INFO] [stdout]   |
[INFO] [stdout] 8 | use rayon::prelude::*;
[INFO] [stdout]   |     ^^^^^^^^^^^^^^
[INFO] [stdout] 
[INFO] [stdout] 
[INFO] [stdout] error: aborting due to 2 previous errors; 9 warnings emitted
[INFO] [stdout] 
[INFO] [stdout] 
[INFO] [stdout] Some errors have detailed explanations: E0432, E0433.
[INFO] [stdout] 
[INFO] [stdout] For more information about an error, try `rustc --explain E0432`.
[INFO] [stdout] 
[INFO] [stderr] error: build failed
[INFO] running `Command { std: "docker" "inspect" "2a49991d0abe945cbd4669e4fed9d23a58b25519b2153a48ae212edd21ac8bce", kill_on_drop: false }`
[INFO] running `Command { std: "docker" "rm" "-f" "2a49991d0abe945cbd4669e4fed9d23a58b25519b2153a48ae212edd21ac8bce", kill_on_drop: false }`
[INFO] [stdout] 2a49991d0abe945cbd4669e4fed9d23a58b25519b2153a48ae212edd21ac8bce
