[INFO] cloning repository https://github.com/JojiiOfficial/rsv
[INFO] running `Command { std: "git" "-c" "credential.helper=" "-c" "credential.helper=/workspace/cargo-home/bin/git-credential-null" "clone" "--bare" "https://github.com/JojiiOfficial/rsv" "/workspace/cache/git-repos/https%3A%2F%2Fgithub.com%2FJojiiOfficial%2Frsv", kill_on_drop: false }`
[INFO] [stderr] Cloning into bare repository '/workspace/cache/git-repos/https%3A%2F%2Fgithub.com%2FJojiiOfficial%2Frsv'...
[INFO] running `Command { std: "git" "rev-parse" "HEAD", kill_on_drop: false }`
[INFO] [stdout] 5b218b3a17141b1b5f60a0e3eb22af4802b30c80
[INFO] checking JojiiOfficial/rsv against beta-2020-07-24 for pr-75494-beta
[INFO] running `Command { std: "git" "clone" "/workspace/cache/git-repos/https%3A%2F%2Fgithub.com%2FJojiiOfficial%2Frsv" "/workspace/builds/worker-1/source", kill_on_drop: false }`
[INFO] [stderr] Cloning into '/workspace/builds/worker-1/source'...
[INFO] [stderr] done.
[INFO] validating manifest of git repo https://github.com/JojiiOfficial/rsv on toolchain beta-2020-07-24
[INFO] running `Command { std: "/workspace/cargo-home/bin/cargo" "+beta-2020-07-24" "read-manifest" "--manifest-path" "Cargo.toml", kill_on_drop: false }`
[INFO] started tweaking git repo https://github.com/JojiiOfficial/rsv
[INFO] removed path dependency config from git repo https://github.com/JojiiOfficial/rsv
[INFO] removed path dependency sv from git repo https://github.com/JojiiOfficial/rsv
[INFO] finished tweaking git repo https://github.com/JojiiOfficial/rsv
[INFO] tweaked toml for git repo https://github.com/JojiiOfficial/rsv written to /workspace/builds/worker-1/source/Cargo.toml
[INFO] crate git repo https://github.com/JojiiOfficial/rsv already has a lockfile, it will not be regenerated
[INFO] running `Command { std: "/workspace/cargo-home/bin/cargo" "+beta-2020-07-24" "fetch" "--locked" "--manifest-path" "Cargo.toml", kill_on_drop: false }`
[INFO] [stderr] warning: dependency (config) specified without providing a local path, Git repository, or version to use. This will be considered an error in future versions
[INFO] [stderr] warning: dependency (sv) specified without providing a local path, Git repository, or version to use. This will be considered an error in future versions
[INFO] [stderr]     Updating crates.io index
[INFO] [stderr] error: the lock file /workspace/builds/worker-1/source/Cargo.lock needs to be updated but --locked was passed to prevent this
[INFO] [stderr] If you want to try to generate the lock file without accessing the network, use the --offline flag.
[INFO] the lockfile is outdated, regenerating it
[INFO] running `Command { std: "/workspace/cargo-home/bin/cargo" "+beta-2020-07-24" "generate-lockfile" "--manifest-path" "Cargo.toml" "-Zno-index-update", kill_on_drop: false }`
[INFO] running `Command { std: "/workspace/cargo-home/bin/cargo" "+beta-2020-07-24" "fetch" "--locked" "--manifest-path" "Cargo.toml", kill_on_drop: false }`
[INFO] [stderr] warning: dependency (config) specified without providing a local path, Git repository, or version to use. This will be considered an error in future versions
[INFO] [stderr] warning: dependency (sv) specified without providing a local path, Git repository, or version to use. This will be considered an error in future versions
[INFO] running `Command { std: "docker" "create" "-v" "/var/lib/crater-agent-workspace/builds/worker-1/target:/opt/rustwide/target:rw,Z" "-v" "/var/lib/crater-agent-workspace/builds/worker-1/source:/opt/rustwide/workdir:ro,Z" "-v" "/var/lib/crater-agent-workspace/cargo-home:/opt/rustwide/cargo-home:ro,Z" "-v" "/var/lib/crater-agent-workspace/rustup-home:/opt/rustwide/rustup-home:ro,Z" "-e" "SOURCE_DIR=/opt/rustwide/workdir" "-e" "CARGO_TARGET_DIR=/opt/rustwide/target" "-e" "CARGO_HOME=/opt/rustwide/cargo-home" "-e" "RUSTUP_HOME=/opt/rustwide/rustup-home" "-w" "/opt/rustwide/workdir" "-m" "1610612736" "--user" "0:0" "--network" "none" "rustops/crates-build-env@sha256:a636fd89d022f18117e1dc8fb37a0a009933cdbbe082814857f0e2024962d47c" "/opt/rustwide/cargo-home/bin/cargo" "+beta-2020-07-24" "metadata" "--no-deps" "--format-version=1", kill_on_drop: false }`
[INFO] [stdout] aac6571b589d98bd738c3bdf16e9c02b52b1fea56db2ad2f7fae0fda934e931c
[INFO] [stderr] WARNING: Your kernel does not support swap limit capabilities or the cgroup is not mounted. Memory limited without swap.
[INFO] running `Command { std: "docker" "start" "-a" "aac6571b589d98bd738c3bdf16e9c02b52b1fea56db2ad2f7fae0fda934e931c", kill_on_drop: false }`
[INFO] running `Command { std: "docker" "inspect" "aac6571b589d98bd738c3bdf16e9c02b52b1fea56db2ad2f7fae0fda934e931c", kill_on_drop: false }`
[INFO] running `Command { std: "docker" "rm" "-f" "aac6571b589d98bd738c3bdf16e9c02b52b1fea56db2ad2f7fae0fda934e931c", kill_on_drop: false }`
[INFO] [stdout] aac6571b589d98bd738c3bdf16e9c02b52b1fea56db2ad2f7fae0fda934e931c
[INFO] running `Command { std: "docker" "create" "-v" "/var/lib/crater-agent-workspace/builds/worker-1/target:/opt/rustwide/target:rw,Z" "-v" "/var/lib/crater-agent-workspace/builds/worker-1/source:/opt/rustwide/workdir:ro,Z" "-v" "/var/lib/crater-agent-workspace/cargo-home:/opt/rustwide/cargo-home:ro,Z" "-v" "/var/lib/crater-agent-workspace/rustup-home:/opt/rustwide/rustup-home:ro,Z" "-e" "SOURCE_DIR=/opt/rustwide/workdir" "-e" "CARGO_TARGET_DIR=/opt/rustwide/target" "-e" "CARGO_INCREMENTAL=0" "-e" "RUST_BACKTRACE=full" "-e" "RUSTFLAGS=--cap-lints=forbid" "-e" "CARGO_HOME=/opt/rustwide/cargo-home" "-e" "RUSTUP_HOME=/opt/rustwide/rustup-home" "-w" "/opt/rustwide/workdir" "-m" "1610612736" "--user" "0:0" "--network" "none" "rustops/crates-build-env@sha256:a636fd89d022f18117e1dc8fb37a0a009933cdbbe082814857f0e2024962d47c" "/opt/rustwide/cargo-home/bin/cargo" "+beta-2020-07-24" "check" "--frozen" "--all" "--all-targets" "--message-format=json", kill_on_drop: false }`
[INFO] [stdout] aeab359dfccd7f170b9425f3ebc4f7321a8f2def7d960bdc4cb39aa1f6fd6071
[INFO] [stderr] WARNING: Your kernel does not support swap limit capabilities or the cgroup is not mounted. Memory limited without swap.
[INFO] running `Command { std: "docker" "start" "-a" "aeab359dfccd7f170b9425f3ebc4f7321a8f2def7d960bdc4cb39aa1f6fd6071", kill_on_drop: false }`
[INFO] [stderr] warning: dependency (config) specified without providing a local path, Git repository, or version to use. This will be considered an error in future versions
[INFO] [stderr] warning: dependency (sv) specified without providing a local path, Git repository, or version to use. This will be considered an error in future versions
[INFO] [stderr]    Compiling autocfg v1.0.1
[INFO] [stderr]    Compiling version_check v0.9.2
[INFO] [stderr]    Compiling libc v0.2.76
[INFO] [stderr]    Compiling proc-macro2 v1.0.19
[INFO] [stderr]    Compiling unicode-xid v0.2.1
[INFO] [stderr]    Compiling bitflags v1.2.1
[INFO] [stderr]    Compiling memchr v2.3.3
[INFO] [stderr]     Checking lazy_static v1.4.0
[INFO] [stderr]     Checking cfg-if v0.1.10
[INFO] [stderr]    Compiling ryu v1.0.5
[INFO] [stderr]    Compiling typenum v1.12.0
[INFO] [stderr]    Compiling serde v1.0.115
[INFO] [stderr]    Compiling byteorder v1.3.4
[INFO] [stderr]     Checking serde v0.8.23
[INFO] [stderr]    Compiling gcc v0.3.55
[INFO] [stderr]    Compiling log v0.4.11
[INFO] [stderr]     Checking rand_core v0.4.2
[INFO] [stderr]     Checking linked-hash-map v0.5.3
[INFO] [stderr]     Checking arrayvec v0.5.1
[INFO] [stderr]     Checking arrayref v0.3.6
[INFO] [stderr]     Checking regex-syntax v0.6.18
[INFO] [stderr]    Compiling serde_json v1.0.57
[INFO] [stderr]     Checking unicode-width v0.1.8
[INFO] [stderr]    Compiling unicode-segmentation v1.6.0
[INFO] [stderr]     Checking untrusted v0.6.2
[INFO] [stderr]     Checking rustc-serialize v0.3.24
[INFO] [stderr]     Checking itoa v0.4.6
[INFO] [stderr]    Compiling secp256k1 v0.12.2
[INFO] [stderr]    Compiling ring v0.14.6
[INFO] [stderr]     Checking thread_local v1.0.1
[INFO] [stderr]     Checking rand_core v0.3.1
[INFO] [stderr]     Checking yaml-rust v0.4.4
[INFO] [stderr]     Checking block-buffer v0.3.3
[INFO] [stderr]     Checking textwrap v0.11.0
[INFO] [stderr]    Compiling proc-macro-error-attr v1.0.4
[INFO] [stderr]    Compiling proc-macro-error v1.0.4
[INFO] [stderr]    Compiling nom v5.1.2
[INFO] [stderr]    Compiling num-traits v0.2.12
[INFO] [stderr]    Compiling num-integer v0.1.43
[INFO] [stderr]    Compiling num-bigint v0.3.0
[INFO] [stderr]    Compiling num-rational v0.3.0
[INFO] [stderr]    Compiling num-iter v0.1.41
[INFO] [stderr]    Compiling num-bigint v0.2.6
[INFO] [stderr]     Checking clap v2.33.3
[INFO] [stderr]    Compiling heck v0.3.1
[INFO] [stderr]     Checking lexical-core v0.7.4
[INFO] [stderr]     Checking aho-corasick v0.7.13
[INFO] [stderr]    Compiling quote v1.0.7
[INFO] [stderr]    Compiling rust-crypto v0.2.36
[INFO] [stderr]     Checking murmur3 v0.4.1
[INFO] [stderr]     Checking rand v0.4.6
[INFO] [stderr]     Checking socket2 v0.3.12
[INFO] [stderr]     Checking time v0.1.43
[INFO] [stderr]     Checking rand v0.5.6
[INFO] [stderr]    Compiling syn v1.0.39
[INFO] [stderr]     Checking dns-lookup v0.9.1
[INFO] [stderr]     Checking generic-array v0.9.0
[INFO] [stderr]     Checking serde_test v0.8.23
[INFO] [stderr]     Checking rand v0.3.23
[INFO] [stderr]     Checking digest v0.7.6
[INFO] [stderr]     Checking num-complex v0.3.0
[INFO] [stderr]     Checking num-traits v0.1.43
[INFO] [stderr]     Checking ripemd160 v0.7.0
[INFO] [stderr]     Checking linked-hash-map v0.3.0
[INFO] [stderr]     Checking regex v1.3.9
[INFO] [stderr]     Checking serde-hjson v0.9.1
[INFO] [stderr]     Checking num v0.3.0
[INFO] [stderr]     Checking rust-base58 v0.0.4
[INFO] [stderr]     Checking sv v0.2.1
[INFO] [stderr]     Checking toml v0.5.6
[INFO] [stderr]    Compiling structopt-derive v0.4.9
[INFO] [stderr]     Checking config v0.10.1
[INFO] [stderr]     Checking structopt v0.3.16
[INFO] [stderr]     Checking rsv v1.1.0 (/opt/rustwide/workdir)
[INFO] [stdout] error[E0432]: unresolved import `sv::cmdtype`
[INFO] [stdout]  --> src/run.rs:8:9
[INFO] [stdout]   |
[INFO] [stdout] 8 | use sv::cmdtype::SvCommandType;
[INFO] [stdout]   |         ^^^^^^^ could not find `cmdtype` in `sv`
[INFO] [stdout] 
[INFO] [stdout] 
[INFO] [stdout] error[E0432]: unresolved import `sv::service`
[INFO] [stdout]  --> src/run.rs:9:9
[INFO] [stdout]   |
[INFO] [stdout] 9 | use sv::service::{Service, ServiceSrc};
[INFO] [stdout]   |         ^^^^^^^ could not find `service` in `sv`
[INFO] [stdout] 
[INFO] [stdout] 
[INFO] [stdout] error[E0432]: unresolved import `sv::status`
[INFO] [stdout]   --> src/run.rs:10:9
[INFO] [stdout]    |
[INFO] [stdout] 10 | use sv::status::ServiceState;
[INFO] [stdout]    |         ^^^^^^ could not find `status` in `sv`
[INFO] [stdout] 
[INFO] [stdout] 
[INFO] [stdout] error[E0432]: unresolved import `sv::cmdtype`
[INFO] [stdout]  --> src/run.rs:8:9
[INFO] [stdout]   |
[INFO] [stdout] 8 | use sv::cmdtype::SvCommandType;
[INFO] [stdout]   |         ^^^^^^^ could not find `cmdtype` in `sv`
[INFO] [stdout] 
[INFO] [stdout] 
[INFO] [stdout] error[E0432]: unresolved import `sv::service`
[INFO] [stdout]  --> src/run.rs:9:9
[INFO] [stdout]   |
[INFO] [stdout] 9 | use sv::service::{Service, ServiceSrc};
[INFO] [stdout]   |         ^^^^^^^ could not find `service` in `sv`
[INFO] [stdout] 
[INFO] [stdout] 
[INFO] [stdout] error[E0432]: unresolved import `sv::status`
[INFO] [stdout]   --> src/run.rs:10:9
[INFO] [stdout]    |
[INFO] [stdout] 10 | use sv::status::ServiceState;
[INFO] [stdout]    |         ^^^^^^ could not find `status` in `sv`
[INFO] [stdout] 
[INFO] [stdout] 
[INFO] [stdout] error[E0277]: the `?` operator can only be applied to values that implement `std::ops::Try`
[INFO] [stdout]   --> src/run.rs:14:18
[INFO] [stdout]    |
[INFO] [stdout] 14 |     let config = Config::new()?;
[INFO] [stdout]    |                  ^^^^^^^^^^^^^^ the `?` operator cannot be applied to type `config::Config`
[INFO] [stdout]    |
[INFO] [stdout]    = help: the trait `std::ops::Try` is not implemented for `config::Config`
[INFO] [stdout]    = note: required by `std::ops::Try::into_result`
[INFO] [stdout] 
[INFO] [stdout] 
[INFO] [stdout] error: aborting due to 4 previous errors
[INFO] [stdout] 
[INFO] [stdout] 
[INFO] [stdout] Some errors have detailed explanations: E0277, E0432.
[INFO] [stdout] 
[INFO] [stdout] For more information about an error, try `rustc --explain E0277`.
[INFO] [stdout] 
[INFO] [stderr] error: could not compile `rsv`.
[INFO] [stderr] 
[INFO] [stderr] To learn more, run the command again with --verbose.
[INFO] [stderr] warning: build failed, waiting for other jobs to finish...
[INFO] [stdout] error[E0277]: the `?` operator can only be applied to values that implement `std::ops::Try`
[INFO] [stdout]   --> src/run.rs:14:18
[INFO] [stdout]    |
[INFO] [stdout] 14 |     let config = Config::new()?;
[INFO] [stdout]    |                  ^^^^^^^^^^^^^^ the `?` operator cannot be applied to type `config::Config`
[INFO] [stdout]    |
[INFO] [stdout]    = help: the trait `std::ops::Try` is not implemented for `config::Config`
[INFO] [stdout]    = note: required by `std::ops::Try::into_result`
[INFO] [stdout] 
[INFO] [stdout] 
[INFO] [stdout] error: aborting due to 4 previous errors
[INFO] [stdout] 
[INFO] [stdout] 
[INFO] [stdout] Some errors have detailed explanations: E0277, E0432.
[INFO] [stdout] 
[INFO] [stdout] For more information about an error, try `rustc --explain E0277`.
[INFO] [stdout] 
[INFO] [stderr] error: build failed
[INFO] running `Command { std: "docker" "inspect" "aeab359dfccd7f170b9425f3ebc4f7321a8f2def7d960bdc4cb39aa1f6fd6071", kill_on_drop: false }`
[INFO] running `Command { std: "docker" "rm" "-f" "aeab359dfccd7f170b9425f3ebc4f7321a8f2def7d960bdc4cb39aa1f6fd6071", kill_on_drop: false }`
[INFO] [stdout] aeab359dfccd7f170b9425f3ebc4f7321a8f2def7d960bdc4cb39aa1f6fd6071
