[INFO] cloning repository https://github.com/Jimskapt/ceres-polar
[INFO] running `Command { std: "git" "-c" "credential.helper=" "-c" "credential.helper=/workspace/cargo-home/bin/git-credential-null" "clone" "--bare" "https://github.com/Jimskapt/ceres-polar" "/workspace/cache/git-repos/https%3A%2F%2Fgithub.com%2FJimskapt%2Fceres-polar", kill_on_drop: false }`
[INFO] [stderr] Cloning into bare repository '/workspace/cache/git-repos/https%3A%2F%2Fgithub.com%2FJimskapt%2Fceres-polar'...
[INFO] running `Command { std: "git" "rev-parse" "HEAD", kill_on_drop: false }`
[INFO] [stdout] e58f34927fb2f647a2ea5ec970e4715f4a7f0e84
[INFO] checking Jimskapt/ceres-polar against beta-2020-07-24 for pr-75494-beta
[INFO] running `Command { std: "git" "clone" "/workspace/cache/git-repos/https%3A%2F%2Fgithub.com%2FJimskapt%2Fceres-polar" "/workspace/builds/worker-8/source", kill_on_drop: false }`
[INFO] [stderr] Cloning into '/workspace/builds/worker-8/source'...
[INFO] [stderr] done.
[INFO] validating manifest of git repo https://github.com/Jimskapt/ceres-polar on toolchain beta-2020-07-24
[INFO] running `Command { std: "/workspace/cargo-home/bin/cargo" "+beta-2020-07-24" "read-manifest" "--manifest-path" "Cargo.toml", kill_on_drop: false }`
[INFO] started tweaking git repo https://github.com/Jimskapt/ceres-polar
[INFO] finished tweaking git repo https://github.com/Jimskapt/ceres-polar
[INFO] tweaked toml for git repo https://github.com/Jimskapt/ceres-polar written to /workspace/builds/worker-8/source/Cargo.toml
[INFO] crate git repo https://github.com/Jimskapt/ceres-polar already has a lockfile, it will not be regenerated
[INFO] running `Command { std: "/workspace/cargo-home/bin/cargo" "+beta-2020-07-24" "fetch" "--locked" "--manifest-path" "Cargo.toml", kill_on_drop: false }`
[INFO] running `Command { std: "docker" "create" "-v" "/var/lib/crater-agent-workspace/builds/worker-8/target:/opt/rustwide/target:rw,Z" "-v" "/var/lib/crater-agent-workspace/builds/worker-8/source:/opt/rustwide/workdir:ro,Z" "-v" "/var/lib/crater-agent-workspace/cargo-home:/opt/rustwide/cargo-home:ro,Z" "-v" "/var/lib/crater-agent-workspace/rustup-home:/opt/rustwide/rustup-home:ro,Z" "-e" "SOURCE_DIR=/opt/rustwide/workdir" "-e" "CARGO_TARGET_DIR=/opt/rustwide/target" "-e" "CARGO_HOME=/opt/rustwide/cargo-home" "-e" "RUSTUP_HOME=/opt/rustwide/rustup-home" "-w" "/opt/rustwide/workdir" "-m" "1610612736" "--user" "0:0" "--network" "none" "rustops/crates-build-env@sha256:a636fd89d022f18117e1dc8fb37a0a009933cdbbe082814857f0e2024962d47c" "/opt/rustwide/cargo-home/bin/cargo" "+beta-2020-07-24" "metadata" "--no-deps" "--format-version=1", kill_on_drop: false }`
[INFO] [stdout] 16693356f931b6b39d0dcfff0dc463e13dd1a12f220617adaebaa2ba86e7108e
[INFO] [stderr] WARNING: Your kernel does not support swap limit capabilities or the cgroup is not mounted. Memory limited without swap.
[INFO] running `Command { std: "docker" "start" "-a" "16693356f931b6b39d0dcfff0dc463e13dd1a12f220617adaebaa2ba86e7108e", kill_on_drop: false }`
[INFO] running `Command { std: "docker" "inspect" "16693356f931b6b39d0dcfff0dc463e13dd1a12f220617adaebaa2ba86e7108e", kill_on_drop: false }`
[INFO] running `Command { std: "docker" "rm" "-f" "16693356f931b6b39d0dcfff0dc463e13dd1a12f220617adaebaa2ba86e7108e", kill_on_drop: false }`
[INFO] [stdout] 16693356f931b6b39d0dcfff0dc463e13dd1a12f220617adaebaa2ba86e7108e
[INFO] running `Command { std: "docker" "create" "-v" "/var/lib/crater-agent-workspace/builds/worker-8/target:/opt/rustwide/target:rw,Z" "-v" "/var/lib/crater-agent-workspace/builds/worker-8/source:/opt/rustwide/workdir:ro,Z" "-v" "/var/lib/crater-agent-workspace/cargo-home:/opt/rustwide/cargo-home:ro,Z" "-v" "/var/lib/crater-agent-workspace/rustup-home:/opt/rustwide/rustup-home:ro,Z" "-e" "SOURCE_DIR=/opt/rustwide/workdir" "-e" "CARGO_TARGET_DIR=/opt/rustwide/target" "-e" "CARGO_INCREMENTAL=0" "-e" "RUST_BACKTRACE=full" "-e" "RUSTFLAGS=--cap-lints=forbid" "-e" "CARGO_HOME=/opt/rustwide/cargo-home" "-e" "RUSTUP_HOME=/opt/rustwide/rustup-home" "-w" "/opt/rustwide/workdir" "-m" "1610612736" "--user" "0:0" "--network" "none" "rustops/crates-build-env@sha256:a636fd89d022f18117e1dc8fb37a0a009933cdbbe082814857f0e2024962d47c" "/opt/rustwide/cargo-home/bin/cargo" "+beta-2020-07-24" "check" "--frozen" "--all" "--all-targets" "--message-format=json", kill_on_drop: false }`
[INFO] [stdout] c080d192c4c858ef98355ece3fe2210968f6f49e670fff33fcdfaf1a8d4ce675
[INFO] [stderr] WARNING: Your kernel does not support swap limit capabilities or the cgroup is not mounted. Memory limited without swap.
[INFO] running `Command { std: "docker" "start" "-a" "c080d192c4c858ef98355ece3fe2210968f6f49e670fff33fcdfaf1a8d4ce675", kill_on_drop: false }`
[INFO] [stderr]    Compiling unicode-xid v0.1.0
[INFO] [stderr]    Compiling serde v1.0.71
[INFO] [stderr]     Checking libc v0.2.43
[INFO] [stderr]    Compiling cc v1.0.18
[INFO] [stderr]    Compiling failure_derive v0.1.2
[INFO] [stderr]     Checking itoa v0.4.2
[INFO] [stderr]     Checking cfg-if v0.1.4
[INFO] [stderr]     Checking dtoa v0.4.3
[INFO] [stderr]     Checking rustc-demangle v0.1.9
[INFO] [stderr]    Compiling stdweb v0.4.8
[INFO] [stderr]     Checking byteorder v1.2.4
[INFO] [stderr]     Checking discard v1.0.3
[INFO] [stderr]     Checking fnv v1.0.6
[INFO] [stderr]    Compiling proc-macro2 v0.4.9
[INFO] [stderr]    Compiling proc-macro2 v0.2.3
[INFO] [stderr]     Checking log v0.4.3
[INFO] [stderr]    Compiling quote v0.4.2
[INFO] [stderr]    Compiling quote v0.6.5
[INFO] [stderr]     Checking iovec v0.1.2
[INFO] [stderr]    Compiling syn v0.14.7
[INFO] [stderr]    Compiling syn v0.12.15
[INFO] [stderr]     Checking bytes v0.4.9
[INFO] [stderr]    Compiling backtrace-sys v0.1.23
[INFO] [stderr]     Checking http v0.1.10
[INFO] [stderr]     Checking backtrace v0.3.9
[INFO] [stderr]    Compiling synstructure v0.9.0
[INFO] [stderr]    Compiling serde_derive v1.0.71
[INFO] [stderr]     Checking serde_json v1.0.24
[INFO] [stderr]     Checking failure v0.1.2
[INFO] [stderr]    Compiling stdweb-derive v0.4.0
[INFO] [stderr]     Checking yew v0.4.0
[INFO] [stderr]     Checking ceres-polar v0.1.0 (/opt/rustwide/workdir)
[INFO] [stdout] error[E0412]: cannot find type `ComponentLink` in module `yew::prelude`
[INFO] [stdout]   --> src/main.rs:14:39
[INFO] [stdout]    |
[INFO] [stdout] 14 |     fn create(_: (), _: yew::prelude::ComponentLink<Self>) -> Self {
[INFO] [stdout]    |                                       ^^^^^^^^^^^^^ help: a trait with a similar name exists: `Component`
[INFO] [stdout]    | 
[INFO] [stdout]   ::: /opt/rustwide/cargo-home/registry/src/github.com-1ecc6299db9ec823/yew-0.4.0/src/html.rs:21:1
[INFO] [stdout]    |
[INFO] [stdout] 21 | pub trait Component<CTX>: Sized + 'static {
[INFO] [stdout]    | ----------------------------------------- similarly named trait `Component` defined here
[INFO] [stdout] 
[INFO] [stdout] 
[INFO] [stdout] error[E0107]: wrong number of type arguments: expected 1, found 0
[INFO] [stdout]   --> src/main.rs:13:6
[INFO] [stdout]    |
[INFO] [stdout] 13 | impl yew::prelude::Component for Model {
[INFO] [stdout]    |      ^^^^^^^^^^^^^^^^^^^^^^^ expected 1 type argument
[INFO] [stdout] 
[INFO] [stdout] 
[INFO] [stdout] error[E0107]: wrong number of type arguments: expected 2, found 1
[INFO] [stdout]   --> src/main.rs:27:6
[INFO] [stdout]    |
[INFO] [stdout] 27 | impl yew::prelude::Renderable<Model> for Model {
[INFO] [stdout]    |      ^^^^^^^^^^^^^^^^^^^^^^^^^^^^^^^ expected 2 type arguments
[INFO] [stdout] 
[INFO] [stdout] 
[INFO] [stdout] error[E0107]: wrong number of type arguments: expected 2, found 1
[INFO] [stdout]   --> src/main.rs:28:23
[INFO] [stdout]    |
[INFO] [stdout] 28 |     fn view(&self) -> yew::prelude::Html<Self> {
[INFO] [stdout]    |                       ^^^^^^^^^^^^^^^^^^^^^^^^ expected 2 type arguments
[INFO] [stdout] 
[INFO] [stdout] 
[INFO] [stdout] error: aborting due to 4 previous errors
[INFO] [stdout] 
[INFO] [stdout] 
[INFO] [stdout] Some errors have detailed explanations: E0107, E0412.
[INFO] [stdout] 
[INFO] [stdout] For more information about an error, try `rustc --explain E0107`.
[INFO] [stdout] 
[INFO] [stderr] error: could not compile `ceres-polar`.
[INFO] [stderr] 
[INFO] [stderr] To learn more, run the command again with --verbose.
[INFO] [stderr] warning: build failed, waiting for other jobs to finish...
[INFO] [stdout] error[E0412]: cannot find type `ComponentLink` in module `yew::prelude`
[INFO] [stdout]   --> src/main.rs:14:39
[INFO] [stdout]    |
[INFO] [stdout] 14 |     fn create(_: (), _: yew::prelude::ComponentLink<Self>) -> Self {
[INFO] [stdout]    |                                       ^^^^^^^^^^^^^ help: a trait with a similar name exists: `Component`
[INFO] [stdout]    | 
[INFO] [stdout]   ::: /opt/rustwide/cargo-home/registry/src/github.com-1ecc6299db9ec823/yew-0.4.0/src/html.rs:21:1
[INFO] [stdout]    |
[INFO] [stdout] 21 | pub trait Component<CTX>: Sized + 'static {
[INFO] [stdout]    | ----------------------------------------- similarly named trait `Component` defined here
[INFO] [stdout] 
[INFO] [stdout] 
[INFO] [stdout] error[E0107]: wrong number of type arguments: expected 1, found 0
[INFO] [stdout]   --> src/main.rs:13:6
[INFO] [stdout]    |
[INFO] [stdout] 13 | impl yew::prelude::Component for Model {
[INFO] [stdout]    |      ^^^^^^^^^^^^^^^^^^^^^^^ expected 1 type argument
[INFO] [stdout] 
[INFO] [stdout] 
[INFO] [stdout] error[E0107]: wrong number of type arguments: expected 2, found 1
[INFO] [stdout]   --> src/main.rs:27:6
[INFO] [stdout]    |
[INFO] [stdout] 27 | impl yew::prelude::Renderable<Model> for Model {
[INFO] [stdout]    |      ^^^^^^^^^^^^^^^^^^^^^^^^^^^^^^^ expected 2 type arguments
[INFO] [stdout] 
[INFO] [stdout] 
[INFO] [stdout] error[E0107]: wrong number of type arguments: expected 2, found 1
[INFO] [stdout]   --> src/main.rs:28:23
[INFO] [stdout]    |
[INFO] [stdout] 28 |     fn view(&self) -> yew::prelude::Html<Self> {
[INFO] [stdout]    |                       ^^^^^^^^^^^^^^^^^^^^^^^^ expected 2 type arguments
[INFO] [stdout] 
[INFO] [stdout] 
[INFO] [stdout] error: aborting due to 4 previous errors
[INFO] [stdout] 
[INFO] [stdout] 
[INFO] [stdout] Some errors have detailed explanations: E0107, E0412.
[INFO] [stdout] 
[INFO] [stdout] For more information about an error, try `rustc --explain E0107`.
[INFO] [stdout] 
[INFO] [stderr] error: build failed
[INFO] running `Command { std: "docker" "inspect" "c080d192c4c858ef98355ece3fe2210968f6f49e670fff33fcdfaf1a8d4ce675", kill_on_drop: false }`
[INFO] running `Command { std: "docker" "rm" "-f" "c080d192c4c858ef98355ece3fe2210968f6f49e670fff33fcdfaf1a8d4ce675", kill_on_drop: false }`
[INFO] [stdout] c080d192c4c858ef98355ece3fe2210968f6f49e670fff33fcdfaf1a8d4ce675
