[INFO] cloning repository https://github.com/Jereq/Rust-linked-list
[INFO] running `Command { std: "git" "-c" "credential.helper=" "-c" "credential.helper=/workspace/cargo-home/bin/git-credential-null" "clone" "--bare" "https://github.com/Jereq/Rust-linked-list" "/workspace/cache/git-repos/https%3A%2F%2Fgithub.com%2FJereq%2FRust-linked-list", kill_on_drop: false }`
[INFO] [stderr] Cloning into bare repository '/workspace/cache/git-repos/https%3A%2F%2Fgithub.com%2FJereq%2FRust-linked-list'...
[INFO] running `Command { std: "git" "rev-parse" "HEAD", kill_on_drop: false }`
[INFO] [stdout] 74f63213efaa95b0467c5c1730576cd7ebc804b4
[INFO] checking Jereq/Rust-linked-list against beta-2020-07-24 for pr-75494-beta
[INFO] running `Command { std: "git" "clone" "/workspace/cache/git-repos/https%3A%2F%2Fgithub.com%2FJereq%2FRust-linked-list" "/workspace/builds/worker-13/source", kill_on_drop: false }`
[INFO] [stderr] Cloning into '/workspace/builds/worker-13/source'...
[INFO] [stderr] done.
[INFO] validating manifest of git repo https://github.com/Jereq/Rust-linked-list on toolchain beta-2020-07-24
[INFO] running `Command { std: "/workspace/cargo-home/bin/cargo" "+beta-2020-07-24" "read-manifest" "--manifest-path" "Cargo.toml", kill_on_drop: false }`
[INFO] started tweaking git repo https://github.com/Jereq/Rust-linked-list
[INFO] finished tweaking git repo https://github.com/Jereq/Rust-linked-list
[INFO] tweaked toml for git repo https://github.com/Jereq/Rust-linked-list written to /workspace/builds/worker-13/source/Cargo.toml
[INFO] crate git repo https://github.com/Jereq/Rust-linked-list already has a lockfile, it will not be regenerated
[INFO] running `Command { std: "/workspace/cargo-home/bin/cargo" "+beta-2020-07-24" "fetch" "--locked" "--manifest-path" "Cargo.toml", kill_on_drop: false }`
[INFO] running `Command { std: "docker" "create" "-v" "/var/lib/crater-agent-workspace/builds/worker-13/target:/opt/rustwide/target:rw,Z" "-v" "/var/lib/crater-agent-workspace/builds/worker-13/source:/opt/rustwide/workdir:ro,Z" "-v" "/var/lib/crater-agent-workspace/cargo-home:/opt/rustwide/cargo-home:ro,Z" "-v" "/var/lib/crater-agent-workspace/rustup-home:/opt/rustwide/rustup-home:ro,Z" "-e" "SOURCE_DIR=/opt/rustwide/workdir" "-e" "CARGO_TARGET_DIR=/opt/rustwide/target" "-e" "CARGO_HOME=/opt/rustwide/cargo-home" "-e" "RUSTUP_HOME=/opt/rustwide/rustup-home" "-w" "/opt/rustwide/workdir" "-m" "1610612736" "--user" "0:0" "--network" "none" "rustops/crates-build-env@sha256:a636fd89d022f18117e1dc8fb37a0a009933cdbbe082814857f0e2024962d47c" "/opt/rustwide/cargo-home/bin/cargo" "+beta-2020-07-24" "metadata" "--no-deps" "--format-version=1", kill_on_drop: false }`
[INFO] [stdout] 96c4223e84f40c3cf4ddf913584319c3ad40ee20d960e976f2a9e242898ca494
[INFO] [stderr] WARNING: Your kernel does not support swap limit capabilities or the cgroup is not mounted. Memory limited without swap.
[INFO] running `Command { std: "docker" "start" "-a" "96c4223e84f40c3cf4ddf913584319c3ad40ee20d960e976f2a9e242898ca494", kill_on_drop: false }`
[INFO] running `Command { std: "docker" "inspect" "96c4223e84f40c3cf4ddf913584319c3ad40ee20d960e976f2a9e242898ca494", kill_on_drop: false }`
[INFO] running `Command { std: "docker" "rm" "-f" "96c4223e84f40c3cf4ddf913584319c3ad40ee20d960e976f2a9e242898ca494", kill_on_drop: false }`
[INFO] [stdout] 96c4223e84f40c3cf4ddf913584319c3ad40ee20d960e976f2a9e242898ca494
[INFO] running `Command { std: "docker" "create" "-v" "/var/lib/crater-agent-workspace/builds/worker-13/target:/opt/rustwide/target:rw,Z" "-v" "/var/lib/crater-agent-workspace/builds/worker-13/source:/opt/rustwide/workdir:ro,Z" "-v" "/var/lib/crater-agent-workspace/cargo-home:/opt/rustwide/cargo-home:ro,Z" "-v" "/var/lib/crater-agent-workspace/rustup-home:/opt/rustwide/rustup-home:ro,Z" "-e" "SOURCE_DIR=/opt/rustwide/workdir" "-e" "CARGO_TARGET_DIR=/opt/rustwide/target" "-e" "CARGO_INCREMENTAL=0" "-e" "RUST_BACKTRACE=full" "-e" "RUSTFLAGS=--cap-lints=forbid" "-e" "CARGO_HOME=/opt/rustwide/cargo-home" "-e" "RUSTUP_HOME=/opt/rustwide/rustup-home" "-w" "/opt/rustwide/workdir" "-m" "1610612736" "--user" "0:0" "--network" "none" "rustops/crates-build-env@sha256:a636fd89d022f18117e1dc8fb37a0a009933cdbbe082814857f0e2024962d47c" "/opt/rustwide/cargo-home/bin/cargo" "+beta-2020-07-24" "check" "--frozen" "--all" "--all-targets" "--message-format=json", kill_on_drop: false }`
[INFO] [stdout] ee35572a4dc045a4ec7d8fc187d042e59d7a3b13cf29738b421ddfe7595ce16b
[INFO] [stderr] WARNING: Your kernel does not support swap limit capabilities or the cgroup is not mounted. Memory limited without swap.
[INFO] running `Command { std: "docker" "start" "-a" "ee35572a4dc045a4ec7d8fc187d042e59d7a3b13cf29738b421ddfe7595ce16b", kill_on_drop: false }`
[INFO] [stderr]     Checking linked_circular_buffer v0.1.0 (/opt/rustwide/workdir)
[INFO] [stdout] error[E0425]: cannot find function `into_raw` in module `std::boxed`
[INFO] [stdout]    --> src/main.rs:208:31
[INFO] [stdout]     |
[INFO] [stdout] 208 |         let nn = unsafe{std::boxed::into_raw(n)};
[INFO] [stdout]     |                                     ^^^^^^^^ not found in `std::boxed`
[INFO] [stdout] 
[INFO] [stdout] 
[INFO] [stdout] error[E0554]: `#![feature]` may not be used on the beta release channel
[INFO] [stdout]  --> src/main.rs:1:1
[INFO] [stdout]   |
[INFO] [stdout] 1 | #![feature(alloc)]
[INFO] [stdout]   | ^^^^^^^^^^^^^^^^^^
[INFO] [stdout] 
[INFO] [stdout] 
[INFO] [stdout] error[E0425]: cannot find function `into_raw` in module `std::boxed`
[INFO] [stdout]    --> src/main.rs:208:31
[INFO] [stdout]     |
[INFO] [stdout] 208 |         let nn = unsafe{std::boxed::into_raw(n)};
[INFO] [stdout]     |                                     ^^^^^^^^ not found in `std::boxed`
[INFO] [stdout] 
[INFO] [stdout] 
[INFO] [stdout] error[E0554]: `#![feature]` may not be used on the beta release channel
[INFO] [stdout]  --> src/main.rs:1:1
[INFO] [stdout]   |
[INFO] [stdout] 1 | #![feature(alloc)]
[INFO] [stdout]   | ^^^^^^^^^^^^^^^^^^
[INFO] [stdout] 
[INFO] [stdout] 
[INFO] [stdout] error: aborting due to 2 previous errors
[INFO] [stdout] 
[INFO] [stdout] 
[INFO] [stdout] Some errors have detailed explanations: E0425, E0554.
[INFO] [stdout] 
[INFO] [stdout] For more information about an error, try `rustc --explain E0425`.
[INFO] [stdout] 
[INFO] [stderr] error: could not compile `linked_circular_buffer`.
[INFO] [stdout] error: aborting due to 2 previous errors
[INFO] [stdout] 
[INFO] [stdout] 
[INFO] [stderr] 
[INFO] [stdout] Some errors have detailed explanations: E0425, E0554.
[INFO] [stdout] 
[INFO] [stderr] To learn more, run the command again with --verbose.
[INFO] [stdout] For more information about an error, try `rustc --explain E0425`.
[INFO] [stdout] 
[INFO] [stderr] warning: build failed, waiting for other jobs to finish...
[INFO] [stderr] error: build failed
[INFO] running `Command { std: "docker" "inspect" "ee35572a4dc045a4ec7d8fc187d042e59d7a3b13cf29738b421ddfe7595ce16b", kill_on_drop: false }`
[INFO] running `Command { std: "docker" "rm" "-f" "ee35572a4dc045a4ec7d8fc187d042e59d7a3b13cf29738b421ddfe7595ce16b", kill_on_drop: false }`
[INFO] [stdout] ee35572a4dc045a4ec7d8fc187d042e59d7a3b13cf29738b421ddfe7595ce16b
