[INFO] cloning repository https://github.com/GeneralSet/website
[INFO] running `Command { std: "git" "-c" "credential.helper=" "-c" "credential.helper=/workspace/cargo-home/bin/git-credential-null" "clone" "--bare" "https://github.com/GeneralSet/website" "/workspace/cache/git-repos/https%3A%2F%2Fgithub.com%2FGeneralSet%2Fwebsite", kill_on_drop: false }`
[INFO] [stderr] Cloning into bare repository '/workspace/cache/git-repos/https%3A%2F%2Fgithub.com%2FGeneralSet%2Fwebsite'...
[INFO] running `Command { std: "git" "rev-parse" "HEAD", kill_on_drop: false }`
[INFO] [stdout] 38a0b4fc9324e8bbd07be20ad1be82ee0fbd6467
[INFO] checking GeneralSet/website against beta-2020-07-24 for pr-75494-beta
[INFO] running `Command { std: "git" "clone" "/workspace/cache/git-repos/https%3A%2F%2Fgithub.com%2FGeneralSet%2Fwebsite" "/workspace/builds/worker-9/source", kill_on_drop: false }`
[INFO] [stderr] Cloning into '/workspace/builds/worker-9/source'...
[INFO] [stderr] done.
[INFO] validating manifest of git repo https://github.com/GeneralSet/website on toolchain beta-2020-07-24
[INFO] running `Command { std: "/workspace/cargo-home/bin/cargo" "+beta-2020-07-24" "read-manifest" "--manifest-path" "Cargo.toml", kill_on_drop: false }`
[INFO] started tweaking git repo https://github.com/GeneralSet/website
[INFO] finished tweaking git repo https://github.com/GeneralSet/website
[INFO] tweaked toml for git repo https://github.com/GeneralSet/website written to /workspace/builds/worker-9/source/Cargo.toml
[INFO] crate git repo https://github.com/GeneralSet/website already has a lockfile, it will not be regenerated
[INFO] running `Command { std: "/workspace/cargo-home/bin/cargo" "+beta-2020-07-24" "fetch" "--locked" "--manifest-path" "Cargo.toml", kill_on_drop: false }`
[INFO] [stderr]     Blocking waiting for file lock on package cache
[INFO] running `Command { std: "docker" "create" "-v" "/var/lib/crater-agent-workspace/builds/worker-9/target:/opt/rustwide/target:rw,Z" "-v" "/var/lib/crater-agent-workspace/builds/worker-9/source:/opt/rustwide/workdir:ro,Z" "-v" "/var/lib/crater-agent-workspace/cargo-home:/opt/rustwide/cargo-home:ro,Z" "-v" "/var/lib/crater-agent-workspace/rustup-home:/opt/rustwide/rustup-home:ro,Z" "-e" "SOURCE_DIR=/opt/rustwide/workdir" "-e" "CARGO_TARGET_DIR=/opt/rustwide/target" "-e" "CARGO_HOME=/opt/rustwide/cargo-home" "-e" "RUSTUP_HOME=/opt/rustwide/rustup-home" "-w" "/opt/rustwide/workdir" "-m" "1610612736" "--user" "0:0" "--network" "none" "rustops/crates-build-env@sha256:a636fd89d022f18117e1dc8fb37a0a009933cdbbe082814857f0e2024962d47c" "/opt/rustwide/cargo-home/bin/cargo" "+beta-2020-07-24" "metadata" "--no-deps" "--format-version=1", kill_on_drop: false }`
[INFO] [stdout] 76c9bfead6c15aa5c5e479685e26c689496b4994edeeb6434d7c13c624d48379
[INFO] [stderr] WARNING: Your kernel does not support swap limit capabilities or the cgroup is not mounted. Memory limited without swap.
[INFO] running `Command { std: "docker" "start" "-a" "76c9bfead6c15aa5c5e479685e26c689496b4994edeeb6434d7c13c624d48379", kill_on_drop: false }`
[INFO] running `Command { std: "docker" "inspect" "76c9bfead6c15aa5c5e479685e26c689496b4994edeeb6434d7c13c624d48379", kill_on_drop: false }`
[INFO] running `Command { std: "docker" "rm" "-f" "76c9bfead6c15aa5c5e479685e26c689496b4994edeeb6434d7c13c624d48379", kill_on_drop: false }`
[INFO] [stdout] 76c9bfead6c15aa5c5e479685e26c689496b4994edeeb6434d7c13c624d48379
[INFO] running `Command { std: "docker" "create" "-v" "/var/lib/crater-agent-workspace/builds/worker-9/target:/opt/rustwide/target:rw,Z" "-v" "/var/lib/crater-agent-workspace/builds/worker-9/source:/opt/rustwide/workdir:ro,Z" "-v" "/var/lib/crater-agent-workspace/cargo-home:/opt/rustwide/cargo-home:ro,Z" "-v" "/var/lib/crater-agent-workspace/rustup-home:/opt/rustwide/rustup-home:ro,Z" "-e" "SOURCE_DIR=/opt/rustwide/workdir" "-e" "CARGO_TARGET_DIR=/opt/rustwide/target" "-e" "CARGO_INCREMENTAL=0" "-e" "RUST_BACKTRACE=full" "-e" "RUSTFLAGS=--cap-lints=forbid" "-e" "CARGO_HOME=/opt/rustwide/cargo-home" "-e" "RUSTUP_HOME=/opt/rustwide/rustup-home" "-w" "/opt/rustwide/workdir" "-m" "1610612736" "--user" "0:0" "--network" "none" "rustops/crates-build-env@sha256:a636fd89d022f18117e1dc8fb37a0a009933cdbbe082814857f0e2024962d47c" "/opt/rustwide/cargo-home/bin/cargo" "+beta-2020-07-24" "check" "--frozen" "--all" "--all-targets" "--message-format=json", kill_on_drop: false }`
[INFO] [stdout] 9e33182fb9a40c684d117bd97da642e8be927fc2c244e5af93603dd9538f8716
[INFO] [stderr] WARNING: Your kernel does not support swap limit capabilities or the cgroup is not mounted. Memory limited without swap.
[INFO] running `Command { std: "docker" "start" "-a" "9e33182fb9a40c684d117bd97da642e8be927fc2c244e5af93603dd9538f8716", kill_on_drop: false }`
[INFO] [stderr]     Blocking waiting for file lock on package cache
[INFO] [stderr]     Checking slab v0.4.2
[INFO] [stderr]     Checking stable_deref_trait v1.1.1
[INFO] [stderr]     Checking fnv v1.0.6
[INFO] [stderr]     Checking lazycell v1.2.1
[INFO] [stderr]     Checking matches v0.1.8
[INFO] [stderr]    Compiling failure_derive v0.1.5
[INFO] [stderr]    Compiling siphasher v0.2.3
[INFO] [stderr]    Compiling wasm-bindgen-shared v0.2.38
[INFO] [stderr]     Checking quick-error v1.2.2
[INFO] [stderr]    Compiling cfg-if v0.1.7
[INFO] [stderr]    Compiling lazy_static v1.3.0
[INFO] [stderr]    Compiling serde v1.0.89
[INFO] [stderr]     Checking untrusted v0.6.2
[INFO] [stderr]    Compiling wasm-bindgen v0.2.38
[INFO] [stderr]     Checking sha1 v0.6.0
[INFO] [stderr]     Checking rand_jitter v0.1.3
[INFO] [stderr]    Compiling backtrace v0.3.14
[INFO] [stderr]    Compiling unicase v2.2.0
[INFO] [stderr]    Compiling miniz-sys v0.1.11
[INFO] [stderr]    Compiling v_escape v0.3.2
[INFO] [stderr]    Compiling ring v0.13.5
[INFO] [stderr]    Compiling brotli-sys v0.3.2
[INFO] [stderr]    Compiling v_htmlescape v0.3.2
[INFO] [stderr]    Compiling actix-web v0.7.18
[INFO] [stderr]     Checking crossbeam-utils v0.6.5
[INFO] [stderr]     Checking regex-syntax v0.6.5
[INFO] [stderr]    Compiling log v0.4.6
[INFO] [stderr]     Checking unicode-bidi v0.3.4
[INFO] [stderr]     Checking owning_ref v0.4.0
[INFO] [stderr]     Checking tokio-sync v0.1.3
[INFO] [stderr]     Checking humantime v1.2.0
[INFO] [stderr]    Compiling proc-macro2 v0.4.27
[INFO] [stderr]     Checking arrayvec v0.4.10
[INFO] [stderr]    Compiling memchr v2.2.0
[INFO] [stderr]     Checking crc32fast v1.1.2
[INFO] [stderr]     Checking rand_os v0.1.2
[INFO] [stderr]     Checking net2 v0.2.33
[INFO] [stderr]     Checking socket2 v0.3.8
[INFO] [stderr]     Checking rand v0.5.6
[INFO] [stderr]     Checking hostname v0.1.5
[INFO] [stderr]     Checking signal-hook v0.1.8
[INFO] [stderr]     Checking atty v0.2.11
[INFO] [stderr]    Compiling rand_pcg v0.1.2
[INFO] [stderr]    Compiling unicase v1.4.2
[INFO] [stderr]     Checking backtrace-sys v0.1.28
[INFO] [stderr]    Compiling parking_lot_core v0.4.0
[INFO] [stderr]     Checking lock_api v0.1.5
[INFO] [stderr]     Checking futures-cpupool v0.1.8
[INFO] [stderr]     Checking tokio-executor v0.1.6
[INFO] [stderr]     Checking crossbeam-queue v0.1.2
[INFO] [stderr]     Checking crossbeam-channel v0.3.8
[INFO] [stderr]     Checking resolv-conf v0.6.2
[INFO] [stderr]     Checking idna v0.1.5
[INFO] [stderr]     Checking rand v0.6.5
[INFO] [stderr]     Checking phf_shared v0.7.24
[INFO] [stderr]     Checking crossbeam-epoch v0.7.1
[INFO] [stderr]     Checking tokio-io v0.1.12
[INFO] [stderr]     Checking http v0.1.16
[INFO] [stderr]    Compiling nom v4.2.2
[INFO] [stderr]     Checking mio v0.6.16
[INFO] [stderr]    Compiling quote v0.6.11
[INFO] [stderr]     Checking tokio-timer v0.2.10
[INFO] [stderr]     Checking tokio-current-thread v0.1.5
[INFO] [stderr]     Checking phf v0.7.24
[INFO] [stderr]     Checking mime v0.3.13
[INFO] [stderr]     Checking crossbeam-deque v0.7.1
[INFO] [stderr]    Compiling syn v0.15.27
[INFO] [stderr]     Checking flate2 v1.0.6
[INFO] [stderr]     Checking url v1.7.2
[INFO] [stderr]     Checking tokio-codec v0.1.1
[INFO] [stderr]     Checking mio-uds v0.6.7
[INFO] [stderr]     Checking tokio-threadpool v0.1.12
[INFO] [stderr]     Checking uuid v0.7.2
[INFO] [stderr]     Checking parking_lot v0.7.1
[INFO] [stderr]    Compiling phf_generator v0.7.24
[INFO] [stderr]     Checking tokio-fs v0.1.6
[INFO] [stderr]    Compiling phf_codegen v0.7.24
[INFO] [stderr]     Checking tokio-reactor v0.1.9
[INFO] [stderr]    Compiling mime_guess v2.0.0-alpha.6
[INFO] [stderr]     Checking regex v1.1.2
[INFO] [stderr]     Checking h2 v0.1.16
[INFO] [stderr]     Checking tokio-tcp v0.1.3
[INFO] [stderr]     Checking tokio-udp v0.1.3
[INFO] [stderr]     Checking tokio-uds v0.2.5
[INFO] [stderr]     Checking tokio-signal v0.2.7
[INFO] [stderr]     Checking tokio v0.1.16
[INFO] [stderr]     Checking cookie v0.11.0
[INFO] [stderr]     Checking env_logger v0.6.0
[INFO] [stderr]     Checking brotli2 v0.3.2
[INFO] [stderr]    Compiling synstructure v0.10.1
[INFO] [stderr]    Compiling wasm-bindgen-backend v0.2.38
[INFO] [stderr]    Compiling wasm-bindgen-macro-support v0.2.38
[INFO] [stderr]    Compiling serde_derive v1.0.89
[INFO] [stderr]    Compiling actix_derive v0.3.2
[INFO] [stderr]    Compiling v_escape_derive v0.2.1
[INFO] [stderr]     Checking failure v0.1.5
[INFO] [stderr]    Compiling wasm-bindgen-macro v0.2.38
[INFO] [stderr]     Checking trust-dns-proto v0.6.3
[INFO] [stderr]     Checking trust-dns-proto v0.5.0
[INFO] [stderr]     Checking set v0.1.0 (https://github.com/GeneralSet/Set#8a434fc2)
[INFO] [stderr]     Checking trust-dns-resolver v0.10.3
[INFO] [stderr]     Checking actix v0.7.9
[INFO] [stderr]     Checking actix-net v0.2.6
[INFO] [stderr]     Checking serde_urlencoded v0.5.4
[INFO] [stderr]     Checking serde_json v1.0.39
[INFO] [stderr]     Checking multiplayer_server v0.1.0 (/opt/rustwide/workdir)
[INFO] [stdout] error[E0554]: `#![feature]` may not be used on the beta release channel
[INFO] [stdout]  --> src/main.rs:1:1
[INFO] [stdout]   |
[INFO] [stdout] 1 | #![feature(type_alias_enum_variants)]
[INFO] [stdout]   | ^^^^^^^^^^^^^^^^^^^^^^^^^^^^^^^^^^^^^
[INFO] [stdout] 
[INFO] [stdout] 
[INFO] [stdout] error[E0554]: `#![feature]` may not be used on the beta release channel
[INFO] [stdout]  --> src/main.rs:2:1
[INFO] [stdout]   |
[INFO] [stdout] 2 | #![feature(vec_remove_item)]
[INFO] [stdout]   | ^^^^^^^^^^^^^^^^^^^^^^^^^^^^
[INFO] [stdout] 
[INFO] [stdout] 
[INFO] [stdout] error[E0554]: `#![feature]` may not be used on the beta release channel
[INFO] [stdout]  --> src/main.rs:1:1
[INFO] [stdout]   |
[INFO] [stdout] 1 | #![feature(type_alias_enum_variants)]
[INFO] [stdout]   | ^^^^^^^^^^^^^^^^^^^^^^^^^^^^^^^^^^^^^
[INFO] [stdout] 
[INFO] [stdout] 
[INFO] [stdout] error[E0554]: `#![feature]` may not be used on the beta release channel
[INFO] [stdout]  --> src/main.rs:2:1
[INFO] [stdout]   |
[INFO] [stdout] 2 | #![feature(vec_remove_item)]
[INFO] [stdout]   | ^^^^^^^^^^^^^^^^^^^^^^^^^^^^
[INFO] [stdout] 
[INFO] [stdout] 
[INFO] [stdout] warning: use of deprecated item 'std::vec::Vec::<T>::remove_item': Removing the first item equal to a needle is already easily possible with iterators and the current Vec methods. Furthermore, having a method for one particular case of removal (linear search, only the first item, no swap remove) but not for others is inconsistent. This method will be removed soon.
[INFO] [stdout]    --> src/server.rs:280:23
[INFO] [stdout]     |
[INFO] [stdout] 280 |                 board.remove_item(&card);
[INFO] [stdout]     |                       ^^^^^^^^^^^
[INFO] [stdout]     |
[INFO] [stdout]     = note: `#[warn(deprecated)]` on by default
[INFO] [stdout] 
[INFO] [stdout] 
[INFO] [stdout] error: aborting due to 2 previous errors; 1 warning emitted
[INFO] [stdout] 
[INFO] [stdout] 
[INFO] [stdout] For more information about this error, try `rustc --explain E0554`.
[INFO] [stdout] 
[INFO] [stdout] warning: use of deprecated item 'std::vec::Vec::<T>::remove_item': Removing the first item equal to a needle is already easily possible with iterators and the current Vec methods. Furthermore, having a method for one particular case of removal (linear search, only the first item, no swap remove) but not for others is inconsistent. This method will be removed soon.
[INFO] [stdout]    --> src/server.rs:280:23
[INFO] [stdout]     |
[INFO] [stdout] 280 |                 board.remove_item(&card);
[INFO] [stdout]     |                       ^^^^^^^^^^^
[INFO] [stdout]     |
[INFO] [stdout]     = note: `#[warn(deprecated)]` on by default
[INFO] [stdout] 
[INFO] [stdout] 
[INFO] [stderr] error: could not compile `multiplayer_server`.
[INFO] [stdout] error: aborting due to 2 previous errors; 1 warning emitted
[INFO] [stdout] 
[INFO] [stdout] 
[INFO] [stderr] 
[INFO] [stdout] For more information about this error, try `rustc --explain E0554`.
[INFO] [stdout] 
[INFO] [stderr] To learn more, run the command again with --verbose.
[INFO] [stderr] warning: build failed, waiting for other jobs to finish...
[INFO] [stderr] error: build failed
[INFO] running `Command { std: "docker" "inspect" "9e33182fb9a40c684d117bd97da642e8be927fc2c244e5af93603dd9538f8716", kill_on_drop: false }`
[INFO] running `Command { std: "docker" "rm" "-f" "9e33182fb9a40c684d117bd97da642e8be927fc2c244e5af93603dd9538f8716", kill_on_drop: false }`
[INFO] [stdout] 9e33182fb9a40c684d117bd97da642e8be927fc2c244e5af93603dd9538f8716
