[INFO] cloning repository https://github.com/Fylipp/brainfuck-rs
[INFO] running `Command { std: "git" "-c" "credential.helper=" "-c" "credential.helper=/workspace/cargo-home/bin/git-credential-null" "clone" "--bare" "https://github.com/Fylipp/brainfuck-rs" "/workspace/cache/git-repos/https%3A%2F%2Fgithub.com%2FFylipp%2Fbrainfuck-rs", kill_on_drop: false }`
[INFO] [stderr] Cloning into bare repository '/workspace/cache/git-repos/https%3A%2F%2Fgithub.com%2FFylipp%2Fbrainfuck-rs'...
[INFO] running `Command { std: "git" "rev-parse" "HEAD", kill_on_drop: false }`
[INFO] [stdout] 1226d563ecff611f52e849cba4aa819c7cd56689
[INFO] checking Fylipp/brainfuck-rs against beta-2020-07-24 for pr-75494-beta
[INFO] running `Command { std: "git" "clone" "/workspace/cache/git-repos/https%3A%2F%2Fgithub.com%2FFylipp%2Fbrainfuck-rs" "/workspace/builds/worker-7/source", kill_on_drop: false }`
[INFO] [stderr] Cloning into '/workspace/builds/worker-7/source'...
[INFO] [stderr] done.
[INFO] validating manifest of git repo https://github.com/Fylipp/brainfuck-rs on toolchain beta-2020-07-24
[INFO] running `Command { std: "/workspace/cargo-home/bin/cargo" "+beta-2020-07-24" "read-manifest" "--manifest-path" "Cargo.toml", kill_on_drop: false }`
[INFO] started tweaking git repo https://github.com/Fylipp/brainfuck-rs
[INFO] finished tweaking git repo https://github.com/Fylipp/brainfuck-rs
[INFO] tweaked toml for git repo https://github.com/Fylipp/brainfuck-rs written to /workspace/builds/worker-7/source/Cargo.toml
[INFO] crate git repo https://github.com/Fylipp/brainfuck-rs already has a lockfile, it will not be regenerated
[INFO] running `Command { std: "/workspace/cargo-home/bin/cargo" "+beta-2020-07-24" "fetch" "--locked" "--manifest-path" "Cargo.toml", kill_on_drop: false }`
[INFO] [stderr]     Blocking waiting for file lock on package cache
[INFO] running `Command { std: "docker" "create" "-v" "/var/lib/crater-agent-workspace/builds/worker-7/target:/opt/rustwide/target:rw,Z" "-v" "/var/lib/crater-agent-workspace/builds/worker-7/source:/opt/rustwide/workdir:ro,Z" "-v" "/var/lib/crater-agent-workspace/cargo-home:/opt/rustwide/cargo-home:ro,Z" "-v" "/var/lib/crater-agent-workspace/rustup-home:/opt/rustwide/rustup-home:ro,Z" "-e" "SOURCE_DIR=/opt/rustwide/workdir" "-e" "CARGO_TARGET_DIR=/opt/rustwide/target" "-e" "CARGO_HOME=/opt/rustwide/cargo-home" "-e" "RUSTUP_HOME=/opt/rustwide/rustup-home" "-w" "/opt/rustwide/workdir" "-m" "1610612736" "--user" "0:0" "--network" "none" "rustops/crates-build-env@sha256:a636fd89d022f18117e1dc8fb37a0a009933cdbbe082814857f0e2024962d47c" "/opt/rustwide/cargo-home/bin/cargo" "+beta-2020-07-24" "metadata" "--no-deps" "--format-version=1", kill_on_drop: false }`
[INFO] [stdout] 3e6df3f15f60fcad9c38a505217f87dfd3ed625989cf06bbca0ba2f577453a0e
[INFO] [stderr] WARNING: Your kernel does not support swap limit capabilities or the cgroup is not mounted. Memory limited without swap.
[INFO] running `Command { std: "docker" "start" "-a" "3e6df3f15f60fcad9c38a505217f87dfd3ed625989cf06bbca0ba2f577453a0e", kill_on_drop: false }`
[INFO] running `Command { std: "docker" "inspect" "3e6df3f15f60fcad9c38a505217f87dfd3ed625989cf06bbca0ba2f577453a0e", kill_on_drop: false }`
[INFO] running `Command { std: "docker" "rm" "-f" "3e6df3f15f60fcad9c38a505217f87dfd3ed625989cf06bbca0ba2f577453a0e", kill_on_drop: false }`
[INFO] [stdout] 3e6df3f15f60fcad9c38a505217f87dfd3ed625989cf06bbca0ba2f577453a0e
[INFO] running `Command { std: "docker" "create" "-v" "/var/lib/crater-agent-workspace/builds/worker-7/target:/opt/rustwide/target:rw,Z" "-v" "/var/lib/crater-agent-workspace/builds/worker-7/source:/opt/rustwide/workdir:ro,Z" "-v" "/var/lib/crater-agent-workspace/cargo-home:/opt/rustwide/cargo-home:ro,Z" "-v" "/var/lib/crater-agent-workspace/rustup-home:/opt/rustwide/rustup-home:ro,Z" "-e" "SOURCE_DIR=/opt/rustwide/workdir" "-e" "CARGO_TARGET_DIR=/opt/rustwide/target" "-e" "CARGO_INCREMENTAL=0" "-e" "RUST_BACKTRACE=full" "-e" "RUSTFLAGS=--cap-lints=forbid" "-e" "CARGO_HOME=/opt/rustwide/cargo-home" "-e" "RUSTUP_HOME=/opt/rustwide/rustup-home" "-w" "/opt/rustwide/workdir" "-m" "1610612736" "--user" "0:0" "--network" "none" "rustops/crates-build-env@sha256:a636fd89d022f18117e1dc8fb37a0a009933cdbbe082814857f0e2024962d47c" "/opt/rustwide/cargo-home/bin/cargo" "+beta-2020-07-24" "check" "--frozen" "--all" "--all-targets" "--message-format=json", kill_on_drop: false }`
[INFO] [stdout] 144f02773dc313018867507bd99bd7a35a30e674d85d22d5c1955efcf5829289
[INFO] [stderr] WARNING: Your kernel does not support swap limit capabilities or the cgroup is not mounted. Memory limited without swap.
[INFO] running `Command { std: "docker" "start" "-a" "144f02773dc313018867507bd99bd7a35a30e674d85d22d5c1955efcf5829289", kill_on_drop: false }`
[INFO] [stderr]     Blocking waiting for file lock on package cache
[INFO] [stderr]     Checking brainfuck-rs v0.1.0 (/opt/rustwide/workdir)
[INFO] [stdout] error[E0554]: `#![feature]` may not be used on the beta release channel
[INFO] [stdout]  --> src/main.rs:1:1
[INFO] [stdout]   |
[INFO] [stdout] 1 | #![feature(inclusive_range)]
[INFO] [stdout]   | ^^^^^^^^^^^^^^^^^^^^^^^^^^^^
[INFO] [stdout] 
[INFO] [stdout] 
[INFO] [stdout] warning: use of deprecated item 'std::error::Error::description': use the Display impl or to_string()
[INFO] [stdout]   --> src/main.rs:21:72
[INFO] [stdout]    |
[INFO] [stdout] 21 |             Err(why) => panic!("Failed to open '{}': {}", display, why.description()),
[INFO] [stdout]    |                                                                        ^^^^^^^^^^^
[INFO] [stdout]    |
[INFO] [stdout]    = note: `#[warn(deprecated)]` on by default
[INFO] [stdout] 
[INFO] [stdout] 
[INFO] [stdout] warning: use of deprecated item 'std::error::Error::description': use the Display impl or to_string()
[INFO] [stdout]   --> src/main.rs:27:72
[INFO] [stdout]    |
[INFO] [stdout] 27 |             Err(why) => panic!("Failed to read '{}': {}", display, why.description()),
[INFO] [stdout]    |                                                                        ^^^^^^^^^^^
[INFO] [stdout] 
[INFO] [stdout] 
[INFO] [stdout] error[E0554]: `#![feature]` may not be used on the beta release channel
[INFO] [stdout]  --> src/main.rs:1:1
[INFO] [stdout]   |
[INFO] [stdout] 1 | #![feature(inclusive_range)]
[INFO] [stdout]   | ^^^^^^^^^^^^^^^^^^^^^^^^^^^^
[INFO] [stdout] 
[INFO] [stdout] 
[INFO] [stdout] error[E0063]: missing field `exhausted` in initializer of `std::ops::RangeInclusive<_>`
[INFO] [stdout]   --> src/bfr/rt/mod.rs:78:35
[INFO] [stdout]    |
[INFO] [stdout] 78 |                         for i in (std::ops::RangeInclusive {
[INFO] [stdout]    |                                   ^^^^^^^^^^^^^^^^^^^^^^^^ missing `exhausted`
[INFO] [stdout] 
[INFO] [stdout] 
[INFO] [stdout] error: aborting due to 2 previous errors; 2 warnings emitted
[INFO] [stdout] 
[INFO] [stdout] 
[INFO] [stdout] Some errors have detailed explanations: E0063, E0554.
[INFO] [stdout] 
[INFO] [stdout] For more information about an error, try `rustc --explain E0063`.
[INFO] [stdout] 
[INFO] [stderr] error: could not compile `brainfuck-rs`.
[INFO] [stderr] 
[INFO] [stderr] To learn more, run the command again with --verbose.
[INFO] [stderr] warning: build failed, waiting for other jobs to finish...
[INFO] [stdout] warning: use of deprecated item 'std::error::Error::description': use the Display impl or to_string()
[INFO] [stdout]   --> src/main.rs:21:72
[INFO] [stdout]    |
[INFO] [stdout] 21 |             Err(why) => panic!("Failed to open '{}': {}", display, why.description()),
[INFO] [stdout]    |                                                                        ^^^^^^^^^^^
[INFO] [stdout]    |
[INFO] [stdout]    = note: `#[warn(deprecated)]` on by default
[INFO] [stdout] 
[INFO] [stdout] 
[INFO] [stdout] warning: use of deprecated item 'std::error::Error::description': use the Display impl or to_string()
[INFO] [stdout]   --> src/main.rs:27:72
[INFO] [stdout]    |
[INFO] [stdout] 27 |             Err(why) => panic!("Failed to read '{}': {}", display, why.description()),
[INFO] [stdout]    |                                                                        ^^^^^^^^^^^
[INFO] [stdout] 
[INFO] [stdout] 
[INFO] [stdout] error[E0063]: missing field `exhausted` in initializer of `std::ops::RangeInclusive<_>`
[INFO] [stdout]   --> src/bfr/rt/mod.rs:78:35
[INFO] [stdout]    |
[INFO] [stdout] 78 |                         for i in (std::ops::RangeInclusive {
[INFO] [stdout]    |                                   ^^^^^^^^^^^^^^^^^^^^^^^^ missing `exhausted`
[INFO] [stdout] 
[INFO] [stdout] 
[INFO] [stdout] error: aborting due to 2 previous errors; 2 warnings emitted
[INFO] [stdout] 
[INFO] [stdout] 
[INFO] [stdout] Some errors have detailed explanations: E0063, E0554.
[INFO] [stdout] 
[INFO] [stdout] For more information about an error, try `rustc --explain E0063`.
[INFO] [stdout] 
[INFO] [stderr] error: build failed
[INFO] running `Command { std: "docker" "inspect" "144f02773dc313018867507bd99bd7a35a30e674d85d22d5c1955efcf5829289", kill_on_drop: false }`
[INFO] running `Command { std: "docker" "rm" "-f" "144f02773dc313018867507bd99bd7a35a30e674d85d22d5c1955efcf5829289", kill_on_drop: false }`
[INFO] [stdout] 144f02773dc313018867507bd99bd7a35a30e674d85d22d5c1955efcf5829289
