[INFO] cloning repository https://github.com/FungusHumungus/nickelboogy
[INFO] running `Command { std: "git" "-c" "credential.helper=" "-c" "credential.helper=/workspace/cargo-home/bin/git-credential-null" "clone" "--bare" "https://github.com/FungusHumungus/nickelboogy" "/workspace/cache/git-repos/https%3A%2F%2Fgithub.com%2FFungusHumungus%2Fnickelboogy", kill_on_drop: false }`
[INFO] [stderr] Cloning into bare repository '/workspace/cache/git-repos/https%3A%2F%2Fgithub.com%2FFungusHumungus%2Fnickelboogy'...
[INFO] running `Command { std: "git" "rev-parse" "HEAD", kill_on_drop: false }`
[INFO] [stdout] dc96e90b53bb0d2efcf129a74bb1645653c96e70
[INFO] checking FungusHumungus/nickelboogy against beta-2020-07-24 for pr-75494-beta
[INFO] running `Command { std: "git" "clone" "/workspace/cache/git-repos/https%3A%2F%2Fgithub.com%2FFungusHumungus%2Fnickelboogy" "/workspace/builds/worker-2/source", kill_on_drop: false }`
[INFO] [stderr] Cloning into '/workspace/builds/worker-2/source'...
[INFO] [stderr] done.
[INFO] validating manifest of git repo https://github.com/FungusHumungus/nickelboogy on toolchain beta-2020-07-24
[INFO] running `Command { std: "/workspace/cargo-home/bin/cargo" "+beta-2020-07-24" "read-manifest" "--manifest-path" "Cargo.toml", kill_on_drop: false }`
[INFO] started tweaking git repo https://github.com/FungusHumungus/nickelboogy
[INFO] finished tweaking git repo https://github.com/FungusHumungus/nickelboogy
[INFO] tweaked toml for git repo https://github.com/FungusHumungus/nickelboogy written to /workspace/builds/worker-2/source/Cargo.toml
[INFO] crate git repo https://github.com/FungusHumungus/nickelboogy already has a lockfile, it will not be regenerated
[INFO] running `Command { std: "/workspace/cargo-home/bin/cargo" "+beta-2020-07-24" "fetch" "--locked" "--manifest-path" "Cargo.toml", kill_on_drop: false }`
[INFO] running `Command { std: "docker" "create" "-v" "/var/lib/crater-agent-workspace/builds/worker-2/target:/opt/rustwide/target:rw,Z" "-v" "/var/lib/crater-agent-workspace/builds/worker-2/source:/opt/rustwide/workdir:ro,Z" "-v" "/var/lib/crater-agent-workspace/cargo-home:/opt/rustwide/cargo-home:ro,Z" "-v" "/var/lib/crater-agent-workspace/rustup-home:/opt/rustwide/rustup-home:ro,Z" "-e" "SOURCE_DIR=/opt/rustwide/workdir" "-e" "CARGO_TARGET_DIR=/opt/rustwide/target" "-e" "CARGO_HOME=/opt/rustwide/cargo-home" "-e" "RUSTUP_HOME=/opt/rustwide/rustup-home" "-w" "/opt/rustwide/workdir" "-m" "1610612736" "--user" "0:0" "--network" "none" "rustops/crates-build-env@sha256:a636fd89d022f18117e1dc8fb37a0a009933cdbbe082814857f0e2024962d47c" "/opt/rustwide/cargo-home/bin/cargo" "+beta-2020-07-24" "metadata" "--no-deps" "--format-version=1", kill_on_drop: false }`
[INFO] [stdout] a95386885707cc3bf1b08169a492bf4216fbd70cae6ed8a5b35c842eed708ebd
[INFO] [stderr] WARNING: Your kernel does not support swap limit capabilities or the cgroup is not mounted. Memory limited without swap.
[INFO] running `Command { std: "docker" "start" "-a" "a95386885707cc3bf1b08169a492bf4216fbd70cae6ed8a5b35c842eed708ebd", kill_on_drop: false }`
[INFO] running `Command { std: "docker" "inspect" "a95386885707cc3bf1b08169a492bf4216fbd70cae6ed8a5b35c842eed708ebd", kill_on_drop: false }`
[INFO] running `Command { std: "docker" "rm" "-f" "a95386885707cc3bf1b08169a492bf4216fbd70cae6ed8a5b35c842eed708ebd", kill_on_drop: false }`
[INFO] [stdout] a95386885707cc3bf1b08169a492bf4216fbd70cae6ed8a5b35c842eed708ebd
[INFO] running `Command { std: "docker" "create" "-v" "/var/lib/crater-agent-workspace/builds/worker-2/target:/opt/rustwide/target:rw,Z" "-v" "/var/lib/crater-agent-workspace/builds/worker-2/source:/opt/rustwide/workdir:ro,Z" "-v" "/var/lib/crater-agent-workspace/cargo-home:/opt/rustwide/cargo-home:ro,Z" "-v" "/var/lib/crater-agent-workspace/rustup-home:/opt/rustwide/rustup-home:ro,Z" "-e" "SOURCE_DIR=/opt/rustwide/workdir" "-e" "CARGO_TARGET_DIR=/opt/rustwide/target" "-e" "CARGO_INCREMENTAL=0" "-e" "RUST_BACKTRACE=full" "-e" "RUSTFLAGS=--cap-lints=forbid" "-e" "CARGO_HOME=/opt/rustwide/cargo-home" "-e" "RUSTUP_HOME=/opt/rustwide/rustup-home" "-w" "/opt/rustwide/workdir" "-m" "1610612736" "--user" "0:0" "--network" "none" "rustops/crates-build-env@sha256:a636fd89d022f18117e1dc8fb37a0a009933cdbbe082814857f0e2024962d47c" "/opt/rustwide/cargo-home/bin/cargo" "+beta-2020-07-24" "check" "--frozen" "--all" "--all-targets" "--message-format=json", kill_on_drop: false }`
[INFO] [stdout] ca94d13aca57f671f94ad469a2429641963ea1f4b73cbe34c28a7bc83f09ec30
[INFO] [stderr] WARNING: Your kernel does not support swap limit capabilities or the cgroup is not mounted. Memory limited without swap.
[INFO] running `Command { std: "docker" "start" "-a" "ca94d13aca57f671f94ad469a2429641963ea1f4b73cbe34c28a7bc83f09ec30", kill_on_drop: false }`
[INFO] [stderr]    Compiling libc v0.2.60
[INFO] [stderr]     Checking spin v0.5.0
[INFO] [stderr]    Compiling log v0.4.7
[INFO] [stderr]     Checking traitobject v0.1.0
[INFO] [stderr]    Compiling serde v1.0.97
[INFO] [stderr]    Compiling autocfg v0.1.5
[INFO] [stderr]     Checking safemem v0.3.0
[INFO] [stderr]    Compiling regex v1.1.9
[INFO] [stderr]     Checking ucd-util v0.1.3
[INFO] [stderr]     Checking constant_time_eq v0.1.3
[INFO] [stderr]     Checking utf8-ranges v1.0.3
[INFO] [stderr]     Checking typeable v0.1.2
[INFO] [stderr]     Checking groupable v0.2.0
[INFO] [stderr]     Checking modifier v0.1.0
[INFO] [stderr]    Compiling unicase v1.4.2
[INFO] [stderr]     Checking unsafe-any v0.4.2
[INFO] [stderr]     Checking aho-corasick v0.7.4
[INFO] [stderr]     Checking blake2-rfc v0.2.18
[INFO] [stderr]     Checking url v1.7.2
[INFO] [stderr]     Checking base64 v0.9.3
[INFO] [stderr]     Checking typemap v0.3.3
[INFO] [stderr]     Checking regex-syntax v0.6.8
[INFO] [stderr]     Checking lazy_static v1.3.0
[INFO] [stderr]     Checking c2-chacha v0.2.2
[INFO] [stderr]     Checking thread_local v0.3.6
[INFO] [stderr]     Checking plugin v0.2.6
[INFO] [stderr]     Checking argon2rs v0.2.5
[INFO] [stderr]    Compiling rand_chacha v0.2.0
[INFO] [stderr]     Checking log v0.3.9
[INFO] [stderr]     Checking mime v0.2.6
[INFO] [stderr]     Checking getrandom v0.1.6
[INFO] [stderr]     Checking time v0.1.42
[INFO] [stderr]     Checking num_cpus v1.10.1
[INFO] [stderr]     Checking rand_core v0.5.0
[INFO] [stderr]     Checking hyper v0.10.16
[INFO] [stderr]     Checking cookie v0.12.0
[INFO] [stderr]     Checking rand v0.7.0
[INFO] [stderr]     Checking mustache v0.9.0
[INFO] [stderr]     Checking serde_json v1.0.40
[INFO] [stderr]     Checking nickel v0.11.0
[INFO] [stderr]     Checking nickelboogy v0.1.0 (/opt/rustwide/workdir)
[INFO] [stdout] error[E0308]: mismatched types
[INFO] [stdout]   --> src/database.rs:51:30
[INFO] [stdout]    |
[INFO] [stdout] 51 | ...                   "user".to_string(),
[INFO] [stdout]    |                       ^^^^^^^^^^^^^^^^^^
[INFO] [stdout]    |                       |
[INFO] [stdout]    |                       expected `&str`, found struct `std::string::String`
[INFO] [stdout]    |                       help: consider borrowing here: `&"user".to_string()`
[INFO] [stdout] 
[INFO] [stdout] 
[INFO] [stdout] error[E0308]: mismatched types
[INFO] [stdout]   --> src/database.rs:52:30
[INFO] [stdout]    |
[INFO] [stdout] 52 | ...                   "amazingpassword".to_string())
[INFO] [stdout]    |                       ^^^^^^^^^^^^^^^^^^^^^^^^^^^^^
[INFO] [stdout]    |                       |
[INFO] [stdout]    |                       expected `&str`, found struct `std::string::String`
[INFO] [stdout]    |                       help: consider borrowing here: `&"amazingpassword".to_string()`
[INFO] [stdout] 
[INFO] [stdout] 
[INFO] [stdout] error[E0308]: mismatched types
[INFO] [stdout]   --> src/database.rs:65:30
[INFO] [stdout]    |
[INFO] [stdout] 65 | ...                   "user".to_string(),
[INFO] [stdout]    |                       ^^^^^^^^^^^^^^^^^^
[INFO] [stdout]    |                       |
[INFO] [stdout]    |                       expected `&str`, found struct `std::string::String`
[INFO] [stdout]    |                       help: consider borrowing here: `&"user".to_string()`
[INFO] [stdout] 
[INFO] [stdout] 
[INFO] [stdout] error[E0308]: mismatched types
[INFO] [stdout]   --> src/database.rs:66:30
[INFO] [stdout]    |
[INFO] [stdout] 66 | ...                   "terrible_password".to_string())
[INFO] [stdout]    |                       ^^^^^^^^^^^^^^^^^^^^^^^^^^^^^^^
[INFO] [stdout]    |                       |
[INFO] [stdout]    |                       expected `&str`, found struct `std::string::String`
[INFO] [stdout]    |                       help: consider borrowing here: `&"terrible_password".to_string()`
[INFO] [stdout] 
[INFO] [stdout] 
[INFO] [stderr] error: could not compile `nickelboogy`.
[INFO] [stdout] error: aborting due to 4 previous errors
[INFO] [stdout] 
[INFO] [stdout] 
[INFO] [stderr] 
[INFO] [stdout] For more information about this error, try `rustc --explain E0308`.
[INFO] [stdout] 
[INFO] [stderr] To learn more, run the command again with --verbose.
[INFO] [stderr] warning: build failed, waiting for other jobs to finish...
[INFO] [stderr] error: build failed
[INFO] running `Command { std: "docker" "inspect" "ca94d13aca57f671f94ad469a2429641963ea1f4b73cbe34c28a7bc83f09ec30", kill_on_drop: false }`
[INFO] running `Command { std: "docker" "rm" "-f" "ca94d13aca57f671f94ad469a2429641963ea1f4b73cbe34c28a7bc83f09ec30", kill_on_drop: false }`
[INFO] [stdout] ca94d13aca57f671f94ad469a2429641963ea1f4b73cbe34c28a7bc83f09ec30
