[INFO] cloning repository https://github.com/FreeMasen/phf_byte_str
[INFO] running `Command { std: "git" "-c" "credential.helper=" "-c" "credential.helper=/workspace/cargo-home/bin/git-credential-null" "clone" "--bare" "https://github.com/FreeMasen/phf_byte_str" "/workspace/cache/git-repos/https%3A%2F%2Fgithub.com%2FFreeMasen%2Fphf_byte_str", kill_on_drop: false }`
[INFO] [stderr] Cloning into bare repository '/workspace/cache/git-repos/https%3A%2F%2Fgithub.com%2FFreeMasen%2Fphf_byte_str'...
[INFO] running `Command { std: "git" "rev-parse" "HEAD", kill_on_drop: false }`
[INFO] [stdout] 3ed473330755d5dde007cd6785589f289757d9a1
[INFO] checking FreeMasen/phf_byte_str against beta-2020-07-24 for pr-75494-beta
[INFO] running `Command { std: "git" "clone" "/workspace/cache/git-repos/https%3A%2F%2Fgithub.com%2FFreeMasen%2Fphf_byte_str" "/workspace/builds/worker-6/source", kill_on_drop: false }`
[INFO] [stderr] Cloning into '/workspace/builds/worker-6/source'...
[INFO] [stderr] done.
[INFO] validating manifest of git repo https://github.com/FreeMasen/phf_byte_str on toolchain beta-2020-07-24
[INFO] running `Command { std: "/workspace/cargo-home/bin/cargo" "+beta-2020-07-24" "read-manifest" "--manifest-path" "Cargo.toml", kill_on_drop: false }`
[INFO] started tweaking git repo https://github.com/FreeMasen/phf_byte_str
[INFO] finished tweaking git repo https://github.com/FreeMasen/phf_byte_str
[INFO] tweaked toml for git repo https://github.com/FreeMasen/phf_byte_str written to /workspace/builds/worker-6/source/Cargo.toml
[INFO] crate git repo https://github.com/FreeMasen/phf_byte_str already has a lockfile, it will not be regenerated
[INFO] running `Command { std: "/workspace/cargo-home/bin/cargo" "+beta-2020-07-24" "fetch" "--locked" "--manifest-path" "Cargo.toml", kill_on_drop: false }`
[INFO] [stderr]     Blocking waiting for file lock on package cache
[INFO] [stderr]     Blocking waiting for file lock on package cache
[INFO] running `Command { std: "docker" "create" "-v" "/var/lib/crater-agent-workspace/builds/worker-6/target:/opt/rustwide/target:rw,Z" "-v" "/var/lib/crater-agent-workspace/builds/worker-6/source:/opt/rustwide/workdir:ro,Z" "-v" "/var/lib/crater-agent-workspace/cargo-home:/opt/rustwide/cargo-home:ro,Z" "-v" "/var/lib/crater-agent-workspace/rustup-home:/opt/rustwide/rustup-home:ro,Z" "-e" "SOURCE_DIR=/opt/rustwide/workdir" "-e" "CARGO_TARGET_DIR=/opt/rustwide/target" "-e" "CARGO_HOME=/opt/rustwide/cargo-home" "-e" "RUSTUP_HOME=/opt/rustwide/rustup-home" "-w" "/opt/rustwide/workdir" "-m" "1610612736" "--user" "0:0" "--network" "none" "rustops/crates-build-env@sha256:a636fd89d022f18117e1dc8fb37a0a009933cdbbe082814857f0e2024962d47c" "/opt/rustwide/cargo-home/bin/cargo" "+beta-2020-07-24" "metadata" "--no-deps" "--format-version=1", kill_on_drop: false }`
[INFO] [stdout] b60e6191621493c08dd1ca290a875ef207184c6d1f500c01ecff2725e76fa89a
[INFO] [stderr] WARNING: Your kernel does not support swap limit capabilities or the cgroup is not mounted. Memory limited without swap.
[INFO] running `Command { std: "docker" "start" "-a" "b60e6191621493c08dd1ca290a875ef207184c6d1f500c01ecff2725e76fa89a", kill_on_drop: false }`
[INFO] running `Command { std: "docker" "inspect" "b60e6191621493c08dd1ca290a875ef207184c6d1f500c01ecff2725e76fa89a", kill_on_drop: false }`
[INFO] running `Command { std: "docker" "rm" "-f" "b60e6191621493c08dd1ca290a875ef207184c6d1f500c01ecff2725e76fa89a", kill_on_drop: false }`
[INFO] [stdout] b60e6191621493c08dd1ca290a875ef207184c6d1f500c01ecff2725e76fa89a
[INFO] running `Command { std: "docker" "create" "-v" "/var/lib/crater-agent-workspace/builds/worker-6/target:/opt/rustwide/target:rw,Z" "-v" "/var/lib/crater-agent-workspace/builds/worker-6/source:/opt/rustwide/workdir:ro,Z" "-v" "/var/lib/crater-agent-workspace/cargo-home:/opt/rustwide/cargo-home:ro,Z" "-v" "/var/lib/crater-agent-workspace/rustup-home:/opt/rustwide/rustup-home:ro,Z" "-e" "SOURCE_DIR=/opt/rustwide/workdir" "-e" "CARGO_TARGET_DIR=/opt/rustwide/target" "-e" "CARGO_INCREMENTAL=0" "-e" "RUST_BACKTRACE=full" "-e" "RUSTFLAGS=--cap-lints=forbid" "-e" "CARGO_HOME=/opt/rustwide/cargo-home" "-e" "RUSTUP_HOME=/opt/rustwide/rustup-home" "-w" "/opt/rustwide/workdir" "-m" "1610612736" "--user" "0:0" "--network" "none" "rustops/crates-build-env@sha256:a636fd89d022f18117e1dc8fb37a0a009933cdbbe082814857f0e2024962d47c" "/opt/rustwide/cargo-home/bin/cargo" "+beta-2020-07-24" "check" "--frozen" "--all" "--all-targets" "--message-format=json", kill_on_drop: false }`
[INFO] [stdout] 46e731859d0323ca93cffada9bdeecd2c7afd95338897f37107bd7738434e216
[INFO] [stderr] WARNING: Your kernel does not support swap limit capabilities or the cgroup is not mounted. Memory limited without swap.
[INFO] running `Command { std: "docker" "start" "-a" "46e731859d0323ca93cffada9bdeecd2c7afd95338897f37107bd7738434e216", kill_on_drop: false }`
[INFO] [stderr]    Compiling autocfg v0.1.4
[INFO] [stderr]    Compiling libc v0.2.58
[INFO] [stderr]    Compiling siphasher v0.3.0
[INFO] [stderr]    Compiling phf_shared v0.7.24 (https://github.com/sfackler/rust-phf?rev=56ff0090ed04bc4d3bbc06de36884f0dfac0d100#56ff0090)
[INFO] [stderr]    Compiling rand_chacha v0.1.1
[INFO] [stderr]    Compiling rand_pcg v0.1.2
[INFO] [stderr]    Compiling rand v0.6.5
[INFO] [stderr]     Checking phf v0.7.24 (https://github.com/sfackler/rust-phf?rev=56ff0090ed04bc4d3bbc06de36884f0dfac0d100#56ff0090)
[INFO] [stderr]    Compiling rand_os v0.1.3
[INFO] [stderr]    Compiling phf_generator v0.7.24 (https://github.com/sfackler/rust-phf?rev=56ff0090ed04bc4d3bbc06de36884f0dfac0d100#56ff0090)
[INFO] [stderr]    Compiling phf_codegen v0.7.24 (https://github.com/sfackler/rust-phf?rev=56ff0090ed04bc4d3bbc06de36884f0dfac0d100#56ff0090)
[INFO] [stderr]    Compiling phf_test v0.1.0 (/opt/rustwide/workdir)
[INFO] [stdout] error[E0308]: mismatched types
[INFO] [stdout]   --> build.rs:15:16
[INFO] [stdout]    |
[INFO] [stdout] 15 |         .entry(b"continue", "Keyword::Continue")
[INFO] [stdout]    |                ^^^^^^^^^^^ expected an array with a fixed size of 4 elements, found one with 8 elements
[INFO] [stdout] 
[INFO] [stdout] 
[INFO] [stdout] error[E0308]: mismatched types
[INFO] [stdout]   --> build.rs:16:16
[INFO] [stdout]    |
[INFO] [stdout] 16 |         .entry(b"break", "Keyword::Break")
[INFO] [stdout]    |                ^^^^^^^^ expected an array with a fixed size of 4 elements, found one with 5 elements
[INFO] [stdout] 
[INFO] [stdout] 
[INFO] [stdout] error[E0308]: mismatched types
[INFO] [stdout]   --> build.rs:17:16
[INFO] [stdout]    |
[INFO] [stdout] 17 |         .entry(b"fn", "Keyword::Fn")
[INFO] [stdout]    |                ^^^^^ expected an array with a fixed size of 4 elements, found one with 2 elements
[INFO] [stdout] 
[INFO] [stdout] 
[INFO] [stdout] error[E0308]: mismatched types
[INFO] [stdout]   --> build.rs:18:16
[INFO] [stdout]    |
[INFO] [stdout] 18 |         .entry(b"extern", "Keyword::Extern")
[INFO] [stdout]    |                ^^^^^^^^^ expected an array with a fixed size of 4 elements, found one with 6 elements
[INFO] [stdout] 
[INFO] [stdout] 
[INFO] [stdout] error: aborting due to 4 previous errors
[INFO] [stdout] 
[INFO] [stdout] 
[INFO] [stdout] For more information about this error, try `rustc --explain E0308`.
[INFO] [stdout] 
[INFO] [stderr] error: could not compile `phf_test`.
[INFO] [stderr] 
[INFO] [stderr] To learn more, run the command again with --verbose.
[INFO] running `Command { std: "docker" "inspect" "46e731859d0323ca93cffada9bdeecd2c7afd95338897f37107bd7738434e216", kill_on_drop: false }`
[INFO] running `Command { std: "docker" "rm" "-f" "46e731859d0323ca93cffada9bdeecd2c7afd95338897f37107bd7738434e216", kill_on_drop: false }`
[INFO] [stdout] 46e731859d0323ca93cffada9bdeecd2c7afd95338897f37107bd7738434e216
