[INFO] cloning repository https://github.com/FlyingCanoe/hangman
[INFO] running `Command { std: "git" "-c" "credential.helper=" "-c" "credential.helper=/workspace/cargo-home/bin/git-credential-null" "clone" "--bare" "https://github.com/FlyingCanoe/hangman" "/workspace/cache/git-repos/https%3A%2F%2Fgithub.com%2FFlyingCanoe%2Fhangman", kill_on_drop: false }`
[INFO] [stderr] Cloning into bare repository '/workspace/cache/git-repos/https%3A%2F%2Fgithub.com%2FFlyingCanoe%2Fhangman'...
[INFO] running `Command { std: "git" "rev-parse" "HEAD", kill_on_drop: false }`
[INFO] [stdout] 0f4f83e030f89227441465eb100f0eba29996004
[INFO] checking FlyingCanoe/hangman against beta-2020-07-24 for pr-75494-beta
[INFO] running `Command { std: "git" "clone" "/workspace/cache/git-repos/https%3A%2F%2Fgithub.com%2FFlyingCanoe%2Fhangman" "/workspace/builds/worker-8/source", kill_on_drop: false }`
[INFO] [stderr] Cloning into '/workspace/builds/worker-8/source'...
[INFO] [stderr] done.
[INFO] validating manifest of git repo https://github.com/FlyingCanoe/hangman on toolchain beta-2020-07-24
[INFO] running `Command { std: "/workspace/cargo-home/bin/cargo" "+beta-2020-07-24" "read-manifest" "--manifest-path" "Cargo.toml", kill_on_drop: false }`
[INFO] started tweaking git repo https://github.com/FlyingCanoe/hangman
[INFO] finished tweaking git repo https://github.com/FlyingCanoe/hangman
[INFO] tweaked toml for git repo https://github.com/FlyingCanoe/hangman written to /workspace/builds/worker-8/source/Cargo.toml
[INFO] crate git repo https://github.com/FlyingCanoe/hangman already has a lockfile, it will not be regenerated
[INFO] running `Command { std: "/workspace/cargo-home/bin/cargo" "+beta-2020-07-24" "fetch" "--locked" "--manifest-path" "Cargo.toml", kill_on_drop: false }`
[INFO] [stderr]     Blocking waiting for file lock on package cache
[INFO] running `Command { std: "docker" "create" "-v" "/var/lib/crater-agent-workspace/builds/worker-8/target:/opt/rustwide/target:rw,Z" "-v" "/var/lib/crater-agent-workspace/builds/worker-8/source:/opt/rustwide/workdir:ro,Z" "-v" "/var/lib/crater-agent-workspace/cargo-home:/opt/rustwide/cargo-home:ro,Z" "-v" "/var/lib/crater-agent-workspace/rustup-home:/opt/rustwide/rustup-home:ro,Z" "-e" "SOURCE_DIR=/opt/rustwide/workdir" "-e" "CARGO_TARGET_DIR=/opt/rustwide/target" "-e" "CARGO_HOME=/opt/rustwide/cargo-home" "-e" "RUSTUP_HOME=/opt/rustwide/rustup-home" "-w" "/opt/rustwide/workdir" "-m" "1610612736" "--user" "0:0" "--network" "none" "rustops/crates-build-env@sha256:a636fd89d022f18117e1dc8fb37a0a009933cdbbe082814857f0e2024962d47c" "/opt/rustwide/cargo-home/bin/cargo" "+beta-2020-07-24" "metadata" "--no-deps" "--format-version=1", kill_on_drop: false }`
[INFO] [stdout] 64897320da4b32851c435db3946973d495c3cf9d5bb3f1cd28af7667484f231d
[INFO] [stderr] WARNING: Your kernel does not support swap limit capabilities or the cgroup is not mounted. Memory limited without swap.
[INFO] running `Command { std: "docker" "start" "-a" "64897320da4b32851c435db3946973d495c3cf9d5bb3f1cd28af7667484f231d", kill_on_drop: false }`
[INFO] running `Command { std: "docker" "inspect" "64897320da4b32851c435db3946973d495c3cf9d5bb3f1cd28af7667484f231d", kill_on_drop: false }`
[INFO] running `Command { std: "docker" "rm" "-f" "64897320da4b32851c435db3946973d495c3cf9d5bb3f1cd28af7667484f231d", kill_on_drop: false }`
[INFO] [stdout] 64897320da4b32851c435db3946973d495c3cf9d5bb3f1cd28af7667484f231d
[INFO] running `Command { std: "docker" "create" "-v" "/var/lib/crater-agent-workspace/builds/worker-8/target:/opt/rustwide/target:rw,Z" "-v" "/var/lib/crater-agent-workspace/builds/worker-8/source:/opt/rustwide/workdir:ro,Z" "-v" "/var/lib/crater-agent-workspace/cargo-home:/opt/rustwide/cargo-home:ro,Z" "-v" "/var/lib/crater-agent-workspace/rustup-home:/opt/rustwide/rustup-home:ro,Z" "-e" "SOURCE_DIR=/opt/rustwide/workdir" "-e" "CARGO_TARGET_DIR=/opt/rustwide/target" "-e" "CARGO_INCREMENTAL=0" "-e" "RUST_BACKTRACE=full" "-e" "RUSTFLAGS=--cap-lints=forbid" "-e" "CARGO_HOME=/opt/rustwide/cargo-home" "-e" "RUSTUP_HOME=/opt/rustwide/rustup-home" "-w" "/opt/rustwide/workdir" "-m" "1610612736" "--user" "0:0" "--network" "none" "rustops/crates-build-env@sha256:a636fd89d022f18117e1dc8fb37a0a009933cdbbe082814857f0e2024962d47c" "/opt/rustwide/cargo-home/bin/cargo" "+beta-2020-07-24" "check" "--frozen" "--all" "--all-targets" "--message-format=json", kill_on_drop: false }`
[INFO] [stderr] WARNING: Your kernel does not support swap limit capabilities or the cgroup is not mounted. Memory limited without swap.
[INFO] [stdout] a2c80e021f7ca807e6f1fdf17a294a11e14c55a7317e52165fba5bb99502ad7f
[INFO] running `Command { std: "docker" "start" "-a" "a2c80e021f7ca807e6f1fdf17a294a11e14c55a7317e52165fba5bb99502ad7f", kill_on_drop: false }`
[INFO] [stderr]    Compiling libc v0.2.48
[INFO] [stderr]    Compiling semver-parser v0.7.0
[INFO] [stderr]    Compiling autocfg v0.1.2
[INFO] [stderr]     Checking rand_jitter v0.1.2
[INFO] [stderr]     Checking rand_hc v0.1.0
[INFO] [stderr]     Checking rand_isaac v0.1.1
[INFO] [stderr]     Checking rand_xorshift v0.1.1
[INFO] [stderr]    Compiling semver v0.9.0
[INFO] [stderr]    Compiling rand_chacha v0.1.1
[INFO] [stderr]    Compiling rand v0.6.5
[INFO] [stderr]    Compiling rustc_version v0.2.3
[INFO] [stderr]    Compiling rand_pcg v0.1.1
[INFO] [stderr]     Checking termios v0.3.1
[INFO] [stderr]     Checking rand_os v0.1.2
[INFO] [stderr]     Checking crossterm_utils v0.1.0
[INFO] [stderr]     Checking crossterm_cursor v0.1.0
[INFO] [stderr]     Checking crossterm_screen v0.1.0
[INFO] [stderr]     Checking crossterm_input v0.1.0
[INFO] [stderr]     Checking crossterm_style v0.1.0
[INFO] [stderr]     Checking crossterm_terminal v0.1.0
[INFO] [stderr]     Checking crossterm v0.6.0
[INFO] [stderr]     Checking hangman v0.1.0 (/opt/rustwide/workdir)
[INFO] [stdout] error: expected `;`, found `}`
[INFO] [stdout]   --> src/main.rs:19:6
[INFO] [stdout]    |
[INFO] [stdout] 19 |     }
[INFO] [stdout]    |      ^ help: add `;` here
[INFO] [stdout] 20 | }
[INFO] [stdout]    | - unexpected token
[INFO] [stdout] 
[INFO] [stdout] 
[INFO] [stdout] error: expected `;`, found `}`
[INFO] [stdout]   --> src/main.rs:19:6
[INFO] [stdout]    |
[INFO] [stdout] 19 |     }
[INFO] [stdout]    |      ^ help: add `;` here
[INFO] [stdout] 20 | }
[INFO] [stdout]    | - unexpected token
[INFO] [stdout] 
[INFO] [stdout] 
[INFO] [stdout] warning: type `Hengman_char` should have an upper camel case name
[INFO] [stdout]  --> src/main.rs:9:8
[INFO] [stdout]   |
[INFO] [stdout] 9 | struct Hengman_char {
[INFO] [stdout]   |        ^^^^^^^^^^^^ help: convert the identifier to upper camel case: `HengmanChar`
[INFO] [stdout]   |
[INFO] [stdout]   = note: `#[warn(non_camel_case_types)]` on by default
[INFO] [stdout] 
[INFO] [stdout] 
[INFO] [stdout] warning: type `Hengman_char` should have an upper camel case name
[INFO] [stdout]  --> src/main.rs:9:8
[INFO] [stdout]   |
[INFO] [stdout] 9 | struct Hengman_char {
[INFO] [stdout]   |        ^^^^^^^^^^^^ help: convert the identifier to upper camel case: `HengmanChar`
[INFO] [stdout]   |
[INFO] [stdout]   = note: `#[warn(non_camel_case_types)]` on by default
[INFO] [stdout] 
[INFO] [stdout] 
[INFO] [stdout] error[E0308]: mismatched types
[INFO] [stdout]   --> src/main.rs:17:15
[INFO] [stdout]    |
[INFO] [stdout] 6  |     Hide(),
[INFO] [stdout]    |     ------ fn() -> Fond {Fond::Hide} defined here
[INFO] [stdout] ...
[INFO] [stdout] 17 |         fond: Fond::Hide,
[INFO] [stdout]    |               ^^^^^^^^^^ expected enum `Fond`, found fn item
[INFO] [stdout]    |
[INFO] [stdout]    = note: expected enum `Fond`
[INFO] [stdout]            found fn item `fn() -> Fond {Fond::Hide}`
[INFO] [stdout] help: use parentheses to instantiate this tuple variant
[INFO] [stdout]    |
[INFO] [stdout] 17 |         fond: Fond::Hide(),
[INFO] [stdout]    |                         ^^
[INFO] [stdout] 
[INFO] [stdout] 
[INFO] [stdout] error[E0308]: mismatched types
[INFO] [stdout]   --> src/main.rs:14:30
[INFO] [stdout]    |
[INFO] [stdout] 14 | fn hengman_char(c : char) -> Hengman_char {
[INFO] [stdout]    |    ------------              ^^^^^^^^^^^^ expected struct `Hengman_char`, found `()`
[INFO] [stdout]    |    |
[INFO] [stdout]    |    implicitly returns `()` as its body has no tail or `return` expression
[INFO] [stdout] 
[INFO] [stdout] 
[INFO] [stdout] error[E0107]: wrong number of type arguments: expected 1, found 0
[INFO] [stdout]   --> src/main.rs:27:19
[INFO] [stdout]    |
[INFO] [stdout] 27 |     let mut word :Vec<> = vec!();
[INFO] [stdout]    |                   ^^^^^ expected 1 type argument
[INFO] [stdout] 
[INFO] [stdout] 
[INFO] [stdout] error[E0308]: mismatched types
[INFO] [stdout]   --> src/main.rs:17:15
[INFO] [stdout]    |
[INFO] [stdout] 6  |     Hide(),
[INFO] [stdout]    |     ------ fn() -> Fond {Fond::Hide} defined here
[INFO] [stdout] ...
[INFO] [stdout] 17 |         fond: Fond::Hide,
[INFO] [stdout]    |               ^^^^^^^^^^ expected enum `Fond`, found fn item
[INFO] [stdout]    |
[INFO] [stdout]    = note: expected enum `Fond`
[INFO] [stdout]            found fn item `fn() -> Fond {Fond::Hide}`
[INFO] [stdout] help: use parentheses to instantiate this tuple variant
[INFO] [stdout]    |
[INFO] [stdout] 17 |         fond: Fond::Hide(),
[INFO] [stdout]    |                         ^^
[INFO] [stdout] 
[INFO] [stdout] 
[INFO] [stdout] error[E0308]: mismatched types
[INFO] [stdout]   --> src/main.rs:14:30
[INFO] [stdout]    |
[INFO] [stdout] 14 | fn hengman_char(c : char) -> Hengman_char {
[INFO] [stdout]    |    ------------              ^^^^^^^^^^^^ expected struct `Hengman_char`, found `()`
[INFO] [stdout]    |    |
[INFO] [stdout]    |    implicitly returns `()` as its body has no tail or `return` expression
[INFO] [stdout] 
[INFO] [stdout] 
[INFO] [stdout] error[E0107]: wrong number of type arguments: expected 1, found 0
[INFO] [stdout]   --> src/main.rs:27:19
[INFO] [stdout]    |
[INFO] [stdout] 27 |     let mut word :Vec<> = vec!();
[INFO] [stdout]    |                   ^^^^^ expected 1 type argument
[INFO] [stdout] 
[INFO] [stdout] 
[INFO] [stdout] error: aborting due to 4 previous errors; 1 warning emitted
[INFO] [stdout] 
[INFO] [stdout] 
[INFO] [stdout] Some errors have detailed explanations: E0107, E0308.
[INFO] [stdout] 
[INFO] [stdout] For more information about an error, try `rustc --explain E0107`.
[INFO] [stdout] 
[INFO] [stdout] error: aborting due to 4 previous errors; 1 warning emitted
[INFO] [stdout] 
[INFO] [stdout] 
[INFO] [stdout] Some errors have detailed explanations: E0107, E0308.
[INFO] [stdout] 
[INFO] [stdout] For more information about an error, try `rustc --explain E0107`.
[INFO] [stdout] 
[INFO] [stderr] error: could not compile `hangman`.
[INFO] [stderr] 
[INFO] [stderr] To learn more, run the command again with --verbose.
[INFO] [stderr] warning: build failed, waiting for other jobs to finish...
[INFO] [stderr] error: build failed
[INFO] running `Command { std: "docker" "inspect" "a2c80e021f7ca807e6f1fdf17a294a11e14c55a7317e52165fba5bb99502ad7f", kill_on_drop: false }`
[INFO] running `Command { std: "docker" "rm" "-f" "a2c80e021f7ca807e6f1fdf17a294a11e14c55a7317e52165fba5bb99502ad7f", kill_on_drop: false }`
[INFO] [stdout] a2c80e021f7ca807e6f1fdf17a294a11e14c55a7317e52165fba5bb99502ad7f
