[INFO] cloning repository https://github.com/Fisherswamp/rust-tcp-gane-server
[INFO] running `Command { std: "git" "-c" "credential.helper=" "-c" "credential.helper=/workspace/cargo-home/bin/git-credential-null" "clone" "--bare" "https://github.com/Fisherswamp/rust-tcp-gane-server" "/workspace/cache/git-repos/https%3A%2F%2Fgithub.com%2FFisherswamp%2Frust-tcp-gane-server", kill_on_drop: false }`
[INFO] [stderr] Cloning into bare repository '/workspace/cache/git-repos/https%3A%2F%2Fgithub.com%2FFisherswamp%2Frust-tcp-gane-server'...
[INFO] running `Command { std: "git" "rev-parse" "HEAD", kill_on_drop: false }`
[INFO] [stdout] d880f3a2027aca2df1f354e14acc90618d7d5e65
[INFO] checking Fisherswamp/rust-tcp-gane-server against beta-2020-07-24 for pr-75494-beta
[INFO] running `Command { std: "git" "clone" "/workspace/cache/git-repos/https%3A%2F%2Fgithub.com%2FFisherswamp%2Frust-tcp-gane-server" "/workspace/builds/worker-5/source", kill_on_drop: false }`
[INFO] [stderr] Cloning into '/workspace/builds/worker-5/source'...
[INFO] [stderr] done.
[INFO] validating manifest of git repo https://github.com/Fisherswamp/rust-tcp-gane-server on toolchain beta-2020-07-24
[INFO] running `Command { std: "/workspace/cargo-home/bin/cargo" "+beta-2020-07-24" "read-manifest" "--manifest-path" "Cargo.toml", kill_on_drop: false }`
[INFO] started tweaking git repo https://github.com/Fisherswamp/rust-tcp-gane-server
[INFO] finished tweaking git repo https://github.com/Fisherswamp/rust-tcp-gane-server
[INFO] tweaked toml for git repo https://github.com/Fisherswamp/rust-tcp-gane-server written to /workspace/builds/worker-5/source/Cargo.toml
[INFO] crate git repo https://github.com/Fisherswamp/rust-tcp-gane-server already has a lockfile, it will not be regenerated
[INFO] running `Command { std: "/workspace/cargo-home/bin/cargo" "+beta-2020-07-24" "fetch" "--locked" "--manifest-path" "Cargo.toml", kill_on_drop: false }`
[INFO] running `Command { std: "docker" "create" "-v" "/var/lib/crater-agent-workspace/builds/worker-5/target:/opt/rustwide/target:rw,Z" "-v" "/var/lib/crater-agent-workspace/builds/worker-5/source:/opt/rustwide/workdir:ro,Z" "-v" "/var/lib/crater-agent-workspace/cargo-home:/opt/rustwide/cargo-home:ro,Z" "-v" "/var/lib/crater-agent-workspace/rustup-home:/opt/rustwide/rustup-home:ro,Z" "-e" "SOURCE_DIR=/opt/rustwide/workdir" "-e" "CARGO_TARGET_DIR=/opt/rustwide/target" "-e" "CARGO_HOME=/opt/rustwide/cargo-home" "-e" "RUSTUP_HOME=/opt/rustwide/rustup-home" "-w" "/opt/rustwide/workdir" "-m" "1610612736" "--user" "0:0" "--network" "none" "rustops/crates-build-env@sha256:a636fd89d022f18117e1dc8fb37a0a009933cdbbe082814857f0e2024962d47c" "/opt/rustwide/cargo-home/bin/cargo" "+beta-2020-07-24" "metadata" "--no-deps" "--format-version=1", kill_on_drop: false }`
[INFO] [stdout] 0e9807e9e75546270fa4907f7168991ce27391178d9c9ab51802bcd299f0d043
[INFO] [stderr] WARNING: Your kernel does not support swap limit capabilities or the cgroup is not mounted. Memory limited without swap.
[INFO] running `Command { std: "docker" "start" "-a" "0e9807e9e75546270fa4907f7168991ce27391178d9c9ab51802bcd299f0d043", kill_on_drop: false }`
[INFO] running `Command { std: "docker" "inspect" "0e9807e9e75546270fa4907f7168991ce27391178d9c9ab51802bcd299f0d043", kill_on_drop: false }`
[INFO] running `Command { std: "docker" "rm" "-f" "0e9807e9e75546270fa4907f7168991ce27391178d9c9ab51802bcd299f0d043", kill_on_drop: false }`
[INFO] [stdout] 0e9807e9e75546270fa4907f7168991ce27391178d9c9ab51802bcd299f0d043
[INFO] running `Command { std: "docker" "create" "-v" "/var/lib/crater-agent-workspace/builds/worker-5/target:/opt/rustwide/target:rw,Z" "-v" "/var/lib/crater-agent-workspace/builds/worker-5/source:/opt/rustwide/workdir:ro,Z" "-v" "/var/lib/crater-agent-workspace/cargo-home:/opt/rustwide/cargo-home:ro,Z" "-v" "/var/lib/crater-agent-workspace/rustup-home:/opt/rustwide/rustup-home:ro,Z" "-e" "SOURCE_DIR=/opt/rustwide/workdir" "-e" "CARGO_TARGET_DIR=/opt/rustwide/target" "-e" "CARGO_INCREMENTAL=0" "-e" "RUST_BACKTRACE=full" "-e" "RUSTFLAGS=--cap-lints=forbid" "-e" "CARGO_HOME=/opt/rustwide/cargo-home" "-e" "RUSTUP_HOME=/opt/rustwide/rustup-home" "-w" "/opt/rustwide/workdir" "-m" "1610612736" "--user" "0:0" "--network" "none" "rustops/crates-build-env@sha256:a636fd89d022f18117e1dc8fb37a0a009933cdbbe082814857f0e2024962d47c" "/opt/rustwide/cargo-home/bin/cargo" "+beta-2020-07-24" "check" "--frozen" "--all" "--all-targets" "--message-format=json", kill_on_drop: false }`
[INFO] [stdout] 7ed2490d24a311a16e1f5d15e57a86a80307edf18e98e16ed901375c3434eb58
[INFO] [stderr] WARNING: Your kernel does not support swap limit capabilities or the cgroup is not mounted. Memory limited without swap.
[INFO] running `Command { std: "docker" "start" "-a" "7ed2490d24a311a16e1f5d15e57a86a80307edf18e98e16ed901375c3434eb58", kill_on_drop: false }`
[INFO] [stderr]     Blocking waiting for file lock on package cache
[INFO] [stderr]     Blocking waiting for file lock on package cache
[INFO] [stderr]     Checking cfg-if v0.1.10
[INFO] [stderr]    Compiling autocfg v1.0.0
[INFO] [stderr]    Compiling byteorder v1.3.4
[INFO] [stderr]    Compiling semver-parser v0.7.0
[INFO] [stderr]    Compiling autocfg v0.1.7
[INFO] [stderr]     Checking rand_core v0.4.2
[INFO] [stderr]    Compiling cc v1.0.52
[INFO] [stderr]     Checking lazy_static v1.4.0
[INFO] [stderr]     Checking slab v0.4.2
[INFO] [stderr]    Compiling pkg-config v0.3.17
[INFO] [stderr]    Compiling syn v1.0.20
[INFO] [stderr]     Checking futures v0.1.29
[INFO] [stderr]    Compiling bitflags v1.2.1
[INFO] [stderr]     Checking foreign-types-shared v0.1.1
[INFO] [stderr]     Checking scopeguard v1.1.0
[INFO] [stderr]     Checking fnv v1.0.6
[INFO] [stderr]     Checking matches v0.1.8
[INFO] [stderr]     Checking futures-core v0.3.5
[INFO] [stderr]     Checking once_cell v1.3.1
[INFO] [stderr]    Compiling httparse v1.3.4
[INFO] [stderr]     Checking futures-sink v0.3.5
[INFO] [stderr]     Checking percent-encoding v1.0.1
[INFO] [stderr]     Checking pin-utils v0.1.0
[INFO] [stderr]     Checking language-tags v0.2.2
[INFO] [stderr]     Checking sha1 v0.6.0
[INFO] [stderr]     Checking arc-swap v0.4.6
[INFO] [stderr]     Checking traitobject v0.1.0
[INFO] [stderr]     Checking typeable v0.1.2
[INFO] [stderr]     Checking foreign-types v0.3.2
[INFO] [stderr]     Checking lock_api v0.3.4
[INFO] [stderr]     Checking unicode-bidi v0.3.4
[INFO] [stderr]    Compiling semver v0.9.0
[INFO] [stderr]     Checking futures-channel v0.3.5
[INFO] [stderr]     Checking rand_core v0.3.1
[INFO] [stderr]     Checking rand_jitter v0.1.4
[INFO] [stderr]     Checking futures-task v0.3.5
[INFO] [stderr]     Checking log v0.4.8
[INFO] [stderr]    Compiling proc-macro2 v1.0.12
[INFO] [stderr]     Checking rand_isaac v0.1.1
[INFO] [stderr]     Checking rand_hc v0.1.0
[INFO] [stderr]     Checking rand_xorshift v0.1.1
[INFO] [stderr]     Checking net2 v0.2.34
[INFO] [stderr]     Checking rand_os v0.1.3
[INFO] [stderr]     Checking signal-hook-registry v1.2.0
[INFO] [stderr]    Compiling rand_pcg v0.1.2
[INFO] [stderr]    Compiling rand_chacha v0.1.1
[INFO] [stderr]    Compiling rand v0.6.5
[INFO] [stderr]     Checking unicase v1.4.2
[INFO] [stderr]     Checking log v0.3.9
[INFO] [stderr]    Compiling crossbeam-utils v0.7.2
[INFO] [stderr]     Checking idna v0.1.5
[INFO] [stderr]    Compiling rustc_version v0.2.3
[INFO] [stderr]     Checking mio v0.6.22
[INFO] [stderr]     Checking mime v0.2.6
[INFO] [stderr]     Checking bytes v0.4.12
[INFO] [stderr]     Checking base64 v0.9.3
[INFO] [stderr]     Checking base64 v0.10.1
[INFO] [stderr]    Compiling parking_lot_core v0.6.2
[INFO] [stderr]    Compiling parking_lot v0.9.0
[INFO] [stderr]    Compiling quote v1.0.4
[INFO] [stderr]    Compiling openssl-sys v0.9.56
[INFO] [stderr]     Checking url v1.7.2
[INFO] [stderr]     Checking tokio-io v0.1.13
[INFO] [stderr]     Checking tokio-sync v0.1.8
[INFO] [stderr]     Checking tokio-executor v0.1.10
[INFO] [stderr]     Checking mio-uds v0.6.8
[INFO] [stderr]     Checking tokio-codec v0.1.2
[INFO] [stderr]    Compiling openssl v0.10.29
[INFO] [stderr]    Compiling native-tls v0.2.4
[INFO] [stderr]     Checking tokio-reactor v0.1.12
[INFO] [stderr]     Checking hyper v0.10.16
[INFO] [stderr]     Checking tokio-tcp v0.1.4
[INFO] [stderr]     Checking tokio-tls v0.2.1
[INFO] [stderr]     Checking websocket-base v0.24.0
[INFO] [stderr]     Checking websocket v0.24.0
[INFO] [stderr]    Compiling pin-project-internal v0.4.16
[INFO] [stderr]    Compiling futures-macro v0.3.5
[INFO] [stderr]    Compiling tokio-macros v0.2.5
[INFO] [stderr]     Checking tokio v0.2.20
[INFO] [stderr]     Checking pin-project v0.4.16
[INFO] [stderr]     Checking futures-util v0.3.5
[INFO] [stderr]     Checking futures-executor v0.3.5
[INFO] [stderr]     Checking futures v0.3.5
[INFO] [stderr]     Checking government v0.1.0 (/opt/rustwide/workdir)
[INFO] [stdout] error: unexpected token: `{`
[INFO] [stdout]   --> src/server.rs:51:41
[INFO] [stdout]    |
[INFO] [stdout] 51 |         if self.client_list.try_lock(). {
[INFO] [stdout]    |                                         ^
[INFO] [stdout] 
[INFO] [stdout] 
[INFO] [stdout] error: unexpected token: `{`
[INFO] [stdout]   --> src/server.rs:51:41
[INFO] [stdout]    |
[INFO] [stdout] 51 |         if self.client_list.try_lock(). {
[INFO] [stdout]    |                                         ^
[INFO] [stdout] 
[INFO] [stdout] 
[INFO] [stdout] error[E0425]: cannot find function `handle_socket` in this scope
[INFO] [stdout]   --> src/server.rs:36:29
[INFO] [stdout]    |
[INFO] [stdout] 36 | ...                   handle_socket(self, socket);
[INFO] [stdout]    |                       ^^^^^^^^^^^^^--------------
[INFO] [stdout]    |                       |
[INFO] [stdout]    |                       help: try calling `handle_socket` as a method: `self.handle_socket(socket)`
[INFO] [stdout] 
[INFO] [stdout] 
[INFO] [stdout] warning: unused import: `TcpListener`
[INFO] [stdout]  --> src/server.rs:5:18
[INFO] [stdout]   |
[INFO] [stdout] 5 | use tokio::net::{TcpListener, TcpStream};
[INFO] [stdout]   |                  ^^^^^^^^^^^
[INFO] [stdout]   |
[INFO] [stdout]   = note: `#[warn(unused_imports)]` on by default
[INFO] [stdout] 
[INFO] [stdout] 
[INFO] [stdout] error[E0425]: cannot find function `handle_socket` in this scope
[INFO] [stdout]   --> src/server.rs:36:29
[INFO] [stdout]    |
[INFO] [stdout] 36 | ...                   handle_socket(self, socket);
[INFO] [stdout]    |                       ^^^^^^^^^^^^^--------------
[INFO] [stdout]    |                       |
[INFO] [stdout]    |                       help: try calling `handle_socket` as a method: `self.handle_socket(socket)`
[INFO] [stdout] 
[INFO] [stdout] 
[INFO] [stdout] warning: unused import: `TcpListener`
[INFO] [stdout]  --> src/server.rs:5:18
[INFO] [stdout]   |
[INFO] [stdout] 5 | use tokio::net::{TcpListener, TcpStream};
[INFO] [stdout]   |                  ^^^^^^^^^^^
[INFO] [stdout]   |
[INFO] [stdout]   = note: `#[warn(unused_imports)]` on by default
[INFO] [stdout] 
[INFO] [stdout] 
[INFO] [stdout] error[E0308]: mismatched types
[INFO] [stdout]   --> src/server.rs:51:12
[INFO] [stdout]    |
[INFO] [stdout] 51 |         if self.client_list.try_lock(). {
[INFO] [stdout]    |            ^^^^^^^^^^^^^^^^^^^^^^^^^^^ expected `bool`, found enum `std::result::Result`
[INFO] [stdout]    |
[INFO] [stdout]    = note: expected type `bool`
[INFO] [stdout]               found enum `std::result::Result<std::sync::MutexGuard<'_, std::collections::HashSet<server::Client>>, std::sync::TryLockError<std::sync::MutexGuard<'_, std::collections::HashSet<server::Client>>>>`
[INFO] [stdout] 
[INFO] [stdout] 
[INFO] [stdout] warning: unused import: `tokio::prelude`
[INFO] [stdout]  --> src/server.rs:6:5
[INFO] [stdout]   |
[INFO] [stdout] 6 | use tokio::prelude::*;
[INFO] [stdout]   |     ^^^^^^^^^^^^^^
[INFO] [stdout] 
[INFO] [stdout] 
[INFO] [stdout] error: aborting due to 3 previous errors; 2 warnings emitted
[INFO] [stdout] 
[INFO] [stdout] 
[INFO] [stdout] Some errors have detailed explanations: E0308, E0425.
[INFO] [stdout] 
[INFO] [stdout] For more information about an error, try `rustc --explain E0308`.
[INFO] [stdout] 
[INFO] [stderr] error: could not compile `government`.
[INFO] [stderr] 
[INFO] [stderr] To learn more, run the command again with --verbose.
[INFO] [stderr] warning: build failed, waiting for other jobs to finish...
[INFO] [stdout] error[E0308]: mismatched types
[INFO] [stdout]   --> src/server.rs:51:12
[INFO] [stdout]    |
[INFO] [stdout] 51 |         if self.client_list.try_lock(). {
[INFO] [stdout]    |            ^^^^^^^^^^^^^^^^^^^^^^^^^^^ expected `bool`, found enum `std::result::Result`
[INFO] [stdout]    |
[INFO] [stdout]    = note: expected type `bool`
[INFO] [stdout]               found enum `std::result::Result<std::sync::MutexGuard<'_, std::collections::HashSet<server::Client>>, std::sync::TryLockError<std::sync::MutexGuard<'_, std::collections::HashSet<server::Client>>>>`
[INFO] [stdout] 
[INFO] [stdout] 
[INFO] [stdout] warning: unused import: `tokio::prelude`
[INFO] [stdout]  --> src/server.rs:6:5
[INFO] [stdout]   |
[INFO] [stdout] 6 | use tokio::prelude::*;
[INFO] [stdout]   |     ^^^^^^^^^^^^^^
[INFO] [stdout] 
[INFO] [stdout] 
[INFO] [stdout] error: aborting due to 3 previous errors; 2 warnings emitted
[INFO] [stdout] 
[INFO] [stdout] 
[INFO] [stdout] Some errors have detailed explanations: E0308, E0425.
[INFO] [stdout] 
[INFO] [stdout] For more information about an error, try `rustc --explain E0308`.
[INFO] [stdout] 
[INFO] [stderr] error: build failed
[INFO] running `Command { std: "docker" "inspect" "7ed2490d24a311a16e1f5d15e57a86a80307edf18e98e16ed901375c3434eb58", kill_on_drop: false }`
[INFO] running `Command { std: "docker" "rm" "-f" "7ed2490d24a311a16e1f5d15e57a86a80307edf18e98e16ed901375c3434eb58", kill_on_drop: false }`
[INFO] [stdout] 7ed2490d24a311a16e1f5d15e57a86a80307edf18e98e16ed901375c3434eb58
