[INFO] cloning repository https://github.com/FeanorTheElf/Parser
[INFO] running `Command { std: "git" "-c" "credential.helper=" "-c" "credential.helper=/workspace/cargo-home/bin/git-credential-null" "clone" "--bare" "https://github.com/FeanorTheElf/Parser" "/workspace/cache/git-repos/https%3A%2F%2Fgithub.com%2FFeanorTheElf%2FParser", kill_on_drop: false }`
[INFO] [stderr] Cloning into bare repository '/workspace/cache/git-repos/https%3A%2F%2Fgithub.com%2FFeanorTheElf%2FParser'...
[INFO] running `Command { std: "git" "rev-parse" "HEAD", kill_on_drop: false }`
[INFO] [stdout] 92590cb4508b3bfc6c6d73b16dab4e135f9f823b
[INFO] checking FeanorTheElf/Parser against beta-2020-07-24 for pr-75494-beta
[INFO] running `Command { std: "git" "clone" "/workspace/cache/git-repos/https%3A%2F%2Fgithub.com%2FFeanorTheElf%2FParser" "/workspace/builds/worker-0/source", kill_on_drop: false }`
[INFO] [stderr] Cloning into '/workspace/builds/worker-0/source'...
[INFO] [stderr] done.
[INFO] validating manifest of git repo https://github.com/FeanorTheElf/Parser on toolchain beta-2020-07-24
[INFO] running `Command { std: "/workspace/cargo-home/bin/cargo" "+beta-2020-07-24" "read-manifest" "--manifest-path" "Cargo.toml", kill_on_drop: false }`
[INFO] started tweaking git repo https://github.com/FeanorTheElf/Parser
[INFO] finished tweaking git repo https://github.com/FeanorTheElf/Parser
[INFO] tweaked toml for git repo https://github.com/FeanorTheElf/Parser written to /workspace/builds/worker-0/source/Cargo.toml
[INFO] crate git repo https://github.com/FeanorTheElf/Parser already has a lockfile, it will not be regenerated
[INFO] running `Command { std: "/workspace/cargo-home/bin/cargo" "+beta-2020-07-24" "fetch" "--locked" "--manifest-path" "Cargo.toml", kill_on_drop: false }`
[INFO] running `Command { std: "docker" "create" "-v" "/var/lib/crater-agent-workspace/builds/worker-0/target:/opt/rustwide/target:rw,Z" "-v" "/var/lib/crater-agent-workspace/builds/worker-0/source:/opt/rustwide/workdir:ro,Z" "-v" "/var/lib/crater-agent-workspace/cargo-home:/opt/rustwide/cargo-home:ro,Z" "-v" "/var/lib/crater-agent-workspace/rustup-home:/opt/rustwide/rustup-home:ro,Z" "-e" "SOURCE_DIR=/opt/rustwide/workdir" "-e" "CARGO_TARGET_DIR=/opt/rustwide/target" "-e" "CARGO_HOME=/opt/rustwide/cargo-home" "-e" "RUSTUP_HOME=/opt/rustwide/rustup-home" "-w" "/opt/rustwide/workdir" "-m" "1610612736" "--user" "0:0" "--network" "none" "rustops/crates-build-env@sha256:a636fd89d022f18117e1dc8fb37a0a009933cdbbe082814857f0e2024962d47c" "/opt/rustwide/cargo-home/bin/cargo" "+beta-2020-07-24" "metadata" "--no-deps" "--format-version=1", kill_on_drop: false }`
[INFO] [stderr] WARNING: Your kernel does not support swap limit capabilities or the cgroup is not mounted. Memory limited without swap.
[INFO] [stdout] a873478b79a1f38a07bc43cd74f4f9f0062feb43fa517e951d032414ed528b0b
[INFO] running `Command { std: "docker" "start" "-a" "a873478b79a1f38a07bc43cd74f4f9f0062feb43fa517e951d032414ed528b0b", kill_on_drop: false }`
[INFO] running `Command { std: "docker" "inspect" "a873478b79a1f38a07bc43cd74f4f9f0062feb43fa517e951d032414ed528b0b", kill_on_drop: false }`
[INFO] running `Command { std: "docker" "rm" "-f" "a873478b79a1f38a07bc43cd74f4f9f0062feb43fa517e951d032414ed528b0b", kill_on_drop: false }`
[INFO] [stdout] a873478b79a1f38a07bc43cd74f4f9f0062feb43fa517e951d032414ed528b0b
[INFO] running `Command { std: "docker" "create" "-v" "/var/lib/crater-agent-workspace/builds/worker-0/target:/opt/rustwide/target:rw,Z" "-v" "/var/lib/crater-agent-workspace/builds/worker-0/source:/opt/rustwide/workdir:ro,Z" "-v" "/var/lib/crater-agent-workspace/cargo-home:/opt/rustwide/cargo-home:ro,Z" "-v" "/var/lib/crater-agent-workspace/rustup-home:/opt/rustwide/rustup-home:ro,Z" "-e" "SOURCE_DIR=/opt/rustwide/workdir" "-e" "CARGO_TARGET_DIR=/opt/rustwide/target" "-e" "CARGO_INCREMENTAL=0" "-e" "RUST_BACKTRACE=full" "-e" "RUSTFLAGS=--cap-lints=forbid" "-e" "CARGO_HOME=/opt/rustwide/cargo-home" "-e" "RUSTUP_HOME=/opt/rustwide/rustup-home" "-w" "/opt/rustwide/workdir" "-m" "1610612736" "--user" "0:0" "--network" "none" "rustops/crates-build-env@sha256:a636fd89d022f18117e1dc8fb37a0a009933cdbbe082814857f0e2024962d47c" "/opt/rustwide/cargo-home/bin/cargo" "+beta-2020-07-24" "check" "--frozen" "--all" "--all-targets" "--message-format=json", kill_on_drop: false }`
[INFO] [stdout] 18bf19706adcb0586ac93df3799832571c463f544e8bd172859ef1a1851cfac3
[INFO] [stderr] WARNING: Your kernel does not support swap limit capabilities or the cgroup is not mounted. Memory limited without swap.
[INFO] running `Command { std: "docker" "start" "-a" "18bf19706adcb0586ac93df3799832571c463f544e8bd172859ef1a1851cfac3", kill_on_drop: false }`
[INFO] [stderr]     Checking either v1.6.0
[INFO] [stderr]     Checking feanor_la v0.1.0 (https://github.com/feanorTheElf/FeanorLA.git#c4867692)
[INFO] [stdout] error[E0554]: `#![feature]` may not be used on the beta release channel
[INFO] [stdout]  --> /opt/rustwide/cargo-home/git/checkouts/feanorla-b6e14b5a03f52c0b/c486769/src/lib.rs:1:1
[INFO] [stdout]   |
[INFO] [stdout] 1 | #![feature(test)]
[INFO] [stdout]   | ^^^^^^^^^^^^^^^^^
[INFO] [stdout] 
[INFO] [stdout] 
[INFO] [stdout] error[E0554]: `#![feature]` may not be used on the beta release channel
[INFO] [stdout]  --> /opt/rustwide/cargo-home/git/checkouts/feanorla-b6e14b5a03f52c0b/c486769/src/lib.rs:3:1
[INFO] [stdout]   |
[INFO] [stdout] 3 | #![feature(array_value_iter)]
[INFO] [stdout]   | ^^^^^^^^^^^^^^^^^^^^^^^^^^^^^
[INFO] [stdout] 
[INFO] [stdout] 
[INFO] [stdout] error[E0554]: `#![feature]` may not be used on the beta release channel
[INFO] [stdout]  --> /opt/rustwide/cargo-home/git/checkouts/feanorla-b6e14b5a03f52c0b/c486769/src/lib.rs:4:1
[INFO] [stdout]   |
[INFO] [stdout] 4 | #![feature(const_generics)]
[INFO] [stdout]   | ^^^^^^^^^^^^^^^^^^^^^^^^^^^
[INFO] [stdout] 
[INFO] [stdout] 
[INFO] [stderr]     Checking itertools v0.8.2
[INFO] [stdout] error[E0277]: arrays only have std trait implementations for lengths 0..=32
[INFO] [stdout]    --> /opt/rustwide/cargo-home/git/checkouts/feanorla-b6e14b5a03f52c0b/c486769/src/matrix.rs:212:46
[INFO] [stdout]     |
[INFO] [stdout] 212 |         let data = std::array::IntoIter::new(array).flat_map(|row| std::array::IntoIter::new(row)).collect::<Vec<T>>().into_boxed_slice();
[INFO] [stdout]     |                                              ^^^^^ the trait `std::array::LengthAtMost32` is not implemented for `[[T; C]; R]`
[INFO] [stdout]     |
[INFO] [stdout]     = note: required by `std::array::IntoIter::<T, N>::new`
[INFO] [stdout] 
[INFO] [stdout] 
[INFO] [stdout] error[E0599]: no method named `flat_map` found for struct `std::array::IntoIter<[T; C], R>` in the current scope
[INFO] [stdout]    --> /opt/rustwide/cargo-home/git/checkouts/feanorla-b6e14b5a03f52c0b/c486769/src/matrix.rs:212:53
[INFO] [stdout]     |
[INFO] [stdout] 212 |           let data = std::array::IntoIter::new(array).flat_map(|row| std::array::IntoIter::new(row)).collect::<Vec<T>>().into_boxed_slice();
[INFO] [stdout]     |                                                       ^^^^^^^^ method not found in `std::array::IntoIter<[T; C], R>`
[INFO] [stdout]     |
[INFO] [stdout]     = note: the method `flat_map` exists but the following trait bounds were not satisfied:
[INFO] [stdout]             `[[T; C]; R]: std::array::LengthAtMost32`
[INFO] [stdout]             which is required by `std::array::IntoIter<[T; C], R>: std::iter::Iterator`
[INFO] [stdout]             `std::array::IntoIter<[T; C], R>: std::iter::Iterator`
[INFO] [stdout]             which is required by `&mut std::array::IntoIter<[T; C], R>: std::iter::Iterator`
[INFO] [stdout] 
[INFO] [stdout] 
[INFO] [stdout] error[E0277]: arrays only have std trait implementations for lengths 0..=32
[INFO] [stdout]    --> /opt/rustwide/cargo-home/git/checkouts/feanorla-b6e14b5a03f52c0b/c486769/src/matrix.rs:212:20
[INFO] [stdout]     |
[INFO] [stdout] 212 |         let data = std::array::IntoIter::new(array).flat_map(|row| std::array::IntoIter::new(row)).collect::<Vec<T>>().into_boxed_slice();
[INFO] [stdout]     |                    ^^^^^^^^^^^^^^^^^^^^^^^^^^^^^^^^ the trait `std::array::LengthAtMost32` is not implemented for `[[T; C]; R]`
[INFO] [stdout] 
[INFO] [stdout] 
[INFO] [stdout] error: aborting due to 6 previous errors
[INFO] [stdout] 
[INFO] [stdout] 
[INFO] [stdout] Some errors have detailed explanations: E0277, E0554, E0599.
[INFO] [stdout] 
[INFO] [stdout] For more information about an error, try `rustc --explain E0277`.
[INFO] [stdout] 
[INFO] [stderr] error: could not compile `feanor_la`.
[INFO] [stderr] 
[INFO] [stderr] To learn more, run the command again with --verbose.
[INFO] [stderr] warning: build failed, waiting for other jobs to finish...
[INFO] [stderr] error: build failed
[INFO] running `Command { std: "docker" "inspect" "18bf19706adcb0586ac93df3799832571c463f544e8bd172859ef1a1851cfac3", kill_on_drop: false }`
[INFO] running `Command { std: "docker" "rm" "-f" "18bf19706adcb0586ac93df3799832571c463f544e8bd172859ef1a1851cfac3", kill_on_drop: false }`
[INFO] [stdout] 18bf19706adcb0586ac93df3799832571c463f544e8bd172859ef1a1851cfac3
