[INFO] cloning repository https://github.com/DiscoBiscuit99/goyo
[INFO] running `Command { std: "git" "-c" "credential.helper=" "-c" "credential.helper=/workspace/cargo-home/bin/git-credential-null" "clone" "--bare" "https://github.com/DiscoBiscuit99/goyo" "/workspace/cache/git-repos/https%3A%2F%2Fgithub.com%2FDiscoBiscuit99%2Fgoyo", kill_on_drop: false }`
[INFO] [stderr] Cloning into bare repository '/workspace/cache/git-repos/https%3A%2F%2Fgithub.com%2FDiscoBiscuit99%2Fgoyo'...
[INFO] running `Command { std: "git" "rev-parse" "HEAD", kill_on_drop: false }`
[INFO] [stdout] a1fd3dfb6f7801c6ef1ac5060f98d786d3da1d45
[INFO] checking DiscoBiscuit99/goyo against beta-2020-07-24 for pr-75494-beta
[INFO] running `Command { std: "git" "clone" "/workspace/cache/git-repos/https%3A%2F%2Fgithub.com%2FDiscoBiscuit99%2Fgoyo" "/workspace/builds/worker-5/source", kill_on_drop: false }`
[INFO] [stderr] Cloning into '/workspace/builds/worker-5/source'...
[INFO] [stderr] done.
[INFO] validating manifest of git repo https://github.com/DiscoBiscuit99/goyo on toolchain beta-2020-07-24
[INFO] running `Command { std: "/workspace/cargo-home/bin/cargo" "+beta-2020-07-24" "read-manifest" "--manifest-path" "Cargo.toml", kill_on_drop: false }`
[INFO] started tweaking git repo https://github.com/DiscoBiscuit99/goyo
[INFO] finished tweaking git repo https://github.com/DiscoBiscuit99/goyo
[INFO] tweaked toml for git repo https://github.com/DiscoBiscuit99/goyo written to /workspace/builds/worker-5/source/Cargo.toml
[INFO] crate git repo https://github.com/DiscoBiscuit99/goyo already has a lockfile, it will not be regenerated
[INFO] running `Command { std: "/workspace/cargo-home/bin/cargo" "+beta-2020-07-24" "fetch" "--locked" "--manifest-path" "Cargo.toml", kill_on_drop: false }`
[INFO] running `Command { std: "docker" "create" "-v" "/var/lib/crater-agent-workspace/builds/worker-5/target:/opt/rustwide/target:rw,Z" "-v" "/var/lib/crater-agent-workspace/builds/worker-5/source:/opt/rustwide/workdir:ro,Z" "-v" "/var/lib/crater-agent-workspace/cargo-home:/opt/rustwide/cargo-home:ro,Z" "-v" "/var/lib/crater-agent-workspace/rustup-home:/opt/rustwide/rustup-home:ro,Z" "-e" "SOURCE_DIR=/opt/rustwide/workdir" "-e" "CARGO_TARGET_DIR=/opt/rustwide/target" "-e" "CARGO_HOME=/opt/rustwide/cargo-home" "-e" "RUSTUP_HOME=/opt/rustwide/rustup-home" "-w" "/opt/rustwide/workdir" "-m" "1610612736" "--user" "0:0" "--network" "none" "rustops/crates-build-env@sha256:a636fd89d022f18117e1dc8fb37a0a009933cdbbe082814857f0e2024962d47c" "/opt/rustwide/cargo-home/bin/cargo" "+beta-2020-07-24" "metadata" "--no-deps" "--format-version=1", kill_on_drop: false }`
[INFO] [stdout] e670effa84e2ff13b3680185161dc857607891a9f21ff0caec5c097783700269
[INFO] [stderr] WARNING: Your kernel does not support swap limit capabilities or the cgroup is not mounted. Memory limited without swap.
[INFO] running `Command { std: "docker" "start" "-a" "e670effa84e2ff13b3680185161dc857607891a9f21ff0caec5c097783700269", kill_on_drop: false }`
[INFO] running `Command { std: "docker" "inspect" "e670effa84e2ff13b3680185161dc857607891a9f21ff0caec5c097783700269", kill_on_drop: false }`
[INFO] running `Command { std: "docker" "rm" "-f" "e670effa84e2ff13b3680185161dc857607891a9f21ff0caec5c097783700269", kill_on_drop: false }`
[INFO] [stdout] e670effa84e2ff13b3680185161dc857607891a9f21ff0caec5c097783700269
[INFO] running `Command { std: "docker" "create" "-v" "/var/lib/crater-agent-workspace/builds/worker-5/target:/opt/rustwide/target:rw,Z" "-v" "/var/lib/crater-agent-workspace/builds/worker-5/source:/opt/rustwide/workdir:ro,Z" "-v" "/var/lib/crater-agent-workspace/cargo-home:/opt/rustwide/cargo-home:ro,Z" "-v" "/var/lib/crater-agent-workspace/rustup-home:/opt/rustwide/rustup-home:ro,Z" "-e" "SOURCE_DIR=/opt/rustwide/workdir" "-e" "CARGO_TARGET_DIR=/opt/rustwide/target" "-e" "CARGO_INCREMENTAL=0" "-e" "RUST_BACKTRACE=full" "-e" "RUSTFLAGS=--cap-lints=forbid" "-e" "CARGO_HOME=/opt/rustwide/cargo-home" "-e" "RUSTUP_HOME=/opt/rustwide/rustup-home" "-w" "/opt/rustwide/workdir" "-m" "1610612736" "--user" "0:0" "--network" "none" "rustops/crates-build-env@sha256:a636fd89d022f18117e1dc8fb37a0a009933cdbbe082814857f0e2024962d47c" "/opt/rustwide/cargo-home/bin/cargo" "+beta-2020-07-24" "check" "--frozen" "--all" "--all-targets" "--message-format=json", kill_on_drop: false }`
[INFO] [stderr] WARNING: Your kernel does not support swap limit capabilities or the cgroup is not mounted. Memory limited without swap.
[INFO] [stdout] ee1119c96ff42383790b0fd041d9671222977fedb9064afb07f1f4be0de9a4a4
[INFO] running `Command { std: "docker" "start" "-a" "ee1119c96ff42383790b0fd041d9671222977fedb9064afb07f1f4be0de9a4a4", kill_on_drop: false }`
[INFO] [stderr]     Checking goyo v0.1.0 (/opt/rustwide/workdir)
[INFO] [stdout] error[E0425]: cannot find value `had_err` in this scope
[INFO] [stdout]   --> src/main.rs:29:8
[INFO] [stdout]    |
[INFO] [stdout] 29 |     if had_err {
[INFO] [stdout]    |        ^^^^^^^ not found in this scope
[INFO] [stdout] 
[INFO] [stdout] 
[INFO] [stdout] error[E0425]: cannot find value `had_err` in this scope
[INFO] [stdout]   --> src/main.rs:59:9
[INFO] [stdout]    |
[INFO] [stdout] 59 |         had_err = false;  // Keep going in the REPL.
[INFO] [stdout]    |         ^^^^^^^ not found in this scope
[INFO] [stdout] 
[INFO] [stdout] 
[INFO] [stdout] warning: variant `LEFT_PAREN` should have an upper camel case name
[INFO] [stdout]  --> src/lexer.rs:3:5
[INFO] [stdout]   |
[INFO] [stdout] 3 |     LEFT_PAREN, RIGHT_PAREN, LEFT_BRACE, RIGHT_BRACE,
[INFO] [stdout]   |     ^^^^^^^^^^ help: convert the identifier to upper camel case: `LeftParen`
[INFO] [stdout]   |
[INFO] [stdout]   = note: `#[warn(non_camel_case_types)]` on by default
[INFO] [stdout] 
[INFO] [stdout] 
[INFO] [stdout] warning: variant `RIGHT_PAREN` should have an upper camel case name
[INFO] [stdout]  --> src/lexer.rs:3:17
[INFO] [stdout]   |
[INFO] [stdout] 3 |     LEFT_PAREN, RIGHT_PAREN, LEFT_BRACE, RIGHT_BRACE,
[INFO] [stdout]   |                 ^^^^^^^^^^^ help: convert the identifier to upper camel case: `RightParen`
[INFO] [stdout] 
[INFO] [stdout] 
[INFO] [stdout] warning: variant `LEFT_BRACE` should have an upper camel case name
[INFO] [stdout]  --> src/lexer.rs:3:30
[INFO] [stdout]   |
[INFO] [stdout] 3 |     LEFT_PAREN, RIGHT_PAREN, LEFT_BRACE, RIGHT_BRACE,
[INFO] [stdout]   |                              ^^^^^^^^^^ help: convert the identifier to upper camel case: `LeftBrace`
[INFO] [stdout] 
[INFO] [stdout] 
[INFO] [stdout] warning: variant `RIGHT_BRACE` should have an upper camel case name
[INFO] [stdout]  --> src/lexer.rs:3:42
[INFO] [stdout]   |
[INFO] [stdout] 3 |     LEFT_PAREN, RIGHT_PAREN, LEFT_BRACE, RIGHT_BRACE,
[INFO] [stdout]   |                                          ^^^^^^^^^^^ help: convert the identifier to upper camel case: `RightBrace`
[INFO] [stdout] 
[INFO] [stdout] 
[INFO] [stdout] warning: variant `BANG_EQUAL` should have an upper camel case name
[INFO] [stdout]  --> src/lexer.rs:7:11
[INFO] [stdout]   |
[INFO] [stdout] 7 |     BANG, BANG_EQUAL,
[INFO] [stdout]   |           ^^^^^^^^^^ help: convert the identifier to upper camel case: `BangEqual`
[INFO] [stdout] 
[INFO] [stdout] 
[INFO] [stdout] warning: variant `COLON_EQUAL` should have an upper camel case name
[INFO] [stdout]  --> src/lexer.rs:8:5
[INFO] [stdout]   |
[INFO] [stdout] 8 |     COLON_EQUAL, EQUAL,
[INFO] [stdout]   |     ^^^^^^^^^^^ help: convert the identifier to upper camel case: `ColonEqual`
[INFO] [stdout] 
[INFO] [stdout] 
[INFO] [stdout] warning: variant `GREATER_EQUAL` should have an upper camel case name
[INFO] [stdout]  --> src/lexer.rs:9:14
[INFO] [stdout]   |
[INFO] [stdout] 9 |     GREATER, GREATER_EQUAL,
[INFO] [stdout]   |              ^^^^^^^^^^^^^ help: convert the identifier to upper camel case: `GreaterEqual`
[INFO] [stdout] 
[INFO] [stdout] 
[INFO] [stdout] warning: variant `LESS_EQUAL` should have an upper camel case name
[INFO] [stdout]   --> src/lexer.rs:10:11
[INFO] [stdout]    |
[INFO] [stdout] 10 |     LESS, LESS_EQUAL,
[INFO] [stdout]    |           ^^^^^^^^^^ help: convert the identifier to upper camel case: `LessEqual`
[INFO] [stdout] 
[INFO] [stdout] 
[INFO] [stdout] error[E0425]: cannot find value `had_err` in this scope
[INFO] [stdout]   --> src/main.rs:29:8
[INFO] [stdout]    |
[INFO] [stdout] 29 |     if had_err {
[INFO] [stdout]    |        ^^^^^^^ not found in this scope
[INFO] [stdout] 
[INFO] [stdout] 
[INFO] [stdout] error[E0425]: cannot find value `had_err` in this scope
[INFO] [stdout]   --> src/main.rs:59:9
[INFO] [stdout]    |
[INFO] [stdout] 59 |         had_err = false;  // Keep going in the REPL.
[INFO] [stdout]    |         ^^^^^^^ not found in this scope
[INFO] [stdout] 
[INFO] [stdout] 
[INFO] [stdout] warning: variant `LEFT_PAREN` should have an upper camel case name
[INFO] [stdout]  --> src/lexer.rs:3:5
[INFO] [stdout]   |
[INFO] [stdout] 3 |     LEFT_PAREN, RIGHT_PAREN, LEFT_BRACE, RIGHT_BRACE,
[INFO] [stdout]   |     ^^^^^^^^^^ help: convert the identifier to upper camel case: `LeftParen`
[INFO] [stdout]   |
[INFO] [stdout]   = note: `#[warn(non_camel_case_types)]` on by default
[INFO] [stdout] 
[INFO] [stdout] 
[INFO] [stdout] warning: variant `RIGHT_PAREN` should have an upper camel case name
[INFO] [stdout]  --> src/lexer.rs:3:17
[INFO] [stdout]   |
[INFO] [stdout] 3 |     LEFT_PAREN, RIGHT_PAREN, LEFT_BRACE, RIGHT_BRACE,
[INFO] [stdout]   |                 ^^^^^^^^^^^ help: convert the identifier to upper camel case: `RightParen`
[INFO] [stdout] 
[INFO] [stdout] 
[INFO] [stdout] warning: variant `LEFT_BRACE` should have an upper camel case name
[INFO] [stdout]  --> src/lexer.rs:3:30
[INFO] [stdout]   |
[INFO] [stdout] 3 |     LEFT_PAREN, RIGHT_PAREN, LEFT_BRACE, RIGHT_BRACE,
[INFO] [stdout]   |                              ^^^^^^^^^^ help: convert the identifier to upper camel case: `LeftBrace`
[INFO] [stdout] 
[INFO] [stdout] 
[INFO] [stdout] warning: variant `RIGHT_BRACE` should have an upper camel case name
[INFO] [stdout]  --> src/lexer.rs:3:42
[INFO] [stdout]   |
[INFO] [stdout] 3 |     LEFT_PAREN, RIGHT_PAREN, LEFT_BRACE, RIGHT_BRACE,
[INFO] [stdout]   |                                          ^^^^^^^^^^^ help: convert the identifier to upper camel case: `RightBrace`
[INFO] [stdout] 
[INFO] [stdout] 
[INFO] [stdout] warning: variant `BANG_EQUAL` should have an upper camel case name
[INFO] [stdout]  --> src/lexer.rs:7:11
[INFO] [stdout]   |
[INFO] [stdout] 7 |     BANG, BANG_EQUAL,
[INFO] [stdout]   |           ^^^^^^^^^^ help: convert the identifier to upper camel case: `BangEqual`
[INFO] [stdout] 
[INFO] [stdout] 
[INFO] [stdout] warning: variant `COLON_EQUAL` should have an upper camel case name
[INFO] [stdout]  --> src/lexer.rs:8:5
[INFO] [stdout]   |
[INFO] [stdout] 8 |     COLON_EQUAL, EQUAL,
[INFO] [stdout]   |     ^^^^^^^^^^^ help: convert the identifier to upper camel case: `ColonEqual`
[INFO] [stdout] 
[INFO] [stdout] 
[INFO] [stdout] warning: variant `GREATER_EQUAL` should have an upper camel case name
[INFO] [stdout]  --> src/lexer.rs:9:14
[INFO] [stdout]   |
[INFO] [stdout] 9 |     GREATER, GREATER_EQUAL,
[INFO] [stdout]   |              ^^^^^^^^^^^^^ help: convert the identifier to upper camel case: `GreaterEqual`
[INFO] [stdout] 
[INFO] [stdout] 
[INFO] [stdout] warning: variant `LESS_EQUAL` should have an upper camel case name
[INFO] [stdout]   --> src/lexer.rs:10:11
[INFO] [stdout]    |
[INFO] [stdout] 10 |     LESS, LESS_EQUAL,
[INFO] [stdout]    |           ^^^^^^^^^^ help: convert the identifier to upper camel case: `LessEqual`
[INFO] [stdout] 
[INFO] [stdout] 
[INFO] [stdout] error[E0277]: the size for values of type `str` cannot be known at compilation time
[INFO] [stdout]   --> src/lexer.rs:24:5
[INFO] [stdout]    |
[INFO] [stdout] 24 |     lexeme: str,
[INFO] [stdout]    |     ^^^^^^^^^^^ doesn't have a size known at compile-time
[INFO] [stdout]    |
[INFO] [stdout]    = help: the trait `std::marker::Sized` is not implemented for `str`
[INFO] [stdout]    = note: to learn more, visit <https://doc.rust-lang.org/book/ch19-04-advanced-types.html#dynamically-sized-types-and-the-sized-trait>
[INFO] [stdout]    = note: only the last field of a struct may have a dynamically sized type
[INFO] [stdout] 
[INFO] [stdout] 
[INFO] [stdout] error[E0277]: the size for values of type `str` cannot be known at compilation time
[INFO] [stdout]   --> src/lexer.rs:24:5
[INFO] [stdout]    |
[INFO] [stdout] 24 |     lexeme: str,
[INFO] [stdout]    |     ^^^^^^^^^^^ doesn't have a size known at compile-time
[INFO] [stdout]    |
[INFO] [stdout]    = help: the trait `std::marker::Sized` is not implemented for `str`
[INFO] [stdout]    = note: to learn more, visit <https://doc.rust-lang.org/book/ch19-04-advanced-types.html#dynamically-sized-types-and-the-sized-trait>
[INFO] [stdout]    = note: only the last field of a struct may have a dynamically sized type
[INFO] [stdout] 
[INFO] [stdout] 
[INFO] [stdout] error: aborting due to 3 previous errors; 8 warnings emitted
[INFO] [stdout] 
[INFO] [stdout] 
[INFO] [stdout] Some errors have detailed explanations: E0277, E0425.
[INFO] [stdout] 
[INFO] [stdout] For more information about an error, try `rustc --explain E0277`.
[INFO] [stdout] 
[INFO] [stdout] error: aborting due to 3 previous errors; 8 warnings emitted
[INFO] [stdout] 
[INFO] [stdout] 
[INFO] [stdout] Some errors have detailed explanations: E0277, E0425.
[INFO] [stdout] 
[INFO] [stdout] For more information about an error, try `rustc --explain E0277`.
[INFO] [stdout] 
[INFO] [stderr] error: could not compile `goyo`.
[INFO] [stderr] 
[INFO] [stderr] To learn more, run the command again with --verbose.
[INFO] [stderr] warning: build failed, waiting for other jobs to finish...
[INFO] [stderr] error: build failed
[INFO] running `Command { std: "docker" "inspect" "ee1119c96ff42383790b0fd041d9671222977fedb9064afb07f1f4be0de9a4a4", kill_on_drop: false }`
[INFO] running `Command { std: "docker" "rm" "-f" "ee1119c96ff42383790b0fd041d9671222977fedb9064afb07f1f4be0de9a4a4", kill_on_drop: false }`
[INFO] [stdout] ee1119c96ff42383790b0fd041d9671222977fedb9064afb07f1f4be0de9a4a4
