[INFO] cloning repository https://github.com/Ciantic/example-winit-taskbarcreated-winproc
[INFO] running `Command { std: "git" "-c" "credential.helper=" "-c" "credential.helper=/workspace/cargo-home/bin/git-credential-null" "clone" "--bare" "https://github.com/Ciantic/example-winit-taskbarcreated-winproc" "/workspace/cache/git-repos/https%3A%2F%2Fgithub.com%2FCiantic%2Fexample-winit-taskbarcreated-winproc", kill_on_drop: false }`
[INFO] [stderr] Cloning into bare repository '/workspace/cache/git-repos/https%3A%2F%2Fgithub.com%2FCiantic%2Fexample-winit-taskbarcreated-winproc'...
[INFO] running `Command { std: "git" "rev-parse" "HEAD", kill_on_drop: false }`
[INFO] [stdout] a211a4b4614a83a3d13973e1a1c8dea53f61fd2a
[INFO] checking Ciantic/example-winit-taskbarcreated-winproc against beta-2020-07-24 for pr-75494-beta
[INFO] running `Command { std: "git" "clone" "/workspace/cache/git-repos/https%3A%2F%2Fgithub.com%2FCiantic%2Fexample-winit-taskbarcreated-winproc" "/workspace/builds/worker-1/source", kill_on_drop: false }`
[INFO] [stderr] Cloning into '/workspace/builds/worker-1/source'...
[INFO] [stderr] done.
[INFO] validating manifest of git repo https://github.com/Ciantic/example-winit-taskbarcreated-winproc on toolchain beta-2020-07-24
[INFO] running `Command { std: "/workspace/cargo-home/bin/cargo" "+beta-2020-07-24" "read-manifest" "--manifest-path" "Cargo.toml", kill_on_drop: false }`
[INFO] started tweaking git repo https://github.com/Ciantic/example-winit-taskbarcreated-winproc
[INFO] finished tweaking git repo https://github.com/Ciantic/example-winit-taskbarcreated-winproc
[INFO] tweaked toml for git repo https://github.com/Ciantic/example-winit-taskbarcreated-winproc written to /workspace/builds/worker-1/source/Cargo.toml
[INFO] crate git repo https://github.com/Ciantic/example-winit-taskbarcreated-winproc already has a lockfile, it will not be regenerated
[INFO] running `Command { std: "/workspace/cargo-home/bin/cargo" "+beta-2020-07-24" "fetch" "--locked" "--manifest-path" "Cargo.toml", kill_on_drop: false }`
[INFO] running `Command { std: "docker" "create" "-v" "/var/lib/crater-agent-workspace/builds/worker-1/target:/opt/rustwide/target:rw,Z" "-v" "/var/lib/crater-agent-workspace/builds/worker-1/source:/opt/rustwide/workdir:ro,Z" "-v" "/var/lib/crater-agent-workspace/cargo-home:/opt/rustwide/cargo-home:ro,Z" "-v" "/var/lib/crater-agent-workspace/rustup-home:/opt/rustwide/rustup-home:ro,Z" "-e" "SOURCE_DIR=/opt/rustwide/workdir" "-e" "CARGO_TARGET_DIR=/opt/rustwide/target" "-e" "CARGO_HOME=/opt/rustwide/cargo-home" "-e" "RUSTUP_HOME=/opt/rustwide/rustup-home" "-w" "/opt/rustwide/workdir" "-m" "1610612736" "--user" "0:0" "--network" "none" "rustops/crates-build-env@sha256:a636fd89d022f18117e1dc8fb37a0a009933cdbbe082814857f0e2024962d47c" "/opt/rustwide/cargo-home/bin/cargo" "+beta-2020-07-24" "metadata" "--no-deps" "--format-version=1", kill_on_drop: false }`
[INFO] [stdout] 3f3aae5421e1d326a9ae3b64b152b77f7a3fbfdddc3f7bdcb70fe0a8f7e6994a
[INFO] [stderr] WARNING: Your kernel does not support swap limit capabilities or the cgroup is not mounted. Memory limited without swap.
[INFO] running `Command { std: "docker" "start" "-a" "3f3aae5421e1d326a9ae3b64b152b77f7a3fbfdddc3f7bdcb70fe0a8f7e6994a", kill_on_drop: false }`
[INFO] running `Command { std: "docker" "inspect" "3f3aae5421e1d326a9ae3b64b152b77f7a3fbfdddc3f7bdcb70fe0a8f7e6994a", kill_on_drop: false }`
[INFO] running `Command { std: "docker" "rm" "-f" "3f3aae5421e1d326a9ae3b64b152b77f7a3fbfdddc3f7bdcb70fe0a8f7e6994a", kill_on_drop: false }`
[INFO] [stdout] 3f3aae5421e1d326a9ae3b64b152b77f7a3fbfdddc3f7bdcb70fe0a8f7e6994a
[INFO] running `Command { std: "docker" "create" "-v" "/var/lib/crater-agent-workspace/builds/worker-1/target:/opt/rustwide/target:rw,Z" "-v" "/var/lib/crater-agent-workspace/builds/worker-1/source:/opt/rustwide/workdir:ro,Z" "-v" "/var/lib/crater-agent-workspace/cargo-home:/opt/rustwide/cargo-home:ro,Z" "-v" "/var/lib/crater-agent-workspace/rustup-home:/opt/rustwide/rustup-home:ro,Z" "-e" "SOURCE_DIR=/opt/rustwide/workdir" "-e" "CARGO_TARGET_DIR=/opt/rustwide/target" "-e" "CARGO_INCREMENTAL=0" "-e" "RUST_BACKTRACE=full" "-e" "RUSTFLAGS=--cap-lints=forbid" "-e" "CARGO_HOME=/opt/rustwide/cargo-home" "-e" "RUSTUP_HOME=/opt/rustwide/rustup-home" "-w" "/opt/rustwide/workdir" "-m" "1610612736" "--user" "0:0" "--network" "none" "rustops/crates-build-env@sha256:a636fd89d022f18117e1dc8fb37a0a009933cdbbe082814857f0e2024962d47c" "/opt/rustwide/cargo-home/bin/cargo" "+beta-2020-07-24" "check" "--frozen" "--all" "--all-targets" "--message-format=json", kill_on_drop: false }`
[INFO] [stderr] WARNING: Your kernel does not support swap limit capabilities or the cgroup is not mounted. Memory limited without swap.
[INFO] [stdout] 92a9ebc7e5b1cbc03cb70172cddc294e0a59fb38758aba4f1f2ab8cc2e74a69d
[INFO] running `Command { std: "docker" "start" "-a" "92a9ebc7e5b1cbc03cb70172cddc294e0a59fb38758aba4f1f2ab8cc2e74a69d", kill_on_drop: false }`
[INFO] [stderr]    Compiling libc v0.2.72
[INFO] [stderr]    Compiling bitflags v1.2.1
[INFO] [stderr]    Compiling libloading v0.6.2
[INFO] [stderr]    Compiling xml-rs v0.8.3
[INFO] [stderr]    Compiling byteorder v1.3.4
[INFO] [stderr]    Compiling nix v0.14.1
[INFO] [stderr]     Checking void v1.0.2
[INFO] [stderr]     Checking lazy_static v1.4.0
[INFO] [stderr]     Checking lazycell v1.2.1
[INFO] [stderr]     Checking downcast-rs v1.2.0
[INFO] [stderr]    Compiling pkg-config v0.3.17
[INFO] [stderr]     Checking same-file v1.0.6
[INFO] [stderr]     Checking xdg v2.2.0
[INFO] [stderr]    Compiling winapi v0.3.9
[INFO] [stderr]     Checking instant v0.1.6
[INFO] [stderr]    Compiling proc-macro2 v0.4.30
[INFO] [stderr]     Checking approx v0.3.2
[INFO] [stderr]     Checking ordered-float v1.1.0
[INFO] [stderr]     Checking line_drawing v0.7.0
[INFO] [stderr]     Checking walkdir v2.3.1
[INFO] [stderr]     Checking dlib v0.4.2
[INFO] [stderr]    Compiling x11-dl v2.18.5
[INFO] [stderr]     Checking wayland-sys v0.23.6
[INFO] [stderr]     Checking stb_truetype v0.3.1
[INFO] [stderr]    Compiling quote v0.6.13
[INFO] [stderr]     Checking net2 v0.2.34
[INFO] [stderr]     Checking iovec v0.1.4
[INFO] [stderr]     Checking parking_lot_core v0.7.2
[INFO] [stderr]     Checking memmap v0.7.0
[INFO] [stderr]     Checking raw-window-handle v0.3.3
[INFO] [stderr]    Compiling wayland-scanner v0.23.6
[INFO] [stderr]     Checking rusttype v0.8.3
[INFO] [stderr]     Checking parking_lot v0.10.2
[INFO] [stderr]     Checking mio v0.6.22
[INFO] [stderr]     Checking rusttype v0.7.9
[INFO] [stderr]     Checking andrew v0.2.1
[INFO] [stderr]     Checking mio-extras v2.0.6
[INFO] [stderr]    Compiling wayland-client v0.23.6
[INFO] [stderr]    Compiling wayland-protocols v0.23.6
[INFO] [stderr]     Checking calloop v0.4.4
[INFO] [stderr]     Checking wayland-commons v0.23.6
[INFO] [stderr]     Checking smithay-client-toolkit v0.6.6
[INFO] [stderr]     Checking winit v0.22.2
[INFO] [stderr]     Checking example-winit-taskbarcreated-winproc v0.1.0 (/opt/rustwide/workdir)
[INFO] [stdout] error[E0433]: failed to resolve: could not find `shared` in `winapi`
[INFO] [stdout]  --> src/main.rs:9:5
[INFO] [stdout]   |
[INFO] [stdout] 9 |     shared::{
[INFO] [stdout]   |     ^^^^^^ could not find `shared` in `winapi`
[INFO] [stdout] 
[INFO] [stdout] 
[INFO] [stdout] error[E0432]: unresolved import `winapi::um`
[INFO] [stdout]   --> src/main.rs:14:5
[INFO] [stdout]    |
[INFO] [stdout] 14 |     um::{commctrl, winuser},
[INFO] [stdout]    |     ^^ could not find `um` in `winapi`
[INFO] [stdout] 
[INFO] [stdout] 
[INFO] [stdout] error[E0432]: unresolved import `winit::platform::windows`
[INFO] [stdout]   --> src/main.rs:19:15
[INFO] [stdout]    |
[INFO] [stdout] 19 |     platform::windows::WindowExtWindows,
[INFO] [stdout]    |               ^^^^^^^ could not find `windows` in `platform`
[INFO] [stdout] 
[INFO] [stdout] 
[INFO] [stdout] error[E0412]: cannot find type `HWND` in this scope
[INFO] [stdout]   --> src/main.rs:43:30
[INFO] [stdout]    |
[INFO] [stdout] 43 |             window.hwnd() as HWND,
[INFO] [stdout]    |                              ^^^^ not found in this scope
[INFO] [stdout] 
[INFO] [stdout] 
[INFO] [stdout] error[E0412]: cannot find type `DWORD_PTR` in this scope
[INFO] [stdout]   --> src/main.rs:46:42
[INFO] [stdout]    |
[INFO] [stdout] 46 |             Box::into_raw(sender_box) as DWORD_PTR,
[INFO] [stdout]    |                                          ^^^^^^^^^ not found in this scope
[INFO] [stdout] 
[INFO] [stdout] 
[INFO] [stdout] error[E0412]: cannot find type `HWND` in this scope
[INFO] [stdout]   --> src/main.rs:51:33
[INFO] [stdout]    |
[INFO] [stdout] 51 |     let hwnd = window.hwnd() as HWND;
[INFO] [stdout]    |                                 ^^^^ not found in this scope
[INFO] [stdout] 
[INFO] [stdout] 
[INFO] [stdout] error[E0412]: cannot find type `HWND` in this scope
[INFO] [stdout]   --> src/main.rs:80:11
[INFO] [stdout]    |
[INFO] [stdout] 80 |     hwnd: HWND,
[INFO] [stdout]    |           ^^^^ not found in this scope
[INFO] [stdout] 
[INFO] [stdout] 
[INFO] [stdout] error[E0412]: cannot find type `UINT` in this scope
[INFO] [stdout]   --> src/main.rs:81:10
[INFO] [stdout]    |
[INFO] [stdout] 81 |     msg: UINT,
[INFO] [stdout]    |          ^^^^ not found in this scope
[INFO] [stdout] 
[INFO] [stdout] 
[INFO] [stdout] error[E0412]: cannot find type `WPARAM` in this scope
[INFO] [stdout]   --> src/main.rs:82:13
[INFO] [stdout]    |
[INFO] [stdout] 82 |     wparam: WPARAM,
[INFO] [stdout]    |             ^^^^^^ not found in this scope
[INFO] [stdout] 
[INFO] [stdout] 
[INFO] [stdout] error[E0412]: cannot find type `LPARAM` in this scope
[INFO] [stdout]   --> src/main.rs:83:13
[INFO] [stdout]    |
[INFO] [stdout] 83 |     lparam: LPARAM,
[INFO] [stdout]    |             ^^^^^^ not found in this scope
[INFO] [stdout] 
[INFO] [stdout] 
[INFO] [stdout] error[E0412]: cannot find type `UINT_PTR` in this scope
[INFO] [stdout]   --> src/main.rs:84:10
[INFO] [stdout]    |
[INFO] [stdout] 84 |     _id: UINT_PTR,
[INFO] [stdout]    |          ^^^^^^^^ not found in this scope
[INFO] [stdout] 
[INFO] [stdout] 
[INFO] [stdout] error[E0412]: cannot find type `DWORD_PTR` in this scope
[INFO] [stdout]   --> src/main.rs:85:11
[INFO] [stdout]    |
[INFO] [stdout] 85 |     data: DWORD_PTR,
[INFO] [stdout]    |           ^^^^^^^^^ not found in this scope
[INFO] [stdout] 
[INFO] [stdout] 
[INFO] [stdout] error[E0412]: cannot find type `LRESULT` in this scope
[INFO] [stdout]   --> src/main.rs:86:6
[INFO] [stdout]    |
[INFO] [stdout] 86 | ) -> LRESULT {
[INFO] [stdout]    |      ^^^^^^^ not found in this scope
[INFO] [stdout] 
[INFO] [stdout] 
[INFO] [stdout] error[E0433]: failed to resolve: could not find `shared` in `winapi`
[INFO] [stdout]  --> src/main.rs:9:5
[INFO] [stdout]   |
[INFO] [stdout] 9 |     shared::{
[INFO] [stdout]   |     ^^^^^^ could not find `shared` in `winapi`
[INFO] [stdout] 
[INFO] [stdout] 
[INFO] [stdout] error[E0432]: unresolved import `winapi::um`
[INFO] [stdout]   --> src/main.rs:14:5
[INFO] [stdout]    |
[INFO] [stdout] 14 |     um::{commctrl, winuser},
[INFO] [stdout]    |     ^^ could not find `um` in `winapi`
[INFO] [stdout] 
[INFO] [stdout] 
[INFO] [stdout] error[E0432]: unresolved import `winit::platform::windows`
[INFO] [stdout]   --> src/main.rs:19:15
[INFO] [stdout]    |
[INFO] [stdout] 19 |     platform::windows::WindowExtWindows,
[INFO] [stdout]    |               ^^^^^^^ could not find `windows` in `platform`
[INFO] [stdout] 
[INFO] [stdout] 
[INFO] [stdout] error[E0412]: cannot find type `HWND` in this scope
[INFO] [stdout]   --> src/main.rs:43:30
[INFO] [stdout]    |
[INFO] [stdout] 43 |             window.hwnd() as HWND,
[INFO] [stdout]    |                              ^^^^ not found in this scope
[INFO] [stdout] 
[INFO] [stdout] 
[INFO] [stdout] error[E0412]: cannot find type `DWORD_PTR` in this scope
[INFO] [stdout]   --> src/main.rs:46:42
[INFO] [stdout]    |
[INFO] [stdout] 46 |             Box::into_raw(sender_box) as DWORD_PTR,
[INFO] [stdout]    |                                          ^^^^^^^^^ not found in this scope
[INFO] [stdout] 
[INFO] [stdout] 
[INFO] [stdout] error[E0412]: cannot find type `HWND` in this scope
[INFO] [stdout]   --> src/main.rs:51:33
[INFO] [stdout]    |
[INFO] [stdout] 51 |     let hwnd = window.hwnd() as HWND;
[INFO] [stdout]    |                                 ^^^^ not found in this scope
[INFO] [stdout] 
[INFO] [stdout] 
[INFO] [stdout] error[E0412]: cannot find type `HWND` in this scope
[INFO] [stdout]   --> src/main.rs:80:11
[INFO] [stdout]    |
[INFO] [stdout] 80 |     hwnd: HWND,
[INFO] [stdout]    |           ^^^^ not found in this scope
[INFO] [stdout] 
[INFO] [stdout] 
[INFO] [stdout] error[E0412]: cannot find type `UINT` in this scope
[INFO] [stdout]   --> src/main.rs:81:10
[INFO] [stdout]    |
[INFO] [stdout] 81 |     msg: UINT,
[INFO] [stdout]    |          ^^^^ not found in this scope
[INFO] [stdout] 
[INFO] [stdout] 
[INFO] [stdout] error[E0412]: cannot find type `WPARAM` in this scope
[INFO] [stdout]   --> src/main.rs:82:13
[INFO] [stdout]    |
[INFO] [stdout] 82 |     wparam: WPARAM,
[INFO] [stdout]    |             ^^^^^^ not found in this scope
[INFO] [stdout] 
[INFO] [stdout] 
[INFO] [stdout] error[E0412]: cannot find type `LPARAM` in this scope
[INFO] [stdout]   --> src/main.rs:83:13
[INFO] [stdout]    |
[INFO] [stdout] 83 |     lparam: LPARAM,
[INFO] [stdout]    |             ^^^^^^ not found in this scope
[INFO] [stdout] 
[INFO] [stdout] 
[INFO] [stdout] error[E0412]: cannot find type `UINT_PTR` in this scope
[INFO] [stdout]   --> src/main.rs:84:10
[INFO] [stdout]    |
[INFO] [stdout] 84 |     _id: UINT_PTR,
[INFO] [stdout]    |          ^^^^^^^^ not found in this scope
[INFO] [stdout] 
[INFO] [stdout] 
[INFO] [stdout] error[E0412]: cannot find type `DWORD_PTR` in this scope
[INFO] [stdout]   --> src/main.rs:85:11
[INFO] [stdout]    |
[INFO] [stdout] 85 |     data: DWORD_PTR,
[INFO] [stdout]    |           ^^^^^^^^^ not found in this scope
[INFO] [stdout] 
[INFO] [stdout] 
[INFO] [stdout] error[E0412]: cannot find type `LRESULT` in this scope
[INFO] [stdout]   --> src/main.rs:86:6
[INFO] [stdout]    |
[INFO] [stdout] 86 | ) -> LRESULT {
[INFO] [stdout]    |      ^^^^^^^ not found in this scope
[INFO] [stdout] 
[INFO] [stdout] 
[INFO] [stdout] error[E0599]: no method named `hwnd` found for struct `winit::window::Window` in the current scope
[INFO] [stdout]   --> src/main.rs:43:20
[INFO] [stdout]    |
[INFO] [stdout] 43 |             window.hwnd() as HWND,
[INFO] [stdout]    |                    ^^^^ method not found in `winit::window::Window`
[INFO] [stdout] 
[INFO] [stdout] 
[INFO] [stdout] error[E0599]: no method named `hwnd` found for struct `winit::window::Window` in the current scope
[INFO] [stdout]   --> src/main.rs:51:23
[INFO] [stdout]    |
[INFO] [stdout] 51 |     let hwnd = window.hwnd() as HWND;
[INFO] [stdout]    |                       ^^^^ method not found in `winit::window::Window`
[INFO] [stdout] 
[INFO] [stdout] 
[INFO] [stdout] error: aborting due to 15 previous errors
[INFO] [stdout] 
[INFO] [stdout] 
[INFO] [stdout] Some errors have detailed explanations: E0412, E0432, E0433, E0599.
[INFO] [stdout] 
[INFO] [stdout] For more information about an error, try `rustc --explain E0412`.
[INFO] [stdout] 
[INFO] [stderr] error: could not compile `example-winit-taskbarcreated-winproc`.
[INFO] [stderr] 
[INFO] [stderr] To learn more, run the command again with --verbose.
[INFO] [stderr] warning: build failed, waiting for other jobs to finish...
[INFO] [stdout] error[E0599]: no method named `hwnd` found for struct `winit::window::Window` in the current scope
[INFO] [stdout]   --> src/main.rs:43:20
[INFO] [stdout]    |
[INFO] [stdout] 43 |             window.hwnd() as HWND,
[INFO] [stdout]    |                    ^^^^ method not found in `winit::window::Window`
[INFO] [stdout] 
[INFO] [stdout] 
[INFO] [stdout] error[E0599]: no method named `hwnd` found for struct `winit::window::Window` in the current scope
[INFO] [stdout]   --> src/main.rs:51:23
[INFO] [stdout]    |
[INFO] [stdout] 51 |     let hwnd = window.hwnd() as HWND;
[INFO] [stdout]    |                       ^^^^ method not found in `winit::window::Window`
[INFO] [stdout] 
[INFO] [stdout] 
[INFO] [stderr] error: build failed
[INFO] [stdout] error: aborting due to 15 previous errors
[INFO] [stdout] 
[INFO] [stdout] 
[INFO] [stdout] Some errors have detailed explanations: E0412, E0432, E0433, E0599.
[INFO] [stdout] 
[INFO] [stdout] For more information about an error, try `rustc --explain E0412`.
[INFO] [stdout] 
[INFO] running `Command { std: "docker" "inspect" "92a9ebc7e5b1cbc03cb70172cddc294e0a59fb38758aba4f1f2ab8cc2e74a69d", kill_on_drop: false }`
[INFO] running `Command { std: "docker" "rm" "-f" "92a9ebc7e5b1cbc03cb70172cddc294e0a59fb38758aba4f1f2ab8cc2e74a69d", kill_on_drop: false }`
[INFO] [stdout] 92a9ebc7e5b1cbc03cb70172cddc294e0a59fb38758aba4f1f2ab8cc2e74a69d
