[INFO] cloning repository https://github.com/Bodhizafa/trippy_rs
[INFO] running `Command { std: "git" "-c" "credential.helper=" "-c" "credential.helper=/workspace/cargo-home/bin/git-credential-null" "clone" "--bare" "https://github.com/Bodhizafa/trippy_rs" "/workspace/cache/git-repos/https%3A%2F%2Fgithub.com%2FBodhizafa%2Ftrippy_rs", kill_on_drop: false }`
[INFO] [stderr] Cloning into bare repository '/workspace/cache/git-repos/https%3A%2F%2Fgithub.com%2FBodhizafa%2Ftrippy_rs'...
[INFO] running `Command { std: "git" "rev-parse" "HEAD", kill_on_drop: false }`
[INFO] [stdout] ec79246bbecf22ab145ea19aabe9bfa5ad8abbd4
[INFO] checking Bodhizafa/trippy_rs against beta-2020-07-24 for pr-75494-beta
[INFO] running `Command { std: "git" "clone" "/workspace/cache/git-repos/https%3A%2F%2Fgithub.com%2FBodhizafa%2Ftrippy_rs" "/workspace/builds/worker-7/source", kill_on_drop: false }`
[INFO] [stderr] Cloning into '/workspace/builds/worker-7/source'...
[INFO] [stderr] done.
[INFO] validating manifest of git repo https://github.com/Bodhizafa/trippy_rs on toolchain beta-2020-07-24
[INFO] running `Command { std: "/workspace/cargo-home/bin/cargo" "+beta-2020-07-24" "read-manifest" "--manifest-path" "Cargo.toml", kill_on_drop: false }`
[INFO] started tweaking git repo https://github.com/Bodhizafa/trippy_rs
[INFO] finished tweaking git repo https://github.com/Bodhizafa/trippy_rs
[INFO] tweaked toml for git repo https://github.com/Bodhizafa/trippy_rs written to /workspace/builds/worker-7/source/Cargo.toml
[INFO] crate git repo https://github.com/Bodhizafa/trippy_rs already has a lockfile, it will not be regenerated
[INFO] running `Command { std: "/workspace/cargo-home/bin/cargo" "+beta-2020-07-24" "fetch" "--locked" "--manifest-path" "Cargo.toml", kill_on_drop: false }`
[INFO] [stderr] error: the lock file /workspace/builds/worker-7/source/Cargo.lock needs to be updated but --locked was passed to prevent this
[INFO] [stderr] If you want to try to generate the lock file without accessing the network, use the --offline flag.
[INFO] the lockfile is outdated, regenerating it
[INFO] running `Command { std: "/workspace/cargo-home/bin/cargo" "+beta-2020-07-24" "generate-lockfile" "--manifest-path" "Cargo.toml" "-Zno-index-update", kill_on_drop: false }`
[INFO] running `Command { std: "/workspace/cargo-home/bin/cargo" "+beta-2020-07-24" "fetch" "--locked" "--manifest-path" "Cargo.toml", kill_on_drop: false }`
[INFO] running `Command { std: "docker" "create" "-v" "/var/lib/crater-agent-workspace/builds/worker-7/target:/opt/rustwide/target:rw,Z" "-v" "/var/lib/crater-agent-workspace/builds/worker-7/source:/opt/rustwide/workdir:ro,Z" "-v" "/var/lib/crater-agent-workspace/cargo-home:/opt/rustwide/cargo-home:ro,Z" "-v" "/var/lib/crater-agent-workspace/rustup-home:/opt/rustwide/rustup-home:ro,Z" "-e" "SOURCE_DIR=/opt/rustwide/workdir" "-e" "CARGO_TARGET_DIR=/opt/rustwide/target" "-e" "CARGO_HOME=/opt/rustwide/cargo-home" "-e" "RUSTUP_HOME=/opt/rustwide/rustup-home" "-w" "/opt/rustwide/workdir" "-m" "1610612736" "--user" "0:0" "--network" "none" "rustops/crates-build-env@sha256:a636fd89d022f18117e1dc8fb37a0a009933cdbbe082814857f0e2024962d47c" "/opt/rustwide/cargo-home/bin/cargo" "+beta-2020-07-24" "metadata" "--no-deps" "--format-version=1", kill_on_drop: false }`
[INFO] [stdout] b2afcfa7b5ddef9e4940538e3e265cd1f70fb264b556ea7bd45dd695e2b82529
[INFO] [stderr] WARNING: Your kernel does not support swap limit capabilities or the cgroup is not mounted. Memory limited without swap.
[INFO] running `Command { std: "docker" "start" "-a" "b2afcfa7b5ddef9e4940538e3e265cd1f70fb264b556ea7bd45dd695e2b82529", kill_on_drop: false }`
[INFO] running `Command { std: "docker" "inspect" "b2afcfa7b5ddef9e4940538e3e265cd1f70fb264b556ea7bd45dd695e2b82529", kill_on_drop: false }`
[INFO] running `Command { std: "docker" "rm" "-f" "b2afcfa7b5ddef9e4940538e3e265cd1f70fb264b556ea7bd45dd695e2b82529", kill_on_drop: false }`
[INFO] [stdout] b2afcfa7b5ddef9e4940538e3e265cd1f70fb264b556ea7bd45dd695e2b82529
[INFO] running `Command { std: "docker" "create" "-v" "/var/lib/crater-agent-workspace/builds/worker-7/target:/opt/rustwide/target:rw,Z" "-v" "/var/lib/crater-agent-workspace/builds/worker-7/source:/opt/rustwide/workdir:ro,Z" "-v" "/var/lib/crater-agent-workspace/cargo-home:/opt/rustwide/cargo-home:ro,Z" "-v" "/var/lib/crater-agent-workspace/rustup-home:/opt/rustwide/rustup-home:ro,Z" "-e" "SOURCE_DIR=/opt/rustwide/workdir" "-e" "CARGO_TARGET_DIR=/opt/rustwide/target" "-e" "CARGO_INCREMENTAL=0" "-e" "RUST_BACKTRACE=full" "-e" "RUSTFLAGS=--cap-lints=forbid" "-e" "CARGO_HOME=/opt/rustwide/cargo-home" "-e" "RUSTUP_HOME=/opt/rustwide/rustup-home" "-w" "/opt/rustwide/workdir" "-m" "1610612736" "--user" "0:0" "--network" "none" "rustops/crates-build-env@sha256:a636fd89d022f18117e1dc8fb37a0a009933cdbbe082814857f0e2024962d47c" "/opt/rustwide/cargo-home/bin/cargo" "+beta-2020-07-24" "check" "--frozen" "--all" "--all-targets" "--message-format=json", kill_on_drop: false }`
[INFO] [stdout] b1fd2100226bc7313dd79ae38b3775d52412b10ae236130d53fece9e582e86f7
[INFO] [stderr] WARNING: Your kernel does not support swap limit capabilities or the cgroup is not mounted. Memory limited without swap.
[INFO] running `Command { std: "docker" "start" "-a" "b1fd2100226bc7313dd79ae38b3775d52412b10ae236130d53fece9e582e86f7", kill_on_drop: false }`
[INFO] [stderr]    Compiling autocfg v1.0.1
[INFO] [stderr]    Compiling cfg-if v0.1.10
[INFO] [stderr]    Compiling proc-macro2 v1.0.19
[INFO] [stderr]    Compiling unicode-xid v0.2.1
[INFO] [stderr]    Compiling getrandom v0.1.14
[INFO] [stderr]    Compiling log v0.4.11
[INFO] [stderr]    Compiling khronos_api v3.1.0
[INFO] [stderr]    Compiling bitflags v1.2.1
[INFO] [stderr]     Checking ppv-lite86 v0.2.9
[INFO] [stderr]    Compiling xml-rs v0.8.3
[INFO] [stderr]    Compiling proc-macro-hack v0.5.18
[INFO] [stderr]    Compiling sdl2 v0.34.2
[INFO] [stderr]     Checking rustc-serialize v0.3.24
[INFO] [stderr]     Checking lazy_static v1.4.0
[INFO] [stderr]     Checking gl_common v0.1.0
[INFO] [stderr]    Compiling sdl2-sys v0.34.2
[INFO] [stderr]    Compiling num-traits v0.2.12
[INFO] [stderr]    Compiling num-integer v0.1.43
[INFO] [stderr]    Compiling num-bigint v0.3.0
[INFO] [stderr]    Compiling num-iter v0.1.41
[INFO] [stderr]    Compiling num-rational v0.3.0
[INFO] [stderr]     Checking rand_core v0.5.1
[INFO] [stderr]     Checking rand_chacha v0.2.2
[INFO] [stderr]    Compiling gl_generator v0.14.0
[INFO] [stderr]     Checking rand v0.7.3
[INFO] [stderr]    Compiling quote v1.0.7
[INFO] [stderr]    Compiling syn v1.0.39
[INFO] [stderr]    Compiling trippy v0.1.0 (/opt/rustwide/workdir)
[INFO] [stderr]     Checking num-complex v0.3.0
[INFO] [stdout] error[E0433]: failed to resolve: could not find `Ns` in `registry`
[INFO] [stdout]   --> build.rs:15:61
[INFO] [stdout]    |
[INFO] [stdout] 15 | ...                   gl_generator::registry::Ns::Gl,
[INFO] [stdout]    |                                               ^^ could not find `Ns` in `registry`
[INFO] [stdout] 
[INFO] [stdout] 
[INFO] [stdout] error[E0425]: cannot find function `generate_bindings` in crate `gl_generator`
[INFO] [stdout]   --> build.rs:14:19
[INFO] [stdout]    |
[INFO] [stdout] 14 |     gl_generator::generate_bindings(gl_generator::StructGenerator,
[INFO] [stdout]    |                   ^^^^^^^^^^^^^^^^^ not found in `gl_generator`
[INFO] [stdout] 
[INFO] [stdout] 
[INFO] [stdout] error[E0603]: module `registry` is private
[INFO] [stdout]   --> build.rs:15:51
[INFO] [stdout]    |
[INFO] [stdout] 15 | ...                   gl_generator::registry::Ns::Gl,
[INFO] [stdout]    |                                     ^^^^^^^^ private module
[INFO] [stdout]    |
[INFO] [stdout] note: the module `registry` is defined here
[INFO] [stdout]   --> /opt/rustwide/cargo-home/registry/src/github.com-1ecc6299db9ec823/gl_generator-0.14.0/lib.rs:72:1
[INFO] [stdout]    |
[INFO] [stdout] 72 | mod registry;
[INFO] [stdout]    | ^^^^^^^^^^^^^
[INFO] [stdout] 
[INFO] [stdout] 
[INFO] [stdout] error: aborting due to 3 previous errors
[INFO] [stdout] 
[INFO] [stdout] 
[INFO] [stdout] Some errors have detailed explanations: E0425, E0433, E0603.
[INFO] [stdout] 
[INFO] [stdout] For more information about an error, try `rustc --explain E0425`.
[INFO] [stdout] 
[INFO] [stderr] error: could not compile `trippy`.
[INFO] [stderr] 
[INFO] [stderr] To learn more, run the command again with --verbose.
[INFO] [stderr] warning: build failed, waiting for other jobs to finish...
[INFO] [stderr] error: build failed
[INFO] running `Command { std: "docker" "inspect" "b1fd2100226bc7313dd79ae38b3775d52412b10ae236130d53fece9e582e86f7", kill_on_drop: false }`
[INFO] running `Command { std: "docker" "rm" "-f" "b1fd2100226bc7313dd79ae38b3775d52412b10ae236130d53fece9e582e86f7", kill_on_drop: false }`
[INFO] [stdout] b1fd2100226bc7313dd79ae38b3775d52412b10ae236130d53fece9e582e86f7
