[INFO] cloning repository https://github.com/AndreasOM/ggj19
[INFO] running `Command { std: "git" "-c" "credential.helper=" "-c" "credential.helper=/workspace/cargo-home/bin/git-credential-null" "clone" "--bare" "https://github.com/AndreasOM/ggj19" "/workspace/cache/git-repos/https%3A%2F%2Fgithub.com%2FAndreasOM%2Fggj19", kill_on_drop: false }`
[INFO] [stderr] Cloning into bare repository '/workspace/cache/git-repos/https%3A%2F%2Fgithub.com%2FAndreasOM%2Fggj19'...
[INFO] running `Command { std: "git" "rev-parse" "HEAD", kill_on_drop: false }`
[INFO] [stdout] 4d1ec538f17b5d2e9f18aa8fcfff90cdd3b38246
[INFO] checking AndreasOM/ggj19 against beta-2020-07-24 for pr-75494-beta
[INFO] running `Command { std: "git" "clone" "/workspace/cache/git-repos/https%3A%2F%2Fgithub.com%2FAndreasOM%2Fggj19" "/workspace/builds/worker-4/source", kill_on_drop: false }`
[INFO] [stderr] Cloning into '/workspace/builds/worker-4/source'...
[INFO] [stderr] done.
[INFO] validating manifest of git repo https://github.com/AndreasOM/ggj19 on toolchain beta-2020-07-24
[INFO] running `Command { std: "/workspace/cargo-home/bin/cargo" "+beta-2020-07-24" "read-manifest" "--manifest-path" "Cargo.toml", kill_on_drop: false }`
[INFO] started tweaking git repo https://github.com/AndreasOM/ggj19
[INFO] finished tweaking git repo https://github.com/AndreasOM/ggj19
[INFO] tweaked toml for git repo https://github.com/AndreasOM/ggj19 written to /workspace/builds/worker-4/source/Cargo.toml
[INFO] crate git repo https://github.com/AndreasOM/ggj19 already has a lockfile, it will not be regenerated
[INFO] running `Command { std: "/workspace/cargo-home/bin/cargo" "+beta-2020-07-24" "fetch" "--locked" "--manifest-path" "Cargo.toml", kill_on_drop: false }`
[INFO] running `Command { std: "docker" "create" "-v" "/var/lib/crater-agent-workspace/builds/worker-4/target:/opt/rustwide/target:rw,Z" "-v" "/var/lib/crater-agent-workspace/builds/worker-4/source:/opt/rustwide/workdir:ro,Z" "-v" "/var/lib/crater-agent-workspace/cargo-home:/opt/rustwide/cargo-home:ro,Z" "-v" "/var/lib/crater-agent-workspace/rustup-home:/opt/rustwide/rustup-home:ro,Z" "-e" "SOURCE_DIR=/opt/rustwide/workdir" "-e" "CARGO_TARGET_DIR=/opt/rustwide/target" "-e" "CARGO_HOME=/opt/rustwide/cargo-home" "-e" "RUSTUP_HOME=/opt/rustwide/rustup-home" "-w" "/opt/rustwide/workdir" "-m" "1610612736" "--user" "0:0" "--network" "none" "rustops/crates-build-env@sha256:a636fd89d022f18117e1dc8fb37a0a009933cdbbe082814857f0e2024962d47c" "/opt/rustwide/cargo-home/bin/cargo" "+beta-2020-07-24" "metadata" "--no-deps" "--format-version=1", kill_on_drop: false }`
[INFO] [stdout] 2eeb0ac48b089cd5e7f990142262d9aa029036edaee75375c74005bdf4c94616
[INFO] [stderr] WARNING: Your kernel does not support swap limit capabilities or the cgroup is not mounted. Memory limited without swap.
[INFO] running `Command { std: "docker" "start" "-a" "2eeb0ac48b089cd5e7f990142262d9aa029036edaee75375c74005bdf4c94616", kill_on_drop: false }`
[INFO] running `Command { std: "docker" "inspect" "2eeb0ac48b089cd5e7f990142262d9aa029036edaee75375c74005bdf4c94616", kill_on_drop: false }`
[INFO] running `Command { std: "docker" "rm" "-f" "2eeb0ac48b089cd5e7f990142262d9aa029036edaee75375c74005bdf4c94616", kill_on_drop: false }`
[INFO] [stdout] 2eeb0ac48b089cd5e7f990142262d9aa029036edaee75375c74005bdf4c94616
[INFO] running `Command { std: "docker" "create" "-v" "/var/lib/crater-agent-workspace/builds/worker-4/target:/opt/rustwide/target:rw,Z" "-v" "/var/lib/crater-agent-workspace/builds/worker-4/source:/opt/rustwide/workdir:ro,Z" "-v" "/var/lib/crater-agent-workspace/cargo-home:/opt/rustwide/cargo-home:ro,Z" "-v" "/var/lib/crater-agent-workspace/rustup-home:/opt/rustwide/rustup-home:ro,Z" "-e" "SOURCE_DIR=/opt/rustwide/workdir" "-e" "CARGO_TARGET_DIR=/opt/rustwide/target" "-e" "CARGO_INCREMENTAL=0" "-e" "RUST_BACKTRACE=full" "-e" "RUSTFLAGS=--cap-lints=forbid" "-e" "CARGO_HOME=/opt/rustwide/cargo-home" "-e" "RUSTUP_HOME=/opt/rustwide/rustup-home" "-w" "/opt/rustwide/workdir" "-m" "1610612736" "--user" "0:0" "--network" "none" "rustops/crates-build-env@sha256:a636fd89d022f18117e1dc8fb37a0a009933cdbbe082814857f0e2024962d47c" "/opt/rustwide/cargo-home/bin/cargo" "+beta-2020-07-24" "check" "--frozen" "--all" "--all-targets" "--message-format=json", kill_on_drop: false }`
[INFO] [stdout] f1c1ae8730cdffa8d8337a4e262ff1cb49fb5cea6802cc1651bdd882a86103d4
[INFO] [stderr] WARNING: Your kernel does not support swap limit capabilities or the cgroup is not mounted. Memory limited without swap.
[INFO] running `Command { std: "docker" "start" "-a" "f1c1ae8730cdffa8d8337a4e262ff1cb49fb5cea6802cc1651bdd882a86103d4", kill_on_drop: false }`
[INFO] [stderr]    Compiling num-traits v0.2.6
[INFO] [stderr]     Checking nodrop v0.1.13
[INFO] [stderr]    Compiling proc-macro2 v0.4.26
[INFO] [stderr]     Checking cfg-if v0.1.6
[INFO] [stderr]    Compiling rayon-core v1.4.1
[INFO] [stderr]    Compiling num-integer v0.1.39
[INFO] [stderr]     Checking lazy_static v1.2.0
[INFO] [stderr]     Checking scopeguard v0.3.3
[INFO] [stderr]    Compiling semver-parser v0.7.0
[INFO] [stderr]     Checking memoffset v0.2.1
[INFO] [stderr]     Checking byteorder v1.2.7
[INFO] [stderr]    Compiling pkg-config v0.3.14
[INFO] [stderr]    Compiling num-iter v0.1.37
[INFO] [stderr]    Compiling num-derive v0.2.3
[INFO] [stderr]    Compiling rayon v1.0.3
[INFO] [stderr]     Checking adler32 v1.0.3
[INFO] [stderr]    Compiling num-rational v0.2.1
[INFO] [stderr]     Checking either v1.5.0
[INFO] [stderr]     Checking lzw v0.10.0
[INFO] [stderr]    Compiling cc v1.0.28
[INFO] [stderr]     Checking color_quant v1.0.1
[INFO] [stderr]     Checking lazy_static v0.2.11
[INFO] [stderr]     Checking scoped_threadpool v0.1.9
[INFO] [stderr]     Checking safe-transmute v0.10.1
[INFO] [stderr]    Compiling rand v0.6.4
[INFO] [stderr]     Checking crossbeam-utils v0.2.2
[INFO] [stderr]     Checking inflate v0.4.4
[INFO] [stderr]    Compiling semver v0.9.0
[INFO] [stderr]     Checking gif v0.10.1
[INFO] [stderr]     Checking arrayvec v0.4.10
[INFO] [stderr]     Checking deflate v0.7.19
[INFO] [stderr]     Checking num_cpus v1.9.0
[INFO] [stderr]     Checking time v0.1.42
[INFO] [stderr]     Checking rand_os v0.1.1
[INFO] [stderr]    Compiling rustc_version v0.2.3
[INFO] [stderr]     Checking crossbeam-epoch v0.3.1
[INFO] [stderr]    Compiling x11-dl v2.14.0
[INFO] [stderr]    Compiling rand_pcg v0.1.1
[INFO] [stderr]     Checking crossbeam-deque v0.2.0
[INFO] [stderr]    Compiling minifb v0.11.2
[INFO] [stderr]    Compiling quote v0.6.11
[INFO] [stderr]    Compiling syn v0.15.26
[INFO] [stderr]     Checking png v0.14.0
[INFO] [stderr]     Checking jpeg-decoder v0.1.15
[INFO] [stderr]     Checking tiff v0.2.1
[INFO] [stderr]     Checking image v0.21.0
[INFO] [stderr]     Checking ggj19 v0.1.0 (/opt/rustwide/workdir)
[INFO] [stdout] error[E0554]: `#![feature]` may not be used on the beta release channel
[INFO] [stdout]  --> src/main.rs:1:1
[INFO] [stdout]   |
[INFO] [stdout] 1 | #![feature(duration_float)]
[INFO] [stdout]   | ^^^^^^^^^^^^^^^^^^^^^^^^^^^
[INFO] [stdout] 
[INFO] [stdout] 
[INFO] [stdout] error[E0554]: `#![feature]` may not be used on the beta release channel
[INFO] [stdout]  --> src/main.rs:1:1
[INFO] [stdout]   |
[INFO] [stdout] 1 | #![feature(duration_float)]
[INFO] [stdout]   | ^^^^^^^^^^^^^^^^^^^^^^^^^^^
[INFO] [stdout] 
[INFO] [stdout] 
[INFO] [stdout] warning: unused import: `Duration`
[INFO] [stdout]  --> src/main.rs:6:17
[INFO] [stdout]   |
[INFO] [stdout] 6 | use std::time::{Duration, Instant};
[INFO] [stdout]   |                 ^^^^^^^^
[INFO] [stdout]   |
[INFO] [stdout]   = note: `#[warn(unused_imports)]` on by default
[INFO] [stdout] 
[INFO] [stdout] 
[INFO] [stdout] warning: unused import: `crate::bobs::bobtype::BobType`
[INFO] [stdout]  --> src/counter.rs:1:5
[INFO] [stdout]   |
[INFO] [stdout] 1 | use crate::bobs::bobtype::BobType;
[INFO] [stdout]   |     ^^^^^^^^^^^^^^^^^^^^^^^^^^^^^
[INFO] [stdout] 
[INFO] [stdout] 
[INFO] [stdout] warning: unnecessary parentheses around method argument
[INFO] [stdout]    --> src/game.rs:587:26
[INFO] [stdout]     |
[INFO] [stdout] 587 |             fb.fill_rect( px, py, ( px+1 ), ( py+1 ), 0x333333ff );
[INFO] [stdout]     |                                   ^^^^^^^^ help: remove these parentheses
[INFO] [stdout]     |
[INFO] [stdout]     = note: `#[warn(unused_parens)]` on by default
[INFO] [stdout] 
[INFO] [stdout] 
[INFO] [stdout] warning: unnecessary parentheses around method argument
[INFO] [stdout]    --> src/game.rs:587:36
[INFO] [stdout]     |
[INFO] [stdout] 587 |             fb.fill_rect( px, py, ( px+1 ), ( py+1 ), 0x333333ff );
[INFO] [stdout]     |                                             ^^^^^^^^ help: remove these parentheses
[INFO] [stdout] 
[INFO] [stdout] 
[INFO] [stdout] warning: unused import: `Duration`
[INFO] [stdout]  --> src/main.rs:6:17
[INFO] [stdout]   |
[INFO] [stdout] 6 | use std::time::{Duration, Instant};
[INFO] [stdout]   |                 ^^^^^^^^
[INFO] [stdout]   |
[INFO] [stdout]   = note: `#[warn(unused_imports)]` on by default
[INFO] [stdout] 
[INFO] [stdout] 
[INFO] [stdout] warning: unused import: `crate::bobs::bobtype::BobType`
[INFO] [stdout]  --> src/counter.rs:1:5
[INFO] [stdout]   |
[INFO] [stdout] 1 | use crate::bobs::bobtype::BobType;
[INFO] [stdout]   |     ^^^^^^^^^^^^^^^^^^^^^^^^^^^^^
[INFO] [stdout] 
[INFO] [stdout] 
[INFO] [stdout] warning: unnecessary parentheses around method argument
[INFO] [stdout]    --> src/game.rs:587:26
[INFO] [stdout]     |
[INFO] [stdout] 587 |             fb.fill_rect( px, py, ( px+1 ), ( py+1 ), 0x333333ff );
[INFO] [stdout]     |                                   ^^^^^^^^ help: remove these parentheses
[INFO] [stdout]     |
[INFO] [stdout]     = note: `#[warn(unused_parens)]` on by default
[INFO] [stdout] 
[INFO] [stdout] 
[INFO] [stdout] warning: unnecessary parentheses around method argument
[INFO] [stdout]    --> src/game.rs:587:36
[INFO] [stdout]     |
[INFO] [stdout] 587 |             fb.fill_rect( px, py, ( px+1 ), ( py+1 ), 0x333333ff );
[INFO] [stdout]     |                                             ^^^^^^^^ help: remove these parentheses
[INFO] [stdout] 
[INFO] [stdout] 
[INFO] [stdout] error[E0599]: no method named `as_float_secs` found for struct `std::time::Duration` in the current scope
[INFO] [stdout]   --> src/main.rs:40:45
[INFO] [stdout]    |
[INFO] [stdout] 40 |         let time_step = last_time.elapsed().as_float_secs() as f32;
[INFO] [stdout]    |                                             ^^^^^^^^^^^^^ method not found in `std::time::Duration`
[INFO] [stdout] 
[INFO] [stdout] 
[INFO] [stdout] error[E0599]: no method named `as_float_secs` found for struct `std::time::Duration` in the current scope
[INFO] [stdout]   --> src/main.rs:40:45
[INFO] [stdout]    |
[INFO] [stdout] 40 |         let time_step = last_time.elapsed().as_float_secs() as f32;
[INFO] [stdout]    |                                             ^^^^^^^^^^^^^ method not found in `std::time::Duration`
[INFO] [stdout] 
[INFO] [stdout] 
[INFO] [stdout] error: aborting due to 2 previous errors; 4 warnings emitted
[INFO] [stdout] 
[INFO] [stdout] 
[INFO] [stdout] Some errors have detailed explanations: E0554, E0599.
[INFO] [stdout] 
[INFO] [stdout] For more information about an error, try `rustc --explain E0554`.
[INFO] [stdout] 
[INFO] [stderr] error: could not compile `ggj19`.
[INFO] [stderr] 
[INFO] [stderr] To learn more, run the command again with --verbose.
[INFO] [stderr] warning: build failed, waiting for other jobs to finish...
[INFO] [stdout] error: aborting due to 2 previous errors; 4 warnings emitted
[INFO] [stdout] 
[INFO] [stdout] 
[INFO] [stdout] Some errors have detailed explanations: E0554, E0599.
[INFO] [stdout] 
[INFO] [stdout] For more information about an error, try `rustc --explain E0554`.
[INFO] [stdout] 
[INFO] [stderr] error: build failed
[INFO] running `Command { std: "docker" "inspect" "f1c1ae8730cdffa8d8337a4e262ff1cb49fb5cea6802cc1651bdd882a86103d4", kill_on_drop: false }`
[INFO] running `Command { std: "docker" "rm" "-f" "f1c1ae8730cdffa8d8337a4e262ff1cb49fb5cea6802cc1651bdd882a86103d4", kill_on_drop: false }`
[INFO] [stdout] f1c1ae8730cdffa8d8337a4e262ff1cb49fb5cea6802cc1651bdd882a86103d4
