[INFO] cloning repository https://github.com/Altarf02/Rust-101
[INFO] running `Command { std: "git" "-c" "credential.helper=" "-c" "credential.helper=/workspace/cargo-home/bin/git-credential-null" "clone" "--bare" "https://github.com/Altarf02/Rust-101" "/workspace/cache/git-repos/https%3A%2F%2Fgithub.com%2FAltarf02%2FRust-101", kill_on_drop: false }`
[INFO] [stderr] Cloning into bare repository '/workspace/cache/git-repos/https%3A%2F%2Fgithub.com%2FAltarf02%2FRust-101'...
[INFO] running `Command { std: "git" "rev-parse" "HEAD", kill_on_drop: false }`
[INFO] [stdout] 0bfcd1bc88ca3b20848409efd7d8d0d77a5205c9
[INFO] checking Altarf02/Rust-101 against beta-2020-07-24 for pr-75494-beta
[INFO] running `Command { std: "git" "clone" "/workspace/cache/git-repos/https%3A%2F%2Fgithub.com%2FAltarf02%2FRust-101" "/workspace/builds/worker-4/source", kill_on_drop: false }`
[INFO] [stderr] Cloning into '/workspace/builds/worker-4/source'...
[INFO] [stderr] done.
[INFO] validating manifest of git repo https://github.com/Altarf02/Rust-101 on toolchain beta-2020-07-24
[INFO] running `Command { std: "/workspace/cargo-home/bin/cargo" "+beta-2020-07-24" "read-manifest" "--manifest-path" "Cargo.toml", kill_on_drop: false }`
[INFO] started tweaking git repo https://github.com/Altarf02/Rust-101
[INFO] finished tweaking git repo https://github.com/Altarf02/Rust-101
[INFO] tweaked toml for git repo https://github.com/Altarf02/Rust-101 written to /workspace/builds/worker-4/source/Cargo.toml
[INFO] crate git repo https://github.com/Altarf02/Rust-101 already has a lockfile, it will not be regenerated
[INFO] running `Command { std: "/workspace/cargo-home/bin/cargo" "+beta-2020-07-24" "fetch" "--locked" "--manifest-path" "Cargo.toml", kill_on_drop: false }`
[INFO] running `Command { std: "docker" "create" "-v" "/var/lib/crater-agent-workspace/builds/worker-4/target:/opt/rustwide/target:rw,Z" "-v" "/var/lib/crater-agent-workspace/builds/worker-4/source:/opt/rustwide/workdir:ro,Z" "-v" "/var/lib/crater-agent-workspace/cargo-home:/opt/rustwide/cargo-home:ro,Z" "-v" "/var/lib/crater-agent-workspace/rustup-home:/opt/rustwide/rustup-home:ro,Z" "-e" "SOURCE_DIR=/opt/rustwide/workdir" "-e" "CARGO_TARGET_DIR=/opt/rustwide/target" "-e" "CARGO_HOME=/opt/rustwide/cargo-home" "-e" "RUSTUP_HOME=/opt/rustwide/rustup-home" "-w" "/opt/rustwide/workdir" "-m" "1610612736" "--user" "0:0" "--network" "none" "rustops/crates-build-env@sha256:a636fd89d022f18117e1dc8fb37a0a009933cdbbe082814857f0e2024962d47c" "/opt/rustwide/cargo-home/bin/cargo" "+beta-2020-07-24" "metadata" "--no-deps" "--format-version=1", kill_on_drop: false }`
[INFO] [stderr] WARNING: Your kernel does not support swap limit capabilities or the cgroup is not mounted. Memory limited without swap.
[INFO] [stdout] 178543041cde6fd785805a7f5366a69ec15cb06e61d61cd1ef567004126d9f48
[INFO] running `Command { std: "docker" "start" "-a" "178543041cde6fd785805a7f5366a69ec15cb06e61d61cd1ef567004126d9f48", kill_on_drop: false }`
[INFO] running `Command { std: "docker" "inspect" "178543041cde6fd785805a7f5366a69ec15cb06e61d61cd1ef567004126d9f48", kill_on_drop: false }`
[INFO] running `Command { std: "docker" "rm" "-f" "178543041cde6fd785805a7f5366a69ec15cb06e61d61cd1ef567004126d9f48", kill_on_drop: false }`
[INFO] [stdout] 178543041cde6fd785805a7f5366a69ec15cb06e61d61cd1ef567004126d9f48
[INFO] running `Command { std: "docker" "create" "-v" "/var/lib/crater-agent-workspace/builds/worker-4/target:/opt/rustwide/target:rw,Z" "-v" "/var/lib/crater-agent-workspace/builds/worker-4/source:/opt/rustwide/workdir:ro,Z" "-v" "/var/lib/crater-agent-workspace/cargo-home:/opt/rustwide/cargo-home:ro,Z" "-v" "/var/lib/crater-agent-workspace/rustup-home:/opt/rustwide/rustup-home:ro,Z" "-e" "SOURCE_DIR=/opt/rustwide/workdir" "-e" "CARGO_TARGET_DIR=/opt/rustwide/target" "-e" "CARGO_INCREMENTAL=0" "-e" "RUST_BACKTRACE=full" "-e" "RUSTFLAGS=--cap-lints=forbid" "-e" "CARGO_HOME=/opt/rustwide/cargo-home" "-e" "RUSTUP_HOME=/opt/rustwide/rustup-home" "-w" "/opt/rustwide/workdir" "-m" "1610612736" "--user" "0:0" "--network" "none" "rustops/crates-build-env@sha256:a636fd89d022f18117e1dc8fb37a0a009933cdbbe082814857f0e2024962d47c" "/opt/rustwide/cargo-home/bin/cargo" "+beta-2020-07-24" "check" "--frozen" "--all" "--all-targets" "--message-format=json", kill_on_drop: false }`
[INFO] [stdout] 0d2534e0fe0f6b8d90ee26aeadf52d4751e0281813dc2d37d412c888ec0c488f
[INFO] [stderr] WARNING: Your kernel does not support swap limit capabilities or the cgroup is not mounted. Memory limited without swap.
[INFO] running `Command { std: "docker" "start" "-a" "0d2534e0fe0f6b8d90ee26aeadf52d4751e0281813dc2d37d412c888ec0c488f", kill_on_drop: false }`
[INFO] [stderr]     Checking Rust-101 v0.1.0 (/opt/rustwide/workdir)
[INFO] [stdout] error[E0433]: failed to resolve: maybe a missing crate `nix`?
[INFO] [stdout]  --> src/main.rs:1:5
[INFO] [stdout]   |
[INFO] [stdout] 1 | use nix::unistd::*;
[INFO] [stdout]   |     ^^^ maybe a missing crate `nix`?
[INFO] [stdout] 
[INFO] [stdout] 
[INFO] [stdout] error[E0433]: failed to resolve: use of undeclared type or module `ForkResult`
[INFO] [stdout]  --> src/main.rs:8:17
[INFO] [stdout]   |
[INFO] [stdout] 8 |                 ForkResult::Child => {
[INFO] [stdout]   |                 ^^^^^^^^^^ use of undeclared type or module `ForkResult`
[INFO] [stdout] 
[INFO] [stdout] 
[INFO] [stdout] error[E0425]: cannot find function `fork` in this scope
[INFO] [stdout]  --> src/main.rs:4:15
[INFO] [stdout]   |
[INFO] [stdout] 4 |     let pid = fork();
[INFO] [stdout]   |               ^^^^ not found in this scope
[INFO] [stdout] 
[INFO] [stdout] 
[INFO] [stdout] error[E0425]: cannot find function `getpid` in this scope
[INFO] [stdout]  --> src/main.rs:9:68
[INFO] [stdout]   |
[INFO] [stdout] 9 |                     println!("[PID {}] This is the child process", getpid());    
[INFO] [stdout]   |                                                                    ^^^^^^ not found in this scope
[INFO] [stdout] 
[INFO] [stdout] 
[INFO] [stdout] error[E0425]: cannot find function `getpid` in this scope
[INFO] [stdout]   --> src/main.rs:12:69
[INFO] [stdout]    |
[INFO] [stdout] 12 |                     println!("[PID {}] This is the parent process", getpid());
[INFO] [stdout]    |                                                                     ^^^^^^ not found in this scope
[INFO] [stdout] 
[INFO] [stdout] 
[INFO] [stdout] error: aborting due to 5 previous errors
[INFO] [stdout] 
[INFO] [stdout] 
[INFO] [stdout] Some errors have detailed explanations: E0425, E0433.
[INFO] [stdout] 
[INFO] [stdout] For more information about an error, try `rustc --explain E0425`.
[INFO] [stdout] 
[INFO] [stdout] error[E0433]: failed to resolve: maybe a missing crate `nix`?
[INFO] [stdout]  --> src/main.rs:1:5
[INFO] [stdout]   |
[INFO] [stdout] 1 | use nix::unistd::*;
[INFO] [stdout]   |     ^^^ maybe a missing crate `nix`?
[INFO] [stdout] 
[INFO] [stdout] 
[INFO] [stdout] error[E0433]: failed to resolve: use of undeclared type or module `ForkResult`
[INFO] [stdout]  --> src/main.rs:8:17
[INFO] [stdout]   |
[INFO] [stdout] 8 |                 ForkResult::Child => {
[INFO] [stdout]   |                 ^^^^^^^^^^ use of undeclared type or module `ForkResult`
[INFO] [stdout] 
[INFO] [stdout] 
[INFO] [stdout] error[E0425]: cannot find function `fork` in this scope
[INFO] [stdout]  --> src/main.rs:4:15
[INFO] [stdout]   |
[INFO] [stdout] 4 |     let pid = fork();
[INFO] [stdout]   |               ^^^^ not found in this scope
[INFO] [stdout] 
[INFO] [stdout] 
[INFO] [stdout] error[E0425]: cannot find function `getpid` in this scope
[INFO] [stdout]  --> src/main.rs:9:68
[INFO] [stdout]   |
[INFO] [stdout] 9 |                     println!("[PID {}] This is the child process", getpid());    
[INFO] [stdout]   |                                                                    ^^^^^^ not found in this scope
[INFO] [stdout] 
[INFO] [stdout] 
[INFO] [stdout] error[E0425]: cannot find function `getpid` in this scope
[INFO] [stdout]   --> src/main.rs:12:69
[INFO] [stdout]    |
[INFO] [stdout] 12 |                     println!("[PID {}] This is the parent process", getpid());
[INFO] [stdout]    |                                                                     ^^^^^^ not found in this scope
[INFO] [stdout] 
[INFO] [stdout] 
[INFO] [stderr] error: could not compile `Rust-101`.
[INFO] [stderr] 
[INFO] [stderr] To learn more, run the command again with --verbose.
[INFO] [stderr] warning: build failed, waiting for other jobs to finish...
[INFO] [stdout] error: aborting due to 5 previous errors
[INFO] [stdout] 
[INFO] [stdout] 
[INFO] [stdout] Some errors have detailed explanations: E0425, E0433.
[INFO] [stdout] 
[INFO] [stdout] For more information about an error, try `rustc --explain E0425`.
[INFO] [stdout] 
[INFO] [stderr] error: build failed
[INFO] running `Command { std: "docker" "inspect" "0d2534e0fe0f6b8d90ee26aeadf52d4751e0281813dc2d37d412c888ec0c488f", kill_on_drop: false }`
[INFO] running `Command { std: "docker" "rm" "-f" "0d2534e0fe0f6b8d90ee26aeadf52d4751e0281813dc2d37d412c888ec0c488f", kill_on_drop: false }`
[INFO] [stdout] 0d2534e0fe0f6b8d90ee26aeadf52d4751e0281813dc2d37d412c888ec0c488f
