[INFO] cloning repository https://github.com/Alberto-Perez-1994/Chess-Engine
[INFO] running `Command { std: "git" "-c" "credential.helper=" "-c" "credential.helper=/workspace/cargo-home/bin/git-credential-null" "clone" "--bare" "https://github.com/Alberto-Perez-1994/Chess-Engine" "/workspace/cache/git-repos/https%3A%2F%2Fgithub.com%2FAlberto-Perez-1994%2FChess-Engine", kill_on_drop: false }`
[INFO] [stderr] Cloning into bare repository '/workspace/cache/git-repos/https%3A%2F%2Fgithub.com%2FAlberto-Perez-1994%2FChess-Engine'...
[INFO] running `Command { std: "git" "rev-parse" "HEAD", kill_on_drop: false }`
[INFO] [stdout] 13c63f1acf9329762718e8fbced68469cb16253d
[INFO] checking Alberto-Perez-1994/Chess-Engine against beta-2020-07-24 for pr-75494-beta
[INFO] running `Command { std: "git" "clone" "/workspace/cache/git-repos/https%3A%2F%2Fgithub.com%2FAlberto-Perez-1994%2FChess-Engine" "/workspace/builds/worker-0/source", kill_on_drop: false }`
[INFO] [stderr] Cloning into '/workspace/builds/worker-0/source'...
[INFO] [stderr] done.
[INFO] validating manifest of git repo https://github.com/Alberto-Perez-1994/Chess-Engine on toolchain beta-2020-07-24
[INFO] running `Command { std: "/workspace/cargo-home/bin/cargo" "+beta-2020-07-24" "read-manifest" "--manifest-path" "Cargo.toml", kill_on_drop: false }`
[INFO] started tweaking git repo https://github.com/Alberto-Perez-1994/Chess-Engine
[INFO] removed workspace from git repo https://github.com/Alberto-Perez-1994/Chess-Engine
[INFO] finished tweaking git repo https://github.com/Alberto-Perez-1994/Chess-Engine
[INFO] tweaked toml for git repo https://github.com/Alberto-Perez-1994/Chess-Engine written to /workspace/builds/worker-0/source/Cargo.toml
[INFO] crate git repo https://github.com/Alberto-Perez-1994/Chess-Engine already has a lockfile, it will not be regenerated
[INFO] running `Command { std: "/workspace/cargo-home/bin/cargo" "+beta-2020-07-24" "fetch" "--locked" "--manifest-path" "Cargo.toml", kill_on_drop: false }`
[INFO] [stderr]     Blocking waiting for file lock on package cache
[INFO] [stderr]     Blocking waiting for file lock on package cache
[INFO] running `Command { std: "docker" "create" "-v" "/var/lib/crater-agent-workspace/builds/worker-0/target:/opt/rustwide/target:rw,Z" "-v" "/var/lib/crater-agent-workspace/builds/worker-0/source:/opt/rustwide/workdir:ro,Z" "-v" "/var/lib/crater-agent-workspace/cargo-home:/opt/rustwide/cargo-home:ro,Z" "-v" "/var/lib/crater-agent-workspace/rustup-home:/opt/rustwide/rustup-home:ro,Z" "-e" "SOURCE_DIR=/opt/rustwide/workdir" "-e" "CARGO_TARGET_DIR=/opt/rustwide/target" "-e" "CARGO_HOME=/opt/rustwide/cargo-home" "-e" "RUSTUP_HOME=/opt/rustwide/rustup-home" "-w" "/opt/rustwide/workdir" "-m" "1610612736" "--user" "0:0" "--network" "none" "rustops/crates-build-env@sha256:a636fd89d022f18117e1dc8fb37a0a009933cdbbe082814857f0e2024962d47c" "/opt/rustwide/cargo-home/bin/cargo" "+beta-2020-07-24" "metadata" "--no-deps" "--format-version=1", kill_on_drop: false }`
[INFO] [stdout] 6fa699643f2754406d118314557babd71495511d4933f67d2efb3dee63ad0eca
[INFO] [stderr] WARNING: Your kernel does not support swap limit capabilities or the cgroup is not mounted. Memory limited without swap.
[INFO] running `Command { std: "docker" "start" "-a" "6fa699643f2754406d118314557babd71495511d4933f67d2efb3dee63ad0eca", kill_on_drop: false }`
[INFO] running `Command { std: "docker" "inspect" "6fa699643f2754406d118314557babd71495511d4933f67d2efb3dee63ad0eca", kill_on_drop: false }`
[INFO] running `Command { std: "docker" "rm" "-f" "6fa699643f2754406d118314557babd71495511d4933f67d2efb3dee63ad0eca", kill_on_drop: false }`
[INFO] [stdout] 6fa699643f2754406d118314557babd71495511d4933f67d2efb3dee63ad0eca
[INFO] running `Command { std: "docker" "create" "-v" "/var/lib/crater-agent-workspace/builds/worker-0/target:/opt/rustwide/target:rw,Z" "-v" "/var/lib/crater-agent-workspace/builds/worker-0/source:/opt/rustwide/workdir:ro,Z" "-v" "/var/lib/crater-agent-workspace/cargo-home:/opt/rustwide/cargo-home:ro,Z" "-v" "/var/lib/crater-agent-workspace/rustup-home:/opt/rustwide/rustup-home:ro,Z" "-e" "SOURCE_DIR=/opt/rustwide/workdir" "-e" "CARGO_TARGET_DIR=/opt/rustwide/target" "-e" "CARGO_INCREMENTAL=0" "-e" "RUST_BACKTRACE=full" "-e" "RUSTFLAGS=--cap-lints=forbid" "-e" "CARGO_HOME=/opt/rustwide/cargo-home" "-e" "RUSTUP_HOME=/opt/rustwide/rustup-home" "-w" "/opt/rustwide/workdir" "-m" "1610612736" "--user" "0:0" "--network" "none" "rustops/crates-build-env@sha256:a636fd89d022f18117e1dc8fb37a0a009933cdbbe082814857f0e2024962d47c" "/opt/rustwide/cargo-home/bin/cargo" "+beta-2020-07-24" "check" "--frozen" "--all" "--all-targets" "--message-format=json", kill_on_drop: false }`
[INFO] [stdout] 4e46c91b6cdb8d56516fd659ebecfbc2821dd71ee0c84ea89f7e815e8b86c900
[INFO] [stderr] WARNING: Your kernel does not support swap limit capabilities or the cgroup is not mounted. Memory limited without swap.
[INFO] running `Command { std: "docker" "start" "-a" "4e46c91b6cdb8d56516fd659ebecfbc2821dd71ee0c84ea89f7e815e8b86c900", kill_on_drop: false }`
[INFO] [stderr]     Blocking waiting for file lock on package cache
[INFO] [stderr]     Blocking waiting for file lock on package cache
[INFO] [stderr]    Compiling libc v0.2.62
[INFO] [stderr]     Checking cfg-if v0.1.10
[INFO] [stderr]    Compiling memchr v2.2.1
[INFO] [stderr]     Checking ppv-lite86 v0.2.5
[INFO] [stderr]     Checking regex-syntax v0.6.11
[INFO] [stderr]     Checking thread_local v0.3.6
[INFO] [stderr]     Checking c2-chacha v0.2.2
[INFO] [stderr]     Checking aho-corasick v0.7.6
[INFO] [stderr]     Checking getrandom v0.1.12
[INFO] [stderr]     Checking rand_core v0.5.1
[INFO] [stderr]     Checking rand_chacha v0.2.1
[INFO] [stderr]     Checking rand v0.7.2
[INFO] [stderr]     Checking regex v1.2.1
[INFO] [stderr]     Checking chess v0.1.0 (/opt/rustwide/workdir)
[INFO] [stdout] error[E0554]: `#![feature]` may not be used on the beta release channel
[INFO] [stdout]  --> src/main.rs:1:1
[INFO] [stdout]   |
[INFO] [stdout] 1 | #![feature(test)]
[INFO] [stdout]   | ^^^^^^^^^^^^^^^^^
[INFO] [stdout] 
[INFO] [stdout] 
[INFO] [stdout] error[E0554]: `#![feature]` may not be used on the beta release channel
[INFO] [stdout]  --> src/main.rs:1:1
[INFO] [stdout]   |
[INFO] [stdout] 1 | #![feature(test)]
[INFO] [stdout]   | ^^^^^^^^^^^^^^^^^
[INFO] [stdout] 
[INFO] [stdout] 
[INFO] [stdout] error[E0554]: `#![feature]` may not be used on the beta release channel
[INFO] [stdout]  --> src/main.rs:2:1
[INFO] [stdout]   |
[INFO] [stdout] 2 | #![feature(const_fn)]
[INFO] [stdout]   | ^^^^^^^^^^^^^^^^^^^^^
[INFO] [stdout] 
[INFO] [stdout] 
[INFO] [stdout] error[E0554]: `#![feature]` may not be used on the beta release channel
[INFO] [stdout]  --> src/main.rs:3:1
[INFO] [stdout]   |
[INFO] [stdout] 3 | #![feature(const_saturating_int_methods)]
[INFO] [stdout]   | ^^^^^^^^^^^^^^^^^^^^^^^^^^^^^^^^^^^^^^^^^
[INFO] [stdout] 
[INFO] [stdout] 
[INFO] [stdout] error[E0554]: `#![feature]` may not be used on the beta release channel
[INFO] [stdout]  --> src/main.rs:2:1
[INFO] [stdout]   |
[INFO] [stdout] 2 | #![feature(const_fn)]
[INFO] [stdout]   | ^^^^^^^^^^^^^^^^^^^^^
[INFO] [stdout] 
[INFO] [stdout] 
[INFO] [stdout] error[E0554]: `#![feature]` may not be used on the beta release channel
[INFO] [stdout]  --> src/main.rs:3:1
[INFO] [stdout]   |
[INFO] [stdout] 3 | #![feature(const_saturating_int_methods)]
[INFO] [stdout]   | ^^^^^^^^^^^^^^^^^^^^^^^^^^^^^^^^^^^^^^^^^
[INFO] [stdout] 
[INFO] [stdout] 
[INFO] [stdout] warning: unnecessary parentheses around block return value
[INFO] [stdout]    --> src/move_gen.rs:411:52
[INFO] [stdout]     |
[INFO] [stdout] 411 |                     if file & king_position != 0 { (file & mask) }
[INFO] [stdout]     |                                                    ^^^^^^^^^^^^^ help: remove these parentheses
[INFO] [stdout]     |
[INFO] [stdout]     = note: `#[warn(unused_parens)]` on by default
[INFO] [stdout] 
[INFO] [stdout] 
[INFO] [stdout] warning: unnecessary parentheses around block return value
[INFO] [stdout]    --> src/move_gen.rs:411:52
[INFO] [stdout]     |
[INFO] [stdout] 411 |                     if file & king_position != 0 { (file & mask) }
[INFO] [stdout]     |                                                    ^^^^^^^^^^^^^ help: remove these parentheses
[INFO] [stdout]     |
[INFO] [stdout]     = note: `#[warn(unused_parens)]` on by default
[INFO] [stdout] 
[INFO] [stdout] 
[INFO] [stdout] warning: unnecessary parentheses around block return value
[INFO] [stdout]    --> src/move_gen.rs:412:57
[INFO] [stdout]     |
[INFO] [stdout] 412 |                     else if rank & king_position != 0 { (rank & mask) }
[INFO] [stdout]     |                                                         ^^^^^^^^^^^^^ help: remove these parentheses
[INFO] [stdout] 
[INFO] [stdout] 
[INFO] [stdout] warning: unnecessary parentheses around block return value
[INFO] [stdout]    --> src/move_gen.rs:412:57
[INFO] [stdout]     |
[INFO] [stdout] 412 |                     else if rank & king_position != 0 { (rank & mask) }
[INFO] [stdout]     |                                                         ^^^^^^^^^^^^^ help: remove these parentheses
[INFO] [stdout] 
[INFO] [stdout] 
[INFO] [stdout] warning: unnecessary parentheses around block return value
[INFO] [stdout]    --> src/move_gen.rs:413:57
[INFO] [stdout]     |
[INFO] [stdout] 413 |                     else if diag & king_position != 0 { (diag & mask) }
[INFO] [stdout]     |                                                         ^^^^^^^^^^^^^ help: remove these parentheses
[INFO] [stdout] 
[INFO] [stdout] 
[INFO] [stdout] warning: unnecessary parentheses around block return value
[INFO] [stdout]    --> src/move_gen.rs:413:57
[INFO] [stdout]     |
[INFO] [stdout] 413 |                     else if diag & king_position != 0 { (diag & mask) }
[INFO] [stdout]     |                                                         ^^^^^^^^^^^^^ help: remove these parentheses
[INFO] [stdout] 
[INFO] [stdout] 
[INFO] [stdout] warning: unnecessary parentheses around block return value
[INFO] [stdout]    --> src/move_gen.rs:414:62
[INFO] [stdout]     |
[INFO] [stdout] 414 |                     else if anti_diag & king_position != 0 { (anti_diag & mask) }
[INFO] [stdout]     |                                                              ^^^^^^^^^^^^^^^^^^ help: remove these parentheses
[INFO] [stdout] 
[INFO] [stdout] 
[INFO] [stdout] warning: unnecessary parentheses around block return value
[INFO] [stdout]    --> src/move_gen.rs:414:62
[INFO] [stdout]     |
[INFO] [stdout] 414 |                     else if anti_diag & king_position != 0 { (anti_diag & mask) }
[INFO] [stdout]     |                                                              ^^^^^^^^^^^^^^^^^^ help: remove these parentheses
[INFO] [stdout] 
[INFO] [stdout] 
[INFO] [stdout] warning: unnecessary parentheses around type
[INFO] [stdout]   --> src/search.rs:21:45
[INFO] [stdout]    |
[INFO] [stdout] 21 |     pub fn divide (&mut self, depth: u8) -> (HashMap<String, u64>) {
[INFO] [stdout]    |                                             ^^^^^^^^^^^^^^^^^^^^^^ help: remove these parentheses
[INFO] [stdout] 
[INFO] [stdout] 
[INFO] [stdout] warning: unnecessary parentheses around type
[INFO] [stdout]   --> src/search.rs:21:45
[INFO] [stdout]    |
[INFO] [stdout] 21 |     pub fn divide (&mut self, depth: u8) -> (HashMap<String, u64>) {
[INFO] [stdout]    |                                             ^^^^^^^^^^^^^^^^^^^^^^ help: remove these parentheses
[INFO] [stdout] 
[INFO] [stdout] 
[INFO] [stdout] error: aborting due to 3 previous errors; 5 warnings emitted
[INFO] [stdout] 
[INFO] [stdout] 
[INFO] [stdout] For more information about this error, try `rustc --explain E0554`.
[INFO] [stdout] 
[INFO] [stderr] error: could not compile `chess`.
[INFO] [stderr] 
[INFO] [stderr] To learn more, run the command again with --verbose.
[INFO] [stderr] warning: build failed, waiting for other jobs to finish...
[INFO] [stdout] error: aborting due to 3 previous errors; 5 warnings emitted
[INFO] [stdout] 
[INFO] [stdout] 
[INFO] [stdout] For more information about this error, try `rustc --explain E0554`.
[INFO] [stdout] 
[INFO] [stderr] error: build failed
[INFO] running `Command { std: "docker" "inspect" "4e46c91b6cdb8d56516fd659ebecfbc2821dd71ee0c84ea89f7e815e8b86c900", kill_on_drop: false }`
[INFO] running `Command { std: "docker" "rm" "-f" "4e46c91b6cdb8d56516fd659ebecfbc2821dd71ee0c84ea89f7e815e8b86c900", kill_on_drop: false }`
[INFO] [stdout] 4e46c91b6cdb8d56516fd659ebecfbc2821dd71ee0c84ea89f7e815e8b86c900
